000
CXUS55 KGJT 010910
CF6CAG
PRELIMINARY LOCAL CLIMATOLOGICAL DATA (WS FORM: F-6)
STATION: CRAIG CO
MONTH: JUNE
YEAR: 2021
LATITUDE: 40 30 N
LONGITUDE: 107 32 W
TEMPERATURE IN F: :PCPN: SNOW: WIND :SUNSHINE: SKY :PK WND
================================================================================
1 2 3 4 5 6A 6B 7 8 9 10 11 12 13 14 15 16 17 18
12Z AVG MX 2MIN
DY MAX MIN AVG DEP HDD CDD WTR SNW DPTH SPD SPD DIR MIN PSBL S-S WX SPD DR
================================================================================
1 78 40 59 2 6 0 0.00 M M 4.9 18 340 M M 2 29 320
2 82 37 60 3 5 0 0.00 M M 2.6 13 300 M M 1 18 20
3 87 39 63 6 2 0 0.00 M M 2.6 15 330 M M 0 8 24 310
4 92 40 66 8 0 1 0.00 M M 3.0 14 290 M M 0 19 220
5 89 45 67 9 0 2 0.02 M M 7.2 29 180 M M 1 3 41 190
6 90 44 67 9 0 2 0.00 M M 7.3 29 210 M M 0 38 200
7 88 47 68 10 0 3 0.00 M M 8.1 26 210 M M 0 35 200
8 85 38 62 3 3 0 0.00 M M 9.8 31 210 M M 0 50 210
9 89 33 61 2 4 0 0.00 M M 6.2 23 230 M M 0 32 230
10 87 42 65 6 0 0 0.00 M M 14.2 37 240 M M 0 51 220
11 83 29 56 -4 9 0 0.00 M M 4.6 20 290 M M 0 31 280
12 91 32 62 2 3 0 0.00 M M 4.0 18 280 M M 0 27 290
13 94 37 66 6 0 1 0.00 M M 2.7 16 220 M M 0 20 250
14 97 37 67 7 0 2 0.00 M M 4.2 18 220 M M 0 26 220
15 97 39 68 7 0 3 0.00 M M 5.3 28 250 M M 0 37 270
16 99 45 72 11 0 7 0.00 M M 5.1 18 250 M M 0 26 260
17 98 44 71 10 0 6 0.00 M M 5.6 23 260 M M 0 30 260
18 94 51 73 11 0 8 0.00 M M 6.9 25 200 M M 0 36 210
19 89 50 70 8 0 5 0.01 M M 6.9 31 290 M M 2 3 44 270
20 93 45 69 7 0 4 0.00 M M 9.1 32 300 M M 0 41 300
21 84 41 63 1 2 0 0.00 M M 4.0 14 230 M M 1 21 280
22 96 41 69 6 0 4 0.00 M M 5.3 22 260 M M 0 8 30 260
23 88 49 69 6 0 4 0.00 M M 7.4 25 230 M M 1 33 220
24 83 48 66 3 0 1 0.16 M M 5.3 28 150 M M 3 13 35 170
25 71 53 62 -2 3 0 0.01 M M 7.5 22 290 M M 9 3 32 280
26 71 47 59 -5 6 0 0.02 M M 6.2 25 360 M M 6 3 36 360
27 75 40 58 -6 7 0 T M M 5.8 25 60 M M 4 3 35 60
28 81 41 61 -3 4 0 0.00 M M 5.8 14 80 M M 1 22 140
29 84 43 64 -1 1 0 0.00 M M 4.8 24 210 M M 1 3 33 210
30 82 56 69 4 0 4 0.02 M M 4.4 23 130 M M 6 29 130
================================================================================
SM 2617 1273 55 57 0.24 M 176.8 M 38
================================================================================
AV 87.2 42.4 5.9 FASTST M M 1 MAX(MPH)
MISC ----> 37 240 51 220
================================================================================
NOTES:
# LAST OF SEVERAL OCCURRENCES
COLUMN 17 PEAK WIND IN M.P.H.
PRELIMINARY LOCAL CLIMATOLOGICAL DATA (WS FORM: F-6) , PAGE 2
STATION: CRAIG CO
MONTH: JUNE
YEAR: 2021
LATITUDE: 40 30 N
LONGITUDE: 107 32 W
[TEMPERATURE DATA] [PRECIPITATION DATA] SYMBOLS USED IN COLUMN 16
AVERAGE MONTHLY: 64.8 TOTAL FOR MONTH: 0.24 1 = FOG OR MIST
DPTR FM NORMAL: 3.9 DPTR FM NORMAL: -0.75 2 = FOG REDUCING VISIBILITY
HIGHEST: 99 ON 16 GRTST 24HR 0.17 ON 24-25 TO 1/4 MILE OR LESS
LOWEST: 29 ON 11 3 = THUNDER
SNOW, ICE PELLETS, HAIL 4 = ICE PELLETS
TOTAL MONTH: M 5 = HAIL
GRTST 24HR M ON M 6 = FREEZING RAIN OR DRIZZLE
GRTST DEPTH: M ON M 7 = DUSTSTORM OR SANDSTORM:
VSBY 1/2 MILE OR LESS
8 = SMOKE OR HAZE
[NO. OF DAYS WITH] [WEATHER - DAYS WITH] 9 = BLOWING SNOW
X = TORNADO
MAX 32 OR BELOW: 0 0.01 INCH OR MORE: 6
MAX 90 OR ABOVE: 11 0.10 INCH OR MORE: 1
MIN 32 OR BELOW: 2 0.50 INCH OR MORE: 0
MIN 0 OR BELOW: 0 1.00 INCH OR MORE: 0
[HDD (BASE 65) ]
TOTAL THIS MO. 55 CLEAR (SCALE 0-3) 26
DPTR FM NORMAL -88 PTCLDY (SCALE 4-7) 3
TOTAL FM JUL 1 8256 CLOUDY (SCALE 8-10) 1
DPTR FM NORMAL 21
[CDD (BASE 65) ]
TOTAL THIS MO. 57
DPTR FM NORMAL 37 [PRESSURE DATA]
TOTAL FM JAN 1 57 HIGHEST SLP M ON M
DPTR FM NORMAL 36 LOWEST SLP 29.64 ON 6
[REMARKS]
#FINAL-06-21#