000
CXUS55 KABQ 011010
CF6CAO
PRELIMINARY LOCAL CLIMATOLOGICAL DATA (WS FORM: F-6)
STATION: CLAYTON NM
MONTH: OCTOBER
YEAR: 2022
LATITUDE: 36 27 N
LONGITUDE: 103 9 W
TEMPERATURE IN F: :PCPN: SNOW: WIND :SUNSHINE: SKY :PK WND
================================================================================
1 2 3 4 5 6A 6B 7 8 9 10 11 12 13 14 15 16 17 18
12Z AVG MX 2MIN
DY MAX MIN AVG DEP HDD CDD WTR SNW DPTH SPD SPD DIR MIN PSBL S-S WX SPD DR
================================================================================
1 81 43 62 1 3 0 0.00 0.0 0 12.4 26 170 M M 0 36 160
2 80 52 66 6 0 1 0.00 0.0 0 11.8 24 180 M M 2 34 190
3 78 51 65 5 0 0 T 0.0 0 12.3 26 200 M M 3 36 170
4 63 52 58 -1 7 0 0.13 0.0 0 6.7 17 260 M M 9 1 23 250
5 64 52 58 -1 7 0 0.25 0.0 0 8.2 16 60 M M 10 22 60
6 67 47 57 -1 8 0 0.00 0.0 0 6.1 15 130 M M 2 21 150
7 50 43 47 -11 18 0 T 0.0 0 7.4 15 50 M M 7 12 18 30
8 54 43 49 -9 16 0 0.01 0.0 0 12.0 21 220 M M 7 1 28 220
9 72 42 57 0 8 0 0.00 0.0 0 7.5 14 270 M M 0 23 260
10 72 47 60 3 5 0 0.00 0.0 0 11.0 21 190 M M 0 27 170
11 80 44 62 6 3 0 0.00 0.0 0 11.6 29 250 M M 0 44 320
12 74 41 58 2 7 0 0.00 0.0 0 9.7 23 50 M M 0 32 40
13 65 35 50 -6 15 0 0.00 0.0 0 6.6 13 260 M M 0 19 190
14 80 44 62 7 3 0 0.00 0.0 0 9.5 21 210 M M 0 27 200
15 76 47 62 7 3 0 0.00 0.0 0 11.5 18 40 M M 0 24 60
16 51 42 47 -7 18 0 0.09 0.0 0 8.1 17 20 M M 7 23 360
17 60 36 48 -6 17 0 0.00 0.0 0 7.7 15 190 M M 2 20 170
18 64 38 51 -3 14 0 0.00 0.0 0 7.6 13 250 M M 0 18 250
19 79 40 60 7 5 0 0.00 0.0 0 8.8 17 330 M M 0 23 330
20 77 46 62 9 3 0 0.00 0.0 0 11.3 21 190 M M 0 28 180
21 81 49 65 12 0 0 0.00 0.0 0 12.3 20 260 M M 0 29 280
22 80 56 68 16 0 3 0.00 0.0 0 18.5 36 240 M M 0 51 240
23 76 51 64 12 1 0 0.00 0.0 0 22.8 46 200 M M 2 3 61 220
24 51 30 41 -11 24 0 T 0.0 0 13.5 28 20 M M 7 36 40
25 65 30 48 -3 17 0 0.00 0.0 0 7.5 13 290 M M 0 15 120
26 65 33 49 -2 16 0 0.00 0.0 0 10.6 26 190 M M 0 34 190
27 62 38 50 -1 15 0 0.03 0.0 0 15.6 28 360 M M 3 39 350
28 59 33 46 -4 19 0 0.00 0.0 0 12.4 26 350 M M 1 37 350
29 63 36 50 0 15 0 0.00 0.0 0 7.8 14 130 M M 0 20 130
30 64 37 51 1 14 0 0.00 0.0 0 7.7 14 10 M M 2 24 350
31 68 38 53 4 12 0 0.00 0.0 0 11.6 21 200 M M 0 33 200
================================================================================
SM 2121 1316 293 4 0.51 0.0 328.1 M 64
================================================================================
AV 68.4 42.5 10.6 FASTST M M 2 MAX(MPH)
MISC ----> 46 200 61 220
================================================================================
NOTES:
# LAST OF SEVERAL OCCURRENCES
COLUMN 17 PEAK WIND IN M.P.H.
PRELIMINARY LOCAL CLIMATOLOGICAL DATA (WS FORM: F-6) , PAGE 2
STATION: CLAYTON NM
MONTH: OCTOBER
YEAR: 2022
LATITUDE: 36 27 N
LONGITUDE: 103 9 W
[TEMPERATURE DATA] [PRECIPITATION DATA] SYMBOLS USED IN COLUMN 16
AVERAGE MONTHLY: 55.4 TOTAL FOR MONTH: 0.51 1 = FOG OR MIST
DPTR FM NORMAL: 0.7 DPTR FM NORMAL: -0.62 2 = FOG REDUCING VISIBILITY
HIGHEST: 81 ON 21, 1 GRTST 24HR 0.36 ON 4- 5 TO 1/4 MILE OR LESS
LOWEST: 30 ON 25,24 3 = THUNDER
SNOW, ICE PELLETS, HAIL 4 = ICE PELLETS
TOTAL MONTH: 0.0 INCH 5 = HAIL
GRTST 24HR 0.0 6 = FREEZING RAIN OR DRIZZLE
GRTST DEPTH: 0 7 = DUSTSTORM OR SANDSTORM:
VSBY 1/2 MILE OR LESS
8 = SMOKE OR HAZE
[NO. OF DAYS WITH] [WEATHER - DAYS WITH] 9 = BLOWING SNOW
X = TORNADO
MAX 32 OR BELOW: 0 0.01 INCH OR MORE: 5
MAX 90 OR ABOVE: 0 0.10 INCH OR MORE: 2
MIN 32 OR BELOW: 2 0.50 INCH OR MORE: 0
MIN 0 OR BELOW: 0 1.00 INCH OR MORE: 0
[HDD (BASE 65) ]
TOTAL THIS MO. 293 CLEAR (SCALE 0-3) 25
DPTR FM NORMAL -38 PTCLDY (SCALE 4-7) 4
TOTAL FM JUL 1 310 CLOUDY (SCALE 8-10) 2
DPTR FM NORMAL -97
[CDD (BASE 65) ]
TOTAL THIS MO. 4
DPTR FM NORMAL -8 [PRESSURE DATA]
TOTAL FM JAN 1 1252 HIGHEST SLP M ON M
DPTR FM NORMAL 285 LOWEST SLP 29.30 ON 23
[REMARKS]
#FINAL-10-22#