000
CXUS51 KCAR 010700
CF6CAR
PRELIMINARY LOCAL CLIMATOLOGICAL DATA (WS FORM: F-6)
STATION: CARIBOU ME
MONTH: FEBRUARY
YEAR: 2024
LATITUDE: 46 52 N
LONGITUDE: 68 1 W
TEMPERATURE IN F: :PCPN: SNOW: WIND :SUNSHINE: SKY :PK WND
================================================================================
1 2 3 4 5 6A 6B 7 8 9 10 11 12 13 14 15 16 17 18
12Z AVG MX 2MIN
DY MAX MIN AVG DEP HDD CDD WTR SNW DPTH SPD SPD DIR MIN PSBL S-S WX SPD DR
================================================================================
1 30 26 28 17 37 0 0.40 5.0 7 6.6 10 160 M M 10 16 14 170
2 29 19 24 13 41 0 0.13 2.1 15 11.1 17 10 M M 10 1 24 20
3 25 9 17 6 48 0 T T 14 8.6 15 360 M M 3 20 360
4 26 6 16 5 49 0 0.00 0.0 13 10.5 17 330 M M 0 24 340
5 29 10 20 8 45 0 T 0.1 12 12.5 20 350 M M 6 28 10
6 35 16 26 14 39 0 0.00 0.0 12 7.0 14 20 M M 2 19 20
7 33 7 20 8 45 0 0.00 0.0 12 0.7 6 110 M M 0 7 100
8 35 7 21 9 44 0 0.00 0.0 11 0.7 5 120 M M 0 18 6 130
9 37 8 23 11 42 0 T T 11 4.1 12 170 M M 2 6 M M
10 38 31 35 22 30 0 0.10 T 11 8.0 14 180 M M 9 126 21 190
11 42 30 36 23 29 0 T T 9 4.9 14 350 M M 9 1 21 350
12 34 17 26 13 39 0 T 0.1 8 5.1 14 350 M M 9 1 23 330
13 29 8 19 5 46 0 0.00 0.0 7 4.9 14 330 M M 0 23 340
14 18 9 14 0 51 0 0.01 0.2 7 11.8 21 300 M M 7 1 31 310
15 26 9 18 4 47 0 T T 7 9.3 18 310 M M 3 29 310
16 23 6 15 1 50 0 0.00 0.0 7 7.7 16 310 M M 3 27 320
17 24 4 14 -1 51 0 T 0.1 7 4.7 16 260 M M 5 8 26 280
18 21 1 11 -4 54 0 T T 7 7.0 15 240 M M 3 18 21 240
19 20 5 13 -2 52 0 0.01 0.3 7 8.4 22 240 M M 5 1 37 260
20 16 -3 7 -9 58 0 T T 7 5.2 13 310 M M 0 21 300
21 27 -10 9 -7 56 0 0.00 0.0 7 6.6 16 160 M M 0 1 23 180
22 31 18 25 9 40 0 0.00 0.0 7 9.6 17 160 M M 5 23 160
23 35 28 32 15 33 0 T 0.0 7 7.1 12 180 M M 10 1 18 190
24 32 3 18 1 47 0 T T 7 13.5 22 330 M M 4 1 33 330
25 25 -3 11 -7 54 0 T T 7 6.2 14 180 M M 1 23 200
26 39 18 29 11 36 0 T 0.2 7 6.9 14 250 M M 5 18 26 270
27 49 16 33 15 32 0 0.00 0.0 7 9.7 20 180 M M 2 1 30 200
28 47 38 43 24 22 0 0.45 0.0 5 15.1 25 160 M M 10 1 38 160
29 48 4 26 7 39 0 0.19 0.6 2 14.2 25 240 M M 8 189 39 250
================================================================================
SM 903 337 1256 0 1.29 8.7 227.7 M 131
================================================================================
AV 31.1 11.6 7.9 FASTST M M 5 MAX(MPH)
MISC ----> # 25 160 39 250
================================================================================
NOTES:
# LAST OF SEVERAL OCCURRENCES
COLUMN 17 PEAK WIND IN M.P.H.
PRELIMINARY LOCAL CLIMATOLOGICAL DATA (WS FORM: F-6) , PAGE 2
STATION: CARIBOU ME
MONTH: FEBRUARY
YEAR: 2024
LATITUDE: 46 52 N
LONGITUDE: 68 1 W
[TEMPERATURE DATA] [PRECIPITATION DATA] SYMBOLS USED IN COLUMN 16
AVERAGE MONTHLY: 21.4 TOTAL FOR MONTH: 1.29 1 = FOG OR MIST
DPTR FM NORMAL: 7.2 DPTR FM NORMAL: -1.13 2 = FOG REDUCING VISIBILITY
HIGHEST: 49 ON 27 GRTST 24HR 0.63 ON 28-29 TO 1/4 MILE OR LESS
LOWEST: -10 ON 21 3 = THUNDER
SNOW, ICE PELLETS, HAIL 4 = ICE PELLETS
TOTAL MONTH: 8.7 INCHES 5 = HAIL
GRTST 24HR 5.0 ON 1- 1 6 = FREEZING RAIN OR DRIZZLE
GRTST DEPTH: 15 ON 2 7 = DUSTSTORM OR SANDSTORM:
VSBY 1/2 MILE OR LESS
8 = SMOKE OR HAZE
[NO. OF DAYS WITH] [WEATHER - DAYS WITH] 9 = BLOWING SNOW
X = TORNADO
MAX 32 OR BELOW: 17 0.01 INCH OR MORE: 7
MAX 90 OR ABOVE: 0 0.10 INCH OR MORE: 5
MIN 32 OR BELOW: 28 0.50 INCH OR MORE: 0
MIN 0 OR BELOW: 3 1.00 INCH OR MORE: 0
[HDD (BASE 65) ]
TOTAL THIS MO. 1256 CLEAR (SCALE 0-3) 12
DPTR FM NORMAL -165 PTCLDY (SCALE 4-7) 9
TOTAL FM JUL 1 5593 CLOUDY (SCALE 8-10) 8
DPTR FM NORMAL -961
[CDD (BASE 65) ]
TOTAL THIS MO. 0
DPTR FM NORMAL 0 [PRESSURE DATA]
TOTAL FM JAN 1 0 HIGHEST SLP 30.59 ON 21
DPTR FM NORMAL 0 LOWEST SLP 29.18 ON 28
[REMARKS]
#FINAL-02-24#