000
CXUS55 KBOU 011000
CF6CCU
PRELIMINARY LOCAL CLIMATOLOGICAL DATA (WS FORM: F-6)
STATION: COPPER MTN/RED CLIFF
MONTH: DECEMBER
YEAR: 2021
LATITUDE: 39 28 N
LONGITUDE: 106 9 W
TEMPERATURE IN F: :PCPN: SNOW: WIND :SUNSHINE: SKY :PK WND
================================================================================
1 2 3 4 5 6A 6B 7 8 9 10 11 12 13 14 15 16 17 18
12Z AVG MX 2MIN
DY MAX MIN AVG DEP HDD CDD WTR SNW DPTH SPD SPD DIR MIN PSBL S-S WX SPD DR
================================================================================
1 43 30 37 M 28 0 M M M 8.2 15 290 M M 0 20 260
2 46 36 41 M 24 0 M M M 4.7 15 280 M M 0 21 300
3 43 34 39 M 26 0 M M M 4.3 12 180 M M 0 M M
4 39 30 35 M 30 0 M M M 10.8 23 260 M M 0 32 260
5 34 23 29 M 36 0 M M M 19.7 47 280 M M 0 8 63 280
6 28 19 24 M 41 0 M M M 10.5 26 260 M M 5 33 260
7 23 19 21 M 44 0 M M M 13.7 25 280 M M 8 8 32 280
8 32 19 26 M 39 0 M M M 12.3 23 250 M M 5 43 250
9 28 23 26 M 39 0 M M M 15.6 23 270 M M 10 36 260
10 27 0 14 M 51 0 M M M 17.5 26 290 M M 10 40 290
11 27 0 14 M 51 0 M M M 10.2 21 260 M M 3 29 310
12 34 27 31 M 34 0 M M M 20.2 43 240 M M 2 8 62 240
13 36 32 34 M 31 0 M M M 14.5 22 180 M M 0 8 32 210
14 37 32 35 M 30 0 M M M 21.4 33 170 M M 1 8 45 170
15 32 9 21 M 44 0 M M M 21.2 41 280 M M 10 53 270
16 27 7 17 M 48 0 M M M 14.6 30 230 M M 5 8 40 220
17 14 5 10 M 55 0 M M M 13.6 21 280 M M 10 8 28 280
18 19 1 10 M 55 0 M M M 9.7 18 280 M M 1 22 250
19 30 16 23 M 42 0 M M M 8.2 16 260 M M 0 22 260
20 32 18 25 M 40 0 M M M 8.6 16 280 M M 0 20 0
21 30 19 25 M 40 0 M M M 10.6 22 260 M M 0 28 260
22 34 19 27 M 38 0 M M M 14.7 29 260 M M 2 8 38 260
23 32 28 30 M 35 0 M M M 15.5 28 240 M M 10 46 240
24 32 19 26 M 39 0 M M M 17.0 29 230 M M 10 45 220
25 23 19 21 M 44 0 M M M 21.2 37 250 M M 6 8 54 240
26 23 12 18 M 47 0 M M M 20.9 40 250 M M 9 55 240
27 19 12 16 M 49 0 M M M 17.7 35 240 M M 10 8 46 240
28 14 9 12 M 53 0 M M M 17.3 36 260 M M 10 8 47 260
29 14 10 12 M 53 0 M M M 13.3 27 250 M M 10 8 38 250
30 19 12 16 M 49 0 M M M 25.2 41 250 M M 10 53 250
31 19 10 15 M 50 0 M M M 14.7 23 250 M M 10 43 240
================================================================================
SM 890 549 1285 0 M M 447.7 M 157
================================================================================
AV 28.7 17.7 14.4 FASTST M M 5 MAX(MPH)
MISC ----> 47 280 63 280
================================================================================
NOTES:
# LAST OF SEVERAL OCCURRENCES
COLUMN 17 PEAK WIND IN M.P.H.
PRELIMINARY LOCAL CLIMATOLOGICAL DATA (WS FORM: F-6) , PAGE 2
STATION: COPPER MTN/RED CLIFF
MONTH: DECEMBER
YEAR: 2021
LATITUDE: 39 28 N
LONGITUDE: 106 9 W
[TEMPERATURE DATA] [PRECIPITATION DATA] SYMBOLS USED IN COLUMN 16
AVERAGE MONTHLY: 23.2 TOTAL FOR MONTH: M 1 = FOG OR MIST
DPTR FM NORMAL: 0.0 DPTR FM NORMAL: M 2 = FOG REDUCING VISIBILITY
HIGHEST: 46 ON 2 GRTST 24HR M ON M TO 1/4 MILE OR LESS
LOWEST: 0 ON 10,11 3 = THUNDER
SNOW, ICE PELLETS, HAIL 4 = ICE PELLETS
TOTAL MONTH: M 5 = HAIL
GRTST 24HR M ON M 6 = FREEZING RAIN OR DRIZZLE
GRTST DEPTH: M ON M 7 = DUSTSTORM OR SANDSTORM:
VSBY 1/2 MILE OR LESS
8 = SMOKE OR HAZE
[NO. OF DAYS WITH] [WEATHER - DAYS WITH] 9 = BLOWING SNOW
X = TORNADO
MAX 32 OR BELOW: 22 0.01 INCH OR MORE: 0
MAX 90 OR ABOVE: 0 0.10 INCH OR MORE: 0
MIN 32 OR BELOW: 29 0.50 INCH OR MORE: 0
MIN 0 OR BELOW: 2 1.00 INCH OR MORE: 0
[HDD (BASE 65) ]
TOTAL THIS MO. 1285 CLEAR (SCALE 0-3) 14
DPTR FM NORMAL M PTCLDY (SCALE 4-7) 4
TOTAL FM JUL 1 3892 CLOUDY (SCALE 8-10) 13
DPTR FM NORMAL M
[CDD (BASE 65) ]
TOTAL THIS MO. 0
DPTR FM NORMAL M [PRESSURE DATA]
TOTAL FM JAN 1 6 HIGHEST SLP M ON M
DPTR FM NORMAL M LOWEST SLP M ON M
[REMARKS]
#FINAL-12-21#