000
CXAK56 PAFC 011033
CF6CDB
PRELIMINARY LOCAL CLIMATOLOGICAL DATA (WS FORM: F-6)
STATION: COLD BAY
MONTH: JANUARY
YEAR: 2023
LATITUDE: 55 13 N
LONGITUDE: 162 44 W
TEMPERATURE IN F: :PCPN: SNOW: WIND :SUNSHINE: SKY :PK WND
================================================================================
1 2 3 4 5 6A 6B 7 8 9 10 11 12 13 14 15 16 17 18
12Z AVG MX 2MIN
DY MAX MIN AVG DEP HDD CDD WTR SNW DPTH SPD SPD DIR MIN PSBL S-S WX SPD DR
================================================================================
1 31 28 30 2 35 0 0.03 M M 14.9 24 300 M M 9 18 29 300
2 26 25 26 -2 39 0 0.08 M M 15.3 26 320 M M 10 1 31 310
3 25 11 18 -10 47 0 0.09 M M 8.4 16 240 M M 6 18 18 240
4 24 4 14 -14 51 0 0.00 M M 5.7 13 250 M M 5 15 260
5 19 3 11 -17 54 0 0.00 M M 1.8 9 200 M M 1 10 200
6 20 2 11 -17 54 0 0.00 M M 4.6 15 150 M M 1 16 150
7 25 18 22 -6 43 0 T M M 17.0 25 140 M M 3 32 140
8 21 6 14 -14 51 0 0.00 M M 11.3 29 10 M M 0 8 36 10
9 21 16 19 -9 46 0 T M M 9.8 22 360 M M 8 18 27 360
10 36 17 27 -1 38 0 T M M 5.5 10 340 M M 10 128 12 270
11 36 6 21 -7 44 0 0.08 M M 8.1 17 290 M M 7 8 21 290
12 36 4 20 -8 45 0 0.02 M M 13.6 28 130 M M 7 18 35 120
13 37 27 32 4 33 0 0.01 M M 13.3 23 140 M M 8 29 150
14 37 19 28 0 37 0 0.00 M M 3.7 14 150 M M 3 18 16 140
15 36 21 29 1 36 0 T M M 4.8 12 40 M M 10 18 13 40
16 34 17 26 -2 39 0 0.01 M M 5.7 20 280 M M 8 18 24 300
17 34 18 26 -2 39 0 0.06 M M 16.6 33 290 M M 8 18 41 290
18 32 15 24 -4 41 0 0.00 M M 9.5 20 20 M M 7 30 20
19 32 26 29 1 36 0 0.02 M M 12.7 20 340 M M 9 16 22 340
20 27 21 24 -4 41 0 0.01 M M 15.7 26 300 M M 9 1 31 300
21 36 16 26 -2 39 0 T M M 18.5 38 80 M M 3 49 70
22 41 34 38 10 27 0 0.08 M M 23.2 41 90 M M 10 1 53 90
23 44 37 41 12 24 0 0.04 M M 16.3 29 150 M M 9 1 35 140
24 40 38 39 10 26 0 0.24 M M 17.4 28 140 M M 10 1 35 140
25 38 27 33 4 32 0 0.03 M M 8.8 20 320 M M 10 16 25 320
26 40 25 33 4 32 0 0.02 M M 23.5 39 150 M M 6 1 49 150
27 42 38 40 11 25 0 0.32 M M 16.8 36 140 M M 10 1 44 140
28 44 39 42 13 23 0 0.01 M M 21.2 35 140 M M 9 1 44 130
29 44 35 40 11 25 0 1.18 M M 21.3 36 150 M M 10 1 43 150
30 40 23 32 3 33 0 0.08 M M 11.6 25 300 M M 5 1 29 300
31 39 22 31 1 34 0 0.01 M M 9.7 22 320 M M 3 1 27 320
================================================================================
SM 1037 638 1169 0 2.42 M 386.3 M 214
================================================================================
AV 33.5 20.6 12.5 FASTST M M 7 MAX(MPH)
MISC ----> 41 90 53 90
================================================================================
NOTES:
# LAST OF SEVERAL OCCURRENCES
COLUMN 17 PEAK WIND IN M.P.H.
PRELIMINARY LOCAL CLIMATOLOGICAL DATA (WS FORM: F-6) , PAGE 2
STATION: COLD BAY
MONTH: JANUARY
YEAR: 2023
LATITUDE: 55 13 N
LONGITUDE: 162 44 W
[TEMPERATURE DATA] [PRECIPITATION DATA] SYMBOLS USED IN COLUMN 16
AVERAGE MONTHLY: 27.0 TOTAL FOR MONTH: 2.42 1 = FOG OR MIST
DPTR FM NORMAL: -1.4 DPTR FM NORMAL: -0.96 2 = FOG REDUCING VISIBILITY
HIGHEST: 44 ON 29,28 GRTST 24HR 1.18 ON 29-29 TO 1/4 MILE OR LESS
LOWEST: 2 ON 6 3 = THUNDER
SNOW, ICE PELLETS, HAIL 4 = ICE PELLETS
TOTAL MONTH: M 5 = HAIL
GRTST 24HR M ON M 6 = FREEZING RAIN OR DRIZZLE
GRTST DEPTH: M ON M 7 = DUSTSTORM OR SANDSTORM:
VSBY 1/2 MILE OR LESS
8 = SMOKE OR HAZE
[NO. OF DAYS WITH] [WEATHER - DAYS WITH] 9 = BLOWING SNOW
X = TORNADO
MAX 32 OR BELOW: 12 0.01 INCH OR MORE: 20
MAX 90 OR ABOVE: 0 0.10 INCH OR MORE: 3
MIN 32 OR BELOW: 25 0.50 INCH OR MORE: 1
MIN 0 OR BELOW: 0 1.00 INCH OR MORE: 1
[HDD (BASE 65) ]
TOTAL THIS MO. 1169 CLEAR (SCALE 0-3) 5
DPTR FM NORMAL 36 PTCLDY (SCALE 4-7) 12
TOTAL FM JUL 1 4810 CLOUDY (SCALE 8-10) 14
DPTR FM NORMAL -312
[CDD (BASE 65) ]
TOTAL THIS MO. 0
DPTR FM NORMAL 0 [PRESSURE DATA]
TOTAL FM JAN 1 0 HIGHEST SLP M ON M
DPTR FM NORMAL 0 LOWEST SLP 28.57 ON 1
[REMARKS]
#FINAL-01-23#