000
CXAK56 PAFC 060203
CF6CDB
PRELIMINARY LOCAL CLIMATOLOGICAL DATA (WS FORM: F-6)
STATION: COLD BAY
MONTH: APRIL
YEAR: 2020
LATITUDE: 55 13 N
LONGITUDE: 162 44 W
TEMPERATURE IN F: :PCPN: SNOW: WIND :SUNSHINE: SKY :PK WND
================================================================================
1 2 3 4 5 6A 6B 7 8 9 10 11 12 13 14 15 16 17 18
12Z AVG MX 2MIN
DY MAX MIN AVG DEP HDD CDD WTR SNW DPTH SPD SPD DIR MIN PSBL S-S WX SPD DR
================================================================================
1 37 31 34 3 31 0 0.01 M M 10.6 18 340 M M 10 18 22 330
2 37 30 34 3 31 0 0.01 M M 10.5 18 340 M M 5 1 23 350
3 50 34 42 10 23 0 0.00 M M 15.8 28 150 M M 7 41 160
4 57 36 47 15 18 0 T M M 24.7 47 130 M M 5 1 59 130
5 40 25 33 1 32 0 0.02 M M 14.6 33 300 M M 9 1 38 300
6 42 22 32 0 33 0 0.05 M M 13.5 25 290 M M 7 1 34 130
7 30 25 28 -4 37 0 0.02 M M 26.0 39 280 M M 9 18 46 280
8 43 18 31 -1 34 0 0.00 M M 8.4 17 140 M M 5 21 130
9 43 30 37 4 28 0 T M M 18.3 32 160 M M 5 39 160
10 43 32 38 5 27 0 0.02 M M 16.8 29 130 M M 5 8 36 140
11 45 35 40 7 25 0 0.01 M M 18.1 29 150 M M 10 36 150
12 47 37 42 9 23 0 0.06 M M 11.0 21 160 M M 9 26 150
13 47 33 40 7 25 0 0.03 M M 13.6 32 140 M M 9 12 38 150
14 46 37 42 8 23 0 0.16 M M 18.0 31 150 M M 8 1 38 140
15 47 37 42 8 23 0 T M M 21.5 37 160 M M 8 1 42 160
16 44 38 41 7 24 0 0.08 M M 28.6 41 150 M M 10 1 50 150
17 46 41 44 10 21 0 0.84 M M 28.0 44 140 M M 10 1 52 140
18 48 38 43 9 22 0 T M M 22.4 32 140 M M 6 1 38 140
19 49 36 43 8 22 0 0.00 M M 11.7 21 160 M M 9 1 25 150
20 51 33 42 7 23 0 0.00 M M 9.3 23 90 M M 8 29 90
21 49 39 44 9 21 0 0.03 M M 7.3 16 140 M M 10 18 130
22 51 36 44 9 21 0 T M M 10.9 20 160 M M 7 8 27 170
23 42 34 38 2 27 0 0.16 M M 10.3 15 310 M M 10 1 18 250
24 46 37 42 6 23 0 0.07 M M 6.6 13 260 M M 10 15 250
25 48 34 41 5 24 0 0.00 M M 8.2 15 350 M M 7 19 350
26 48 33 41 5 24 0 0.00 M M 8.6 14 310 M M 8 1 21 300
27 46 33 40 4 25 0 0.00 M M 12.7 21 330 M M 8 25 310
28 38 31 35 -2 30 0 T M M 12.5 21 330 M M 10 1 25 320
29 43 30 37 0 28 0 0.00 M M 8.1 14 320 M M 6 20 290
30 42 22 32 -5 33 0 0.00 0.0 0 5.2 14 350 M M 8 18 20
================================================================================
SM 1345 977 781 0 1.57 0.0 431.8 M 238
================================================================================
AV 44.8 32.6 14.4 FASTST M M 8 MAX(MPH)
MISC ----> 47 130 59 130
================================================================================
NOTES:
# LAST OF SEVERAL OCCURRENCES
COLUMN 17 PEAK WIND IN M.P.H.
PRELIMINARY LOCAL CLIMATOLOGICAL DATA (WS FORM: F-6) , PAGE 2
STATION: COLD BAY
MONTH: APRIL
YEAR: 2020
LATITUDE: 55 13 N
LONGITUDE: 162 44 W
[TEMPERATURE DATA] [PRECIPITATION DATA] SYMBOLS USED IN COLUMN 16
AVERAGE MONTHLY: 38.7 TOTAL FOR MONTH: 1.57 1 = FOG OR MIST
DPTR FM NORMAL: 4.7 DPTR FM NORMAL: -0.85 2 = FOG REDUCING VISIBILITY
HIGHEST: 57 ON 4 GRTST 24HR 0.85 ON 16-17 TO 1/4 MILE OR LESS
LOWEST: 18 ON 8 3 = THUNDER
SNOW, ICE PELLETS, HAIL 4 = ICE PELLETS
TOTAL MONTH: 0.0 INCH 5 = HAIL
GRTST 24HR 0.0 6 = FREEZING RAIN OR DRIZZLE
GRTST DEPTH: 0 7 = DUSTSTORM OR SANDSTORM:
VSBY 1/2 MILE OR LESS
8 = SMOKE OR HAZE
[NO. OF DAYS WITH] [WEATHER - DAYS WITH] 9 = BLOWING SNOW
X = TORNADO
MAX 32 OR BELOW: 1 0.01 INCH OR MORE: 15
MAX 90 OR ABOVE: 0 0.10 INCH OR MORE: 3
MIN 32 OR BELOW: 11 0.50 INCH OR MORE: 1
MIN 0 OR BELOW: 0 1.00 INCH OR MORE: 0
[HDD (BASE 65) ]
TOTAL THIS MO. 781 CLEAR (SCALE 0-3) 0
DPTR FM NORMAL -149 PTCLDY (SCALE 4-7) 16
TOTAL FM JUL 1 7263 CLOUDY (SCALE 8-10) 14
DPTR FM NORMAL -967
[CDD (BASE 65) ]
TOTAL THIS MO. 0
DPTR FM NORMAL 0 [PRESSURE DATA]
TOTAL FM JAN 1 0 HIGHEST SLP M ON M
DPTR FM NORMAL 0 LOWEST SLP 29.47 ON 26
[REMARKS]
#FINAL-04-20#