000
CXUS56 KSLC 010810
CF6CDC
PRELIMINARY LOCAL CLIMATOLOGICAL DATA (WS FORM: F-6)
STATION: CEDAR CITY UT
MONTH: MARCH
YEAR: 2023
LATITUDE: 37 42 N
LONGITUDE: 113 6 W
TEMPERATURE IN F: :PCPN: SNOW: WIND :SUNSHINE: SKY :PK WND
================================================================================
1 2 3 4 5 6A 6B 7 8 9 10 11 12 13 14 15 16 17 18
12Z AVG MX 2MIN
DY MAX MIN AVG DEP HDD CDD WTR SNW DPTH SPD SPD DIR MIN PSBL S-S WX SPD DR
================================================================================
1 34 29 32 -6 33 0 0.02 M M 10.6 32 210 M M 8 1 41 210
2 36 23 30 -8 35 0 T M M 10.8 22 10 M M 5 8 33 10
3 46 19 33 -5 32 0 0.00 M M 4.9 14 320 M M 2 19 310
4 43 28 36 -3 29 0 0.00 M M 17.6 38 200 M M 2 54 210
5 46 33 40 1 25 0 0.00 M M 21.8 33 210 M M 0 45 200
6 43 26 35 -4 30 0 0.00 M M 11.9 26 210 M M 5 34 200
7 46 25 36 -4 29 0 0.00 M M 4.2 15 230 M M 4 18 230
8 45 26 36 -4 29 0 0.00 M M 12.9 32 210 M M 0 43 220
9 53 24 39 -1 26 0 0.00 M M 12.2 41 190 M M 1 57 190
10 53 42 48 8 17 0 0.04 M M 24.2 40 200 M M 6 56 210
11 47 37 42 1 23 0 0.46 M M 8.3 23 210 M M 9 1 32 220
12 53 34 44 3 21 0 0.02 M M 6.6 21 240 M M 5 26 240
13 52 34 43 2 22 0 0.02 M M 6.0 14 220 M M 4 18 290
14 52 34 43 2 22 0 0.01 M M 16.7 32 200 M M 5 46 190
15 47 32 40 -2 25 0 0.51 M M 13.1 29 210 M M 9 1 37 210
16 40 26 33 -9 32 0 0.00 M M 10.6 17 360 M M 7 25 20
17 45 25 35 -7 30 0 0.00 M M 6.2 17 10 M M 4 23 360
18 50 21 36 -6 29 0 0.00 M M 4.4 18 110 M M 0 23 120
19 47 28 38 -4 27 0 T M M 12.8 29 220 M M 6 37 220
20 43 32 38 -5 27 0 0.20 M M 10.5 23 220 M M 8 1 28 220
21 44 32 38 -5 27 0 0.11 M M 15.5 45 200 M M 7 13 57 200
22 43 30 37 -6 28 0 0.13 M M 19.4 43 200 M M 5 13 58 200
23 45 29 37 -6 28 0 0.01 M M 7.3 20 210 M M 5 1 26 190
24 43 27 35 -8 30 0 0.03 M M 9.1 24 290 M M 6 1 32 290
25 39 19 29 -15 36 0 0.00 M M 5.1 13 290 M M 1 24 250
26 39 18 29 -15 36 0 T M M 7.1 26 310 M M 5 1 34 310
27 42 12 27 -17 38 0 0.00 M M 6.0 17 120 M M 0 22 20
28 54 22 38 -6 27 0 0.00 M M 12.0 35 200 M M 1 44 200
29 57 34 46 2 19 0 0.27 M M 23.7 40 180 M M 4 1 62 180
30 41 29 35 -9 30 0 0.01 M M 10.4 23 200 M M 4 1 29 210
31 48 26 37 -7 28 0 0.00 M M 8.9 21 220 M M 2 32 210
================================================================================
SM 1416 856 870 0 1.84 M 350.8 M 130
================================================================================
AV 45.7 27.6 11.3 FASTST M M 4 MAX(MPH)
MISC ----> 45 200 62 180
================================================================================
NOTES:
# LAST OF SEVERAL OCCURRENCES
COLUMN 17 PEAK WIND IN M.P.H.
PRELIMINARY LOCAL CLIMATOLOGICAL DATA (WS FORM: F-6) , PAGE 2
STATION: CEDAR CITY UT
MONTH: MARCH
YEAR: 2023
LATITUDE: 37 42 N
LONGITUDE: 113 6 W
[TEMPERATURE DATA] [PRECIPITATION DATA] SYMBOLS USED IN COLUMN 16
AVERAGE MONTHLY: 36.6 TOTAL FOR MONTH: 1.84 1 = FOG OR MIST
DPTR FM NORMAL: -4.9 DPTR FM NORMAL: 0.61 2 = FOG REDUCING VISIBILITY
HIGHEST: 57 ON 29 GRTST 24HR 0.51 ON 15-15 TO 1/4 MILE OR LESS
LOWEST: 12 ON 27 3 = THUNDER
SNOW, ICE PELLETS, HAIL 4 = ICE PELLETS
TOTAL MONTH: M 5 = HAIL
GRTST 24HR M ON M 6 = FREEZING RAIN OR DRIZZLE
GRTST DEPTH: M ON M 7 = DUSTSTORM OR SANDSTORM:
VSBY 1/2 MILE OR LESS
8 = SMOKE OR HAZE
[NO. OF DAYS WITH] [WEATHER - DAYS WITH] 9 = BLOWING SNOW
X = TORNADO
MAX 32 OR BELOW: 0 0.01 INCH OR MORE: 14
MAX 90 OR ABOVE: 0 0.10 INCH OR MORE: 6
MIN 32 OR BELOW: 24 0.50 INCH OR MORE: 1
MIN 0 OR BELOW: 0 1.00 INCH OR MORE: 0
[HDD (BASE 65) ]
TOTAL THIS MO. 870 CLEAR (SCALE 0-3) 10
DPTR FM NORMAL 141 PTCLDY (SCALE 4-7) 17
TOTAL FM JUL 1 5449 CLOUDY (SCALE 8-10) 4
DPTR FM NORMAL 320
[CDD (BASE 65) ]
TOTAL THIS MO. 0
DPTR FM NORMAL 0 [PRESSURE DATA]
TOTAL FM JAN 1 0 HIGHEST SLP M ON M
DPTR FM NORMAL 0 LOWEST SLP 29.49 ON 1
[REMARKS]
#FINAL-03-23#