000
CXUS56 KSLC 010723
CF6CDC
PRELIMINARY LOCAL CLIMATOLOGICAL DATA (WS FORM: F-6)
STATION: CEDAR CITY UT
MONTH: NOVEMBER
YEAR: 2022
LATITUDE: 37 42 N
LONGITUDE: 113 6 W
TEMPERATURE IN F: :PCPN: SNOW: WIND :SUNSHINE: SKY :PK WND
================================================================================
1 2 3 4 5 6A 6B 7 8 9 10 11 12 13 14 15 16 17 18
12Z AVG MX 2MIN
DY MAX MIN AVG DEP HDD CDD WTR SNW DPTH SPD SPD DIR MIN PSBL S-S WX SPD DR
================================================================================
1 63 40 52 8 13 0 M M M 17.9 36 200 M M 0 8 50 190
2 54 31 43 -1 22 0 0.14 M M 18.4 35 210 M M 6 1 51 220
3 32 21 27 -17 38 0 0.16 M M 7.5 23 360 M M 9 12 31 360
4 39 15 27 -16 38 0 0.00 M M 3.5 10 140 M M 0 12 150
5 59 28 44 1 21 0 0.00 M M 7.9 18 210 M M 2 25 210
6 56 31 44 2 21 0 0.00 M M 11.3 39 200 M M 3 50 180
7 60 49 55 13 10 0 0.00 M M 24.2 40 210 M M 1 59 210
8 56 43 50 8 15 0 0.29 M M 21.9 51 190 M M 8 1 73 190
9 48 28 38 -3 27 0 0.45 M M 11.9 40 210 M M 7 123 57 190
10 40 21 31 -10 34 0 0.00 M M 6.9 14 40 M M 1 20 30
11 39 16 28 -12 37 0 0.00 M M 3.8 12 30 M M 0 16 20
12 48 19 34 -6 31 0 0.00 M M 6.1 25 220 M M 0 35 220
13 31 21 26 -14 39 0 0.02 M M 5.4 15 350 M M 6 1 20 350
14 36 16 26 -13 39 0 0.00 M M 6.9 16 360 M M 0 22 340
15 37 17 27 -12 38 0 0.00 M M 7.9 22 360 M M 1 30 10
16 40 15 28 -10 37 0 0.00 M M 4.7 15 360 M M 0 22 360
17 45 16 31 -7 34 0 0.00 M M 1.5 8 140 M M 0 10 140
18 37 20 29 -8 36 0 0.00 M M 7.9 23 350 M M 1 29 360
19 37 14 26 -11 39 0 0.00 M M 2.6 10 360 M M 1 13 350
20 44 11 28 -9 37 0 0.00 M M 1.6 6 110 M M 0 9 50
21 48 15 32 -4 33 0 0.00 M M 1.6 6 130 M M 0 8 110
22 49 17 33 -3 32 0 0.00 M M 1.9 7 90 M M 0 10 130
23 50 19 35 0 30 0 0.00 M M 7.4 21 20 M M 0 30 40
24 43 19 31 -4 34 0 0.00 M M 7.4 18 350 M M 0 24 10
25 48 15 32 -2 33 0 0.00 M M 2.4 8 160 M M 0 10 140
26 50 18 34 0 31 0 0.00 M M 4.1 15 350 M M 2 20 350
27 48 16 32 -2 33 0 0.00 M M 5.5 18 220 M M 0 23 210
28 48 30 39 6 26 0 0.00 M M 16.5 33 220 M M 1 45 220
29 36 16 26 -7 39 0 0.00 M M 4.3 18 50 M M 1 26 40
30 50 15 33 1 32 0 0.00 M M 10.0 30 220 M M 0 42 230
================================================================================
SM 1371 652 929 0 1.06 M 240.9 M 50
================================================================================
AV 45.7 21.7 8.0 FASTST M M 2 MAX(MPH)
MISC ----> 51 190 73 190
================================================================================
NOTES:
# LAST OF SEVERAL OCCURRENCES
COLUMN 17 PEAK WIND IN M.P.H.
PRELIMINARY LOCAL CLIMATOLOGICAL DATA (WS FORM: F-6) , PAGE 2
STATION: CEDAR CITY UT
MONTH: NOVEMBER
YEAR: 2022
LATITUDE: 37 42 N
LONGITUDE: 113 6 W
[TEMPERATURE DATA] [PRECIPITATION DATA] SYMBOLS USED IN COLUMN 16
AVERAGE MONTHLY: 33.7 TOTAL FOR MONTH: 1.06 1 = FOG OR MIST
DPTR FM NORMAL: -4.8 DPTR FM NORMAL: 0.22 2 = FOG REDUCING VISIBILITY
HIGHEST: 63 ON 1 GRTST 24HR 0.45 ON 9- 9 TO 1/4 MILE OR LESS
LOWEST: 11 ON 20 3 = THUNDER
SNOW, ICE PELLETS, HAIL 4 = ICE PELLETS
TOTAL MONTH: M 5 = HAIL
GRTST 24HR M ON M 6 = FREEZING RAIN OR DRIZZLE
GRTST DEPTH: M ON M 7 = DUSTSTORM OR SANDSTORM:
VSBY 1/2 MILE OR LESS
8 = SMOKE OR HAZE
[NO. OF DAYS WITH] [WEATHER - DAYS WITH] 9 = BLOWING SNOW
X = TORNADO
MAX 32 OR BELOW: 2 0.01 INCH OR MORE: 5
MAX 90 OR ABOVE: 0 0.10 INCH OR MORE: 4
MIN 32 OR BELOW: 27 0.50 INCH OR MORE: 0
MIN 0 OR BELOW: 0 1.00 INCH OR MORE: 0
[HDD (BASE 65) ]
TOTAL THIS MO. 929 CLEAR (SCALE 0-3) 24
DPTR FM NORMAL 134 PTCLDY (SCALE 4-7) 4
TOTAL FM JUL 1 1380 CLOUDY (SCALE 8-10) 2
DPTR FM NORMAL 23
[CDD (BASE 65) ]
TOTAL THIS MO. 0
DPTR FM NORMAL 0 [PRESSURE DATA]
TOTAL FM JAN 1 904 HIGHEST SLP M ON M
DPTR FM NORMAL 225 LOWEST SLP 29.43 ON 9
[REMARKS]
#FINAL-11-22#