000
CXUS56 KSLC 010830
CF6CDC
PRELIMINARY LOCAL CLIMATOLOGICAL DATA (WS FORM: F-6)
STATION: CEDAR CITY UT
MONTH: DECEMBER
YEAR: 2020
LATITUDE: 37 42 N
LONGITUDE: 113 6 W
TEMPERATURE IN F: :PCPN: SNOW: WIND :SUNSHINE: SKY :PK WND
================================================================================
1 2 3 4 5 6A 6B 7 8 9 10 11 12 13 14 15 16 17 18
12Z AVG MX 2MIN
DY MAX MIN AVG DEP HDD CDD WTR SNW DPTH SPD SPD DIR MIN PSBL S-S WX SPD DR
================================================================================
1 44 15 30 -1 35 0 0.00 0.0 0 9.0 22 360 M M 0 28 350
2 38 12 25 -6 40 0 0.00 M M 7.3 21 330 M M 0 26 330
3 42 9 26 -5 39 0 0.00 M M 1.5 8 40 M M 0 11 40
4 45 11 28 -2 37 0 0.00 M M 2.8 8 150 M M 0 10 260
5 48 10 29 -1 36 0 0.00 M M 2.3 9 130 M M 0 10 130
6 59 13 36 6 29 0 0.00 M M 3.9 17 210 M M 0 20 210
7 48 19 34 4 31 0 0.00 M M 3.0 10 30 M M 0 13 30
8 50 11 31 1 34 0 0.00 M M 2.8 9 140 M M 0 9 130
9 59 13 36 7 29 0 0.00 M M 5.1 20 210 M M 0 23 200
10 45 21 33 4 32 0 0.00 M M 3.1 12 170 M M 3 8 12 150
11 44 17 31 2 34 0 0.00 M M 5.0 14 200 M M 1 17 200
12 38 8 23 -6 42 0 0.02 M M 12.9 28 210 M M 6 1 32 220
13 34 0 17 -12 48 0 0.00 M M 7.4 26 210 M M 1 32 230
14 35 23 29 1 36 0 0.05 M M 6.2 18 200 M M 10 1 21 200
15 32 14 23 -5 42 0 0.00 M M 7.1 14 350 M M 5 19 10
16 39 9 24 -4 41 0 0.00 M M 2.7 8 150 M M 0 9 150
17 46 19 33 5 32 0 0.01 M M 11.0 30 220 M M 6 1 40 210
18 37 19 28 0 37 0 0.01 M M 10.7 23 60 M M 6 1 29 50
19 49 11 30 2 35 0 0.00 M M 3.5 9 140 M M 0 10 20
20 52 13 33 5 32 0 0.00 M M 3.4 9 40 M M 0 11 40
21 58 19 39 11 26 0 0.00 M M 3.8 13 160 M M 0 15 170
22 54 20 37 9 28 0 0.00 M M 12.4 35 240 M M 0 41 230
23 33 12 23 -5 42 0 0.00 M M 11.1 24 30 M M 0 28 50
24 36 4 20 -8 45 0 0.00 M M 2.9 8 290 M M 0 10 290
25 49 11 30 2 35 0 0.00 M M 5.8 21 190 M M 0 26 200
26 52 23 38 10 27 0 0.00 M M 10.6 28 220 M M 0 36 230
27 37 21 29 1 36 0 T M M 2.1 8 340 M M 6 11 330
28 29 22 26 -2 39 0 0.13 M M 3.8 10 280 M M 9 12 12 270
29 30 7 19 -9 46 0 0.01 M M 6.6 14 360 M M 4 1 17 360
30 31 3 17 -11 48 0 0.00 M M 2.8 10 140 M M 2 10 80
31 31 9 20 -8 45 0 0.02 M M 5.8 14 360 M M 8 1 19 10
================================================================================
SM 1324 418 1138 0 0.25 0.0 178.4 M 67
================================================================================
AV 42.7 13.5 5.8 FASTST M M 2 MAX(MPH)
MISC ----> 35 240 41 230
================================================================================
NOTES:
# LAST OF SEVERAL OCCURRENCES
COLUMN 17 PEAK WIND IN M.P.H.
PRELIMINARY LOCAL CLIMATOLOGICAL DATA (WS FORM: F-6) , PAGE 2
STATION: CEDAR CITY UT
MONTH: DECEMBER
YEAR: 2020
LATITUDE: 37 42 N
LONGITUDE: 113 6 W
[TEMPERATURE DATA] [PRECIPITATION DATA] SYMBOLS USED IN COLUMN 16
AVERAGE MONTHLY: 28.1 TOTAL FOR MONTH: 0.25 1 = FOG OR MIST
DPTR FM NORMAL: -0.8 DPTR FM NORMAL: -0.59 2 = FOG REDUCING VISIBILITY
HIGHEST: 59 ON 9, 6 GRTST 24HR 0.14 ON 28-29 TO 1/4 MILE OR LESS
LOWEST: 0 ON 13 3 = THUNDER
SNOW, ICE PELLETS, HAIL 4 = ICE PELLETS
TOTAL MONTH: 0.0 INCH 5 = HAIL
GRTST 24HR 0.0 6 = FREEZING RAIN OR DRIZZLE
GRTST DEPTH: 0 7 = DUSTSTORM OR SANDSTORM:
VSBY 1/2 MILE OR LESS
8 = SMOKE OR HAZE
[NO. OF DAYS WITH] [WEATHER - DAYS WITH] 9 = BLOWING SNOW
X = TORNADO
MAX 32 OR BELOW: 5 0.01 INCH OR MORE: 7
MAX 90 OR ABOVE: 0 0.10 INCH OR MORE: 1
MIN 32 OR BELOW: 31 0.50 INCH OR MORE: 0
MIN 0 OR BELOW: 1 1.00 INCH OR MORE: 0
[HDD (BASE 65) ]
TOTAL THIS MO. 1138 CLEAR (SCALE 0-3) 21
DPTR FM NORMAL 18 PTCLDY (SCALE 4-7) 7
TOTAL FM JUL 1 2295 CLOUDY (SCALE 8-10) 3
DPTR FM NORMAL -269
[CDD (BASE 65) ]
TOTAL THIS MO. 0
DPTR FM NORMAL 0 [PRESSURE DATA]
TOTAL FM JAN 1 968 HIGHEST SLP M ON M
DPTR FM NORMAL 380 LOWEST SLP 29.75 ON 12
[REMARKS]
#FINAL-12-20#