000
CXUS56 KSLC 011241
CF6CDC
PRELIMINARY LOCAL CLIMATOLOGICAL DATA (WS FORM: F-6)
STATION: CEDAR CITY UT
MONTH: SEPTEMBER
YEAR: 2020
LATITUDE: 37 42 N
LONGITUDE: 113 6 W
TEMPERATURE IN F: :PCPN: SNOW: WIND :SUNSHINE: SKY :PK WND
================================================================================
1 2 3 4 5 6A 6B 7 8 9 10 11 12 13 14 15 16 17 18
12Z AVG MX 2MIN
DY MAX MIN AVG DEP HDD CDD WTR SNW DPTH SPD SPD DIR MIN PSBL S-S WX SPD DR
================================================================================
1 79 47 63 -4 2 0 0.00 0.0 0 7.6 17 350 M M 0 24 10
2 90 44 67 0 0 2 0.00 0.0 0 6.0 15 360 M M 0 20 10
3 93 47 70 3 0 5 0.00 0.0 0 4.9 20 350 M M 0 24 350
4 96 46 71 5 0 6 0.00 0.0 0 4.5 10 120 M M 0 8 14 30
5 99 50 75 9 0 10 0.00 0.0 0 4.9 14 320 M M 0 8 17 350
6 99 59 79 13 0 14 0.00 0.0 0 5.5 16 50 M M 0 22 50
7 91 54 73 8 0 8 0.00 0.0 0 6.0 17 270 M M 0 8 22 280
8 72 32 52 -13 13 0 0.00 0.0 0 14.8 26 40 M M 7 8 34 40
9 62 30 46 -19 19 0 0.00 0.0 0 9.2 22 340 M M 1 36 340
10 70 34 52 -12 13 0 0.00 0.0 0 4.8 12 350 M M 0 17 300
11 80 34 57 -7 8 0 0.00 0.0 0 4.3 12 330 M M 0 8 14 20
12 87 40 64 1 1 0 0.00 0.0 0 4.4 14 320 M M 0 8 18 310
13 87 43 65 2 0 0 0.00 0.0 0 7.7 21 140 M M 0 8 27 160
14 88 47 68 5 0 3 0.00 0.0 0 7.3 21 230 M M 0 32 240
15 88 50 69 7 0 4 0.00 0.0 0 4.9 14 310 M M 0 18 40
16 89 48 69 7 0 4 0.00 0.0 0 3.6 12 170 M M 0 8 16 310
17 90 48 69 8 0 4 0.00 0.0 0 5.8 20 210 M M 0 26 200
18 87 53 70 9 0 5 0.00 0.0 0 10.1 30 220 M M 0 39 210
19 85 57 71 11 0 6 0.00 0.0 0 14.0 35 200 M M 0 8 45 190
20 86 45 66 6 0 1 0.00 0.0 0 6.7 22 200 M M 0 30 210
21 86 49 68 8 0 3 T M 0 9.1 24 200 M M 1 40 150
22 82 60 71 12 0 6 0.12 0.0 0 9.0 25 180 M M 3 3 32 170
23 86 49 68 9 0 3 0.00 0.0 0 4.4 14 220 M M 0 8 17 220
24 87 46 67 9 0 2 0.00 0.0 0 8.1 23 210 M M 0 30 210
25 85 57 71 13 0 6 0.00 0.0 0 9.7 22 210 M M 0 30 230
26 86 53 70 12 0 5 0.00 0.0 0 8.6 21 230 M M 0 25 210
27 74 42 58 1 7 0 0.00 M 0 9.5 22 350 M M 0 29 340
28 73 36 55 -2 10 0 0.00 0.0 0 6.5 16 340 M M 0 22 350
29 80 35 58 2 7 0 0.00 0.0 0 2.4 9 20 M M 0 12 20
30 83 38 61 5 4 0 0.00 0.0 0 3.8 16 340 M M 0 23 350
================================================================================
SM 2540 1373 84 97 0.12 0.0 208.1 M 12
================================================================================
AV 84.7 45.8 6.9 FASTST M M 0 MAX(MPH)
MISC ----> # 35 200 # 45 190
================================================================================
NOTES:
# LAST OF SEVERAL OCCURRENCES
COLUMN 17 PEAK WIND IN M.P.H.
PRELIMINARY LOCAL CLIMATOLOGICAL DATA (WS FORM: F-6) , PAGE 2
STATION: CEDAR CITY UT
MONTH: SEPTEMBER
YEAR: 2020
LATITUDE: 37 42 N
LONGITUDE: 113 6 W
[TEMPERATURE DATA] [PRECIPITATION DATA] SYMBOLS USED IN COLUMN 16
AVERAGE MONTHLY: 65.2 TOTAL FOR MONTH: 0.12 1 = FOG OR MIST
DPTR FM NORMAL: 3.3 DPTR FM NORMAL: -0.54 2 = FOG REDUCING VISIBILITY
HIGHEST: 99 ON 6, 5 GRTST 24HR 0.12 ON 22-22 TO 1/4 MILE OR LESS
LOWEST: 30 ON 9 3 = THUNDER
SNOW, ICE PELLETS, HAIL 4 = ICE PELLETS
TOTAL MONTH: 0.0 INCH 5 = HAIL
GRTST 24HR 0.0 6 = FREEZING RAIN OR DRIZZLE
GRTST DEPTH: 0 7 = DUSTSTORM OR SANDSTORM:
VSBY 1/2 MILE OR LESS
8 = SMOKE OR HAZE
[NO. OF DAYS WITH] [WEATHER - DAYS WITH] 9 = BLOWING SNOW
X = TORNADO
MAX 32 OR BELOW: 0 0.01 INCH OR MORE: 1
MAX 90 OR ABOVE: 7 0.10 INCH OR MORE: 1
MIN 32 OR BELOW: 2 0.50 INCH OR MORE: 0
MIN 0 OR BELOW: 0 1.00 INCH OR MORE: 0
[HDD (BASE 65) ]
TOTAL THIS MO. 84 CLEAR (SCALE 0-3) 29
DPTR FM NORMAL -50 PTCLDY (SCALE 4-7) 1
TOTAL FM JUL 1 84 CLOUDY (SCALE 8-10) 0
DPTR FM NORMAL -59
[CDD (BASE 65) ]
TOTAL THIS MO. 97
DPTR FM NORMAL 58 [PRESSURE DATA]
TOTAL FM JAN 1 968 HIGHEST SLP 30.33 ON 29
DPTR FM NORMAL 380 LOWEST SLP 29.48 ON 8
[REMARKS]
#FINAL-09-20#