000
CXUS56 KSLC 011229
CF6CDC
PRELIMINARY LOCAL CLIMATOLOGICAL DATA (WS FORM: F-6)
STATION: CEDAR CITY UT
MONTH: MARCH
YEAR: 2020
LATITUDE: 37 42 N
LONGITUDE: 113 6 W
TEMPERATURE IN F: :PCPN: SNOW: WIND :SUNSHINE: SKY :PK WND
================================================================================
1 2 3 4 5 6A 6B 7 8 9 10 11 12 13 14 15 16 17 18
12Z AVG MX 2MIN
DY MAX MIN AVG DEP HDD CDD WTR SNW DPTH SPD SPD DIR MIN PSBL S-S WX SPD DR
================================================================================
1 51 30 41 4 24 0 0.06 M 0 15.3 29 190 M M 6 1 37 190
2 45 24 35 -2 30 0 0.03 M 0 9.9 17 360 M M 6 1 22 350
3 54 18 36 -1 29 0 0.00 0.0 0 7.4 23 360 M M 0 31 360
4 61 21 41 3 24 0 0.00 0.0 0 2.9 9 120 M M 0 12 360
5 68 26 47 9 18 0 0.00 0.0 0 4.7 15 220 M M 0 20 220
6 65 33 49 11 16 0 0.00 0.0 0 7.7 25 160 M M 0 32 170
7 63 38 51 13 14 0 T M 0 14.2 30 200 M M 3 40 200
8 54 33 44 5 21 0 T M 0 11.0 24 180 M M 6 31 190
9 57 30 44 5 21 0 0.00 0.0 0 8.3 23 230 M M 0 30 230
10 56 32 44 5 21 0 T M 0 3.1 12 210 M M 7 14 210
11 62 39 51 12 14 0 0.07 M 0 8.6 20 210 M M 4 1 27 210
12 65 31 48 8 17 0 0.04 M 0 5.7 21 220 M M 1 13 27 220
13 42 33 38 -2 27 0 0.65 M 0 10.1 24 210 M M 10 1 33 200
14 53 38 46 6 19 0 0.01 M 0 16.2 32 200 M M 6 41 200
15 57 40 49 9 16 0 0.01 M 0 19.9 33 200 M M 1 45 210
16 59 38 49 9 16 0 T M 0 11.9 23 210 M M 1 32 160
17 57 37 47 7 18 0 0.00 0.0 0 16.7 30 200 M M 3 8 39 200
18 41 32 37 -4 28 0 0.24 M 0 6.2 24 200 M M 10 1 32 200
19 47 33 40 -1 25 0 0.02 M 0 9.7 24 210 M M 9 1 30 210
20 47 31 39 -2 26 0 T T 0 8.1 23 210 M M 7 1 28 200
21 50 27 39 -2 26 0 T M 0 4.4 16 290 M M 8 20 250
22 56 27 42 1 23 0 0.00 0.0 0 6.6 17 210 M M 3 23 220
23 47 31 39 -3 26 0 0.07 M 0 8.3 21 230 M M 6 1 26 220
24 57 32 45 3 20 0 0.00 0.0 0 15.0 29 220 M M 1 37 220
25 57 40 49 7 16 0 0.00 0.0 0 19.3 36 200 M M 0 46 230
26 49 32 41 -1 24 0 T M 0 12.4 24 220 M M 8 33 180
27 39 28 34 -8 31 0 0.21 M 0 5.1 15 60 M M 8 128 19 10
28 49 22 36 -6 29 0 0.00 0.0 0 4.0 14 200 M M 4 17 190
29 50 33 42 0 23 0 T M 0 6.5 23 230 M M 9 29 230
30 59 28 44 1 21 0 0.00 0.0 0 4.6 18 200 M M 2 23 230
31 66 30 48 5 17 0 0.00 0.0 0 9.2 22 210 M M 0 29 210
================================================================================
SM 1683 967 680 0 1.41 T 293.0 M 129
================================================================================
AV 54.3 31.2 9.5 FASTST M M 4 MAX(MPH)
MISC ----> # 36 200 # 46 230
================================================================================
NOTES:
# LAST OF SEVERAL OCCURRENCES
COLUMN 17 PEAK WIND IN M.P.H.
PRELIMINARY LOCAL CLIMATOLOGICAL DATA (WS FORM: F-6) , PAGE 2
STATION: CEDAR CITY UT
MONTH: MARCH
YEAR: 2020
LATITUDE: 37 42 N
LONGITUDE: 113 6 W
[TEMPERATURE DATA] [PRECIPITATION DATA] SYMBOLS USED IN COLUMN 16
AVERAGE MONTHLY: 42.7 TOTAL FOR MONTH: 1.41 1 = FOG OR MIST
DPTR FM NORMAL: 2.6 DPTR FM NORMAL: 0.06 2 = FOG REDUCING VISIBILITY
HIGHEST: 68 ON 5 GRTST 24HR 0.65 ON 13-13 TO 1/4 MILE OR LESS
LOWEST: 18 ON 3 3 = THUNDER
SNOW, ICE PELLETS, HAIL 4 = ICE PELLETS
TOTAL MONTH: T 5 = HAIL
GRTST 24HR T ON 20-20 6 = FREEZING RAIN OR DRIZZLE
GRTST DEPTH: 0 7 = DUSTSTORM OR SANDSTORM:
VSBY 1/2 MILE OR LESS
8 = SMOKE OR HAZE
[NO. OF DAYS WITH] [WEATHER - DAYS WITH] 9 = BLOWING SNOW
X = TORNADO
MAX 32 OR BELOW: 0 0.01 INCH OR MORE: 11
MAX 90 OR ABOVE: 0 0.10 INCH OR MORE: 3
MIN 32 OR BELOW: 19 0.50 INCH OR MORE: 1
MIN 0 OR BELOW: 0 1.00 INCH OR MORE: 0
[HDD (BASE 65) ]
TOTAL THIS MO. 680 CLEAR (SCALE 0-3) 14
DPTR FM NORMAL -92 PTCLDY (SCALE 4-7) 13
TOTAL FM JUL 1 5168 CLOUDY (SCALE 8-10) 4
DPTR FM NORMAL -166
[CDD (BASE 65) ]
TOTAL THIS MO. 0
DPTR FM NORMAL 0 [PRESSURE DATA]
TOTAL FM JAN 1 0 HIGHEST SLP 30.33 ON 5
DPTR FM NORMAL 0 LOWEST SLP 29.57 ON 13
[REMARKS]
#FINAL-03-20#