000
CXUS54 KLUB 010730
CF6CDS
PRELIMINARY LOCAL CLIMATOLOGICAL DATA (WS FORM: F-6)
STATION: CHILDRESS
MONTH: MAY
YEAR: 2021
LATITUDE: 34 25 N
LONGITUDE: 100 17 W
TEMPERATURE IN F: :PCPN: SNOW: WIND :SUNSHINE: SKY :PK WND
================================================================================
1 2 3 4 5 6A 6B 7 8 9 10 11 12 13 14 15 16 17 18
12Z AVG MX 2MIN
DY MAX MIN AVG DEP HDD CDD WTR SNW DPTH SPD SPD DIR MIN PSBL S-S WX SPD DR
================================================================================
1 78 58 68 2 0 3 0.00 0.0 0 8.7 20 160 M M 4 26 180
2 87 60 74 7 0 9 0.00 0.0 0 14.2 29 150 M M 3 1 35 150
3 75 56 66 -1 0 1 0.07 0.0 0 15.2 30 350 M M 7 138 35 340
4 72 52 62 -5 3 0 T 0.0 0 12.5 28 360 M M 4 33 10
5 79 48 64 -4 1 0 0.00 0.0 0 10.3 18 150 M M 0 31 170
6 84 51 68 0 0 3 0.00 0.0 0 8.7 17 130 M M 2 23 140
7 90 57 74 6 0 9 T 0.0 0 16.7 32 190 M M 0 42 180
8 100 62 81 12 0 16 0.00 0.0 0 15.7 33 360 M M 0 38 360
9 77 55 66 -3 0 1 0.00 0.0 0 13.7 30 360 M M 0 38 20
10 66 49 58 -11 7 0 0.00 0.0 0 10.1 17 40 M M 7 26 80
11 60 49 55 -15 10 0 0.07 0.0 0 11.4 21 20 M M 10 18 28 40
12 70 45 58 -12 7 0 0.00 0.0 0 7.6 17 20 M M 2 21 20
13 75 46 61 -9 4 0 0.00 0.0 0 7.9 18 140 M M 2 26 150
14 84 53 69 -2 0 4 0.00 0.0 0 14.6 28 180 M M 1 38 150
15 83 61 72 1 0 7 0.00 0.0 0 15.1 26 150 M M 4 32 150
16 87 60 74 3 0 9 0.66 0.0 0 11.5 41 280 M M 5 13 53 300
17 84 57 71 -1 0 6 0.63 0.0 0 10.4 43 300 M M 4 13 54 270
18 78 58 68 -4 0 3 0.60 0.0 0 6.8 25 330 M M 2 13 34 330
19 79 55 67 -5 0 2 0.56 0.0 0 7.8 20 330 M M 4 13 28 90
20 83 60 72 -1 0 7 0.00 0.0 0 10.3 21 140 M M 3 1 26 140
21 85 63 74 1 0 9 0.00 0.0 0 16.0 25 130 M M 3 18 32 140
22 85 64 75 1 0 10 T 0.0 0 14.6 31 140 M M 6 8 36 130
23 79 66 73 -1 0 8 0.02 0.0 0 16.4 28 140 M M 9 1 34 140
24 82 62 72 -2 0 7 0.01 0.0 0 13.9 32 250 M M 9 13 38 260
25 88 62 75 1 0 10 0.09 0.0 0 8.6 22 220 M M 2 13 27 230
26 90 68 79 4 0 14 T 0.0 0 12.7 30 240 M M 4 138 38 240
27 92 68 80 5 0 15 0.11 0.0 0 10.4 30 240 M M 3 3 35 250
28 77 61 69 -7 0 4 0.22 0.0 0 10.1 41 290 M M 3 13 53 310
29 78 60 69 -7 0 4 0.00 0.0 0 8.5 17 140 M M 6 23 150
30 79 62 71 -5 0 6 T 0.0 0 13.3 24 140 M M 8 29 140
31 74 60 67 -9 0 2 0.30 0.0 0 9.5 22 330 M M 6 1 29 150
================================================================================
SM 2500 1788 32 169 3.34 0.0 363.2 M 123
================================================================================
AV 80.6 57.7 11.7 FASTST M M 4 MAX(MPH)
MISC ----> 43 300 54 270
================================================================================
NOTES:
# LAST OF SEVERAL OCCURRENCES
COLUMN 17 PEAK WIND IN M.P.H.
PRELIMINARY LOCAL CLIMATOLOGICAL DATA (WS FORM: F-6) , PAGE 2
STATION: CHILDRESS
MONTH: MAY
YEAR: 2021
LATITUDE: 34 25 N
LONGITUDE: 100 17 W
[TEMPERATURE DATA] [PRECIPITATION DATA] SYMBOLS USED IN COLUMN 16
AVERAGE MONTHLY: 69.2 TOTAL FOR MONTH: 3.34 1 = FOG OR MIST
DPTR FM NORMAL: -2.2 DPTR FM NORMAL: -0.16 2 = FOG REDUCING VISIBILITY
HIGHEST: 100 ON 8 GRTST 24HR 0.85 ON 18-19 TO 1/4 MILE OR LESS
LOWEST: 45 ON 12 3 = THUNDER
SNOW, ICE PELLETS, HAIL 4 = ICE PELLETS
TOTAL MONTH: 0.0 INCH 5 = HAIL
GRTST 24HR 0.0 6 = FREEZING RAIN OR DRIZZLE
GRTST DEPTH: 0 7 = DUSTSTORM OR SANDSTORM:
VSBY 1/2 MILE OR LESS
8 = SMOKE OR HAZE
[NO. OF DAYS WITH] [WEATHER - DAYS WITH] 9 = BLOWING SNOW
X = TORNADO
MAX 32 OR BELOW: 0 0.01 INCH OR MORE: 12
MAX 90 OR ABOVE: 4 0.10 INCH OR MORE: 7
MIN 32 OR BELOW: 0 0.50 INCH OR MORE: 4
MIN 0 OR BELOW: 0 1.00 INCH OR MORE: 0
[HDD (BASE 65) ]
TOTAL THIS MO. 32 CLEAR (SCALE 0-3) 15
DPTR FM NORMAL -1 PTCLDY (SCALE 4-7) 13
TOTAL FM JUL 1 3298 CLOUDY (SCALE 8-10) 3
DPTR FM NORMAL 230
[CDD (BASE 65) ]
TOTAL THIS MO. 169
DPTR FM NORMAL -62 [PRESSURE DATA]
TOTAL FM JAN 1 223 HIGHEST SLP M ON M
DPTR FM NORMAL -100 LOWEST SLP 29.31 ON 2
[REMARKS]
#FINAL-05-21#