000
CXUS55 KGJT 010910
CF6CEZ
PRELIMINARY LOCAL CLIMATOLOGICAL DATA (WS FORM: F-6)
STATION: CORTEZ CO
MONTH: JULY
YEAR: 2023
LATITUDE: 37 17 N
LONGITUDE: 108 38 W
TEMPERATURE IN F: :PCPN: SNOW: WIND :SUNSHINE: SKY :PK WND
================================================================================
1 2 3 4 5 6A 6B 7 8 9 10 11 12 13 14 15 16 17 18
12Z AVG MX 2MIN
DY MAX MIN AVG DEP HDD CDD WTR SNW DPTH SPD SPD DIR MIN PSBL S-S WX SPD DR
================================================================================
1 89 46 68 -2 0 3 0.00 M M 6.7 18 310 M M 0 26 340
2 93 46 70 0 0 5 0.00 M M 6.9 20 320 M M 0 8 32 310
3 95 47 71 0 0 6 0.00 M M 4.4 21 360 M M 0 8 30 20
4 97 50 74 3 0 9 0.00 M M 6.6 22 220 M M 0 31 240
5 93 50 72 1 0 7 0.00 M M 9.5 28 210 M M 0 8 37 250
6 94 45 70 -1 0 5 0.00 M M 9.4 30 220 M M 0 43 250
7 93 54 74 2 0 9 0.00 M M 10.3 23 240 M M 0 33 260
8 93 50 72 0 0 7 0.00 M M 9.8 24 200 M M 0 38 210
9 93 44 69 -3 0 4 0.00 M M 6.0 18 270 M M 0 25 290
10 93 53 73 1 0 8 0.00 M M 7.1 20 230 M M 1 8 30 220
11 95 55 75 3 0 10 0.00 M M 8.6 23 290 M M 1 28 290
12 95 57 76 4 0 11 0.00 M M 6.8 18 290 M M 0 28 290
13 95 52 74 2 0 9 0.00 M M 6.7 21 300 M M 2 30 320
14 97 52 75 3 0 10 0.00 M M 8.2 25 310 M M 0 41 340
15 96 50 73 0 0 8 0.00 M M 8.2 18 10 M M 0 30 30
16 100 48 74 1 0 9 0.00 M M 6.1 18 360 M M 0 25 360
17 101 47 74 1 0 9 0.00 M M 5.0 12 60 M M 0 19 290
18 97 57 77 4 0 12 0.00 M M 7.1 23 310 M M 0 32 310
19 97 60 79 6 0 14 0.00 M M 6.7 21 10 M M 0 29 280
20 97 59 78 5 0 13 0.00 M M 8.7 24 340 M M 0 34 290
21 98 53 76 3 0 11 0.00 M M 7.6 21 330 M M 0 27 330
22 97 53 75 2 0 10 0.00 M M 5.4 18 350 M M 0 27 350
23 99 54 77 4 0 12 0.00 M M 5.0 18 60 M M 0 25 230
24 97 53 75 2 0 10 0.00 M M 5.4 17 250 M M 0 24 290
25 97 58 78 5 0 13 0.00 M M 8.0 21 290 M M 0 27 220
26 98 57 78 5 0 13 T M M 6.8 23 230 M M 0 33 250
27 97 62 80 7 0 15 0.00 M M 7.2 20 310 M M 0 29 280
28 97 57 77 4 0 12 0.00 M M 5.4 20 290 M M 0 8 29 280
29 97 57 77 4 0 12 0.01 M M 6.5 23 120 M M 2 30 200
30 96 65 81 8 0 16 0.05 M M 6.4 38 130 M M 5 3 52 130
31 89 59 74 2 0 9 0.02 M M 5.9 17 290 M M 1 27 270
================================================================================
SM 2965 1650 0 301 0.08 M 218.4 M 12
================================================================================
AV 95.6 53.2 7.0 FASTST M M 0 MAX(MPH)
MISC ----> 38 130 52 130
================================================================================
NOTES:
# LAST OF SEVERAL OCCURRENCES
COLUMN 17 PEAK WIND IN M.P.H.
PRELIMINARY LOCAL CLIMATOLOGICAL DATA (WS FORM: F-6) , PAGE 2
STATION: CORTEZ CO
MONTH: JULY
YEAR: 2023
LATITUDE: 37 17 N
LONGITUDE: 108 38 W
[TEMPERATURE DATA] [PRECIPITATION DATA] SYMBOLS USED IN COLUMN 16
AVERAGE MONTHLY: 74.4 TOTAL FOR MONTH: 0.08 1 = FOG OR MIST
DPTR FM NORMAL: 2.2 DPTR FM NORMAL: -1.06 2 = FOG REDUCING VISIBILITY
HIGHEST: 101 ON 17 GRTST 24HR 0.07 ON 30-31 TO 1/4 MILE OR LESS
LOWEST: 44 ON 9 3 = THUNDER
SNOW, ICE PELLETS, HAIL 4 = ICE PELLETS
TOTAL MONTH: M 5 = HAIL
GRTST 24HR M ON M 6 = FREEZING RAIN OR DRIZZLE
GRTST DEPTH: M ON M 7 = DUSTSTORM OR SANDSTORM:
VSBY 1/2 MILE OR LESS
8 = SMOKE OR HAZE
[NO. OF DAYS WITH] [WEATHER - DAYS WITH] 9 = BLOWING SNOW
X = TORNADO
MAX 32 OR BELOW: 0 0.01 INCH OR MORE: 3
MAX 90 OR ABOVE: 29 0.10 INCH OR MORE: 0
MIN 32 OR BELOW: 0 0.50 INCH OR MORE: 0
MIN 0 OR BELOW: 0 1.00 INCH OR MORE: 0
[HDD (BASE 65) ]
TOTAL THIS MO. 0 CLEAR (SCALE 0-3) 30
DPTR FM NORMAL -2 PTCLDY (SCALE 4-7) 1
TOTAL FM JUL 1 0 CLOUDY (SCALE 8-10) 0
DPTR FM NORMAL 0
[CDD (BASE 65) ]
TOTAL THIS MO. 301
DPTR FM NORMAL 76 [PRESSURE DATA]
TOTAL FM JAN 1 327 HIGHEST SLP M ON M
DPTR FM NORMAL 21 LOWEST SLP 29.69 ON 7
[REMARKS]
#FINAL-07-23#