000
CXUS55 KGJT 011630
CF6CEZ
PRELIMINARY LOCAL CLIMATOLOGICAL DATA (WS FORM: F-6)
STATION: CORTEZ CO
MONTH: DECEMBER
YEAR: 2023
LATITUDE: 37 17 N
LONGITUDE: 108 38 W
TEMPERATURE IN F: :PCPN: SNOW: WIND :SUNSHINE: SKY :PK WND
================================================================================
1 2 3 4 5 6A 6B 7 8 9 10 11 12 13 14 15 16 17 18
12Z AVG MX 2MIN
DY MAX MIN AVG DEP HDD CDD WTR SNW DPTH SPD SPD DIR MIN PSBL S-S WX SPD DR
================================================================================
1 40 27 34 2 31 0 0.08 M M 5.7 21 200 M M 10 1 25 270
2 41 19 30 -2 35 0 T M M 2.7 10 290 M M 5 1 16 290
3 47 22 35 4 30 0 0.00 M M 5.6 15 300 M M 2 23 310
4 52 23 38 7 27 0 0.00 M M 5.9 15 280 M M 0 20 270
5 54 20 37 6 28 0 0.00 M M 3.8 10 200 M M 0 12 210
6 54 19 37 7 28 0 0.00 M M 4.4 14 210 M M 0 1 17 200
7 55 20 38 8 27 0 0.00 M M 5.0 15 290 M M 0 21 220
8 43 18 31 1 34 0 0.02 M M 8.9 26 280 M M 5 35 270
9 39 11 25 -5 40 0 0.00 M M 6.7 16 310 M M 0 22 330
10 39 8 24 -5 41 0 0.00 M M 5.2 12 260 M M 0 15 250
11 47 13 30 1 35 0 0.00 M M 3.1 9 210 M M 0 11 200
12 55 21 38 9 27 0 0.00 M M 4.9 18 170 M M 2 24 150
13 53 31 42 13 23 0 0.28 M M 8.7 25 100 M M 7 13 39 100
14 42 27 35 7 30 0 0.03 M M 3.1 13 280 M M 7 1 17 280
15 42 21 32 4 33 0 0.00 M M 6.5 16 210 M M 1 12 19 210
16 43 19 31 3 34 0 0.00 M M 3.1 10 210 M M 1 12 12 200
17 45 17 31 3 34 0 0.00 M M 4.2 15 210 M M 0 1 17 210
18 52 19 36 8 29 0 0.00 M M 4.9 16 210 M M 0 20 200
19 52 23 38 10 27 0 0.00 M M 3.9 14 200 M M 5 17 200
20 48 27 38 10 27 0 0.01 M M 3.1 13 290 M M 7 1 17 300
21 47 28 38 11 27 0 T M M 4.6 15 220 M M 7 12 18 220
22 51 23 37 10 28 0 0.03 M M 3.3 15 200 M M 6 12 18 200
23 45 33 39 12 26 0 0.21 M M 6.1 17 210 M M 9 12 21 210
24 36 18 27 0 38 0 0.00 M M 6.5 16 320 M M 1 23 350
25 35 12 24 -3 41 0 0.00 M M 6.9 17 280 M M 0 21 300
26 42 17 30 3 35 0 0.00 M M 9.6 24 330 M M 0 33 290
27 40 11 26 -1 39 0 0.00 M M 6.2 16 290 M M 0 24 270
28 39 11 25 -2 40 0 0.00 M M 6.3 12 230 M M 0 15 220
29 44 7 26 -1 39 0 0.00 M M 3.6 10 210 M M 0 13 80
30 46 11 29 2 36 0 0.00 M M 4.8 12 60 M M 2 15 210
31 47 14 31 4 34 0 0.00 M M 6.2 17 290 M M 0 22 300
================================================================================
SM 1415 590 1003 0 0.66 M 163.5 M 77
================================================================================
AV 45.6 19.0 5.3 FASTST M M 2 MAX(MPH)
MISC ----> 26 280 39 100
================================================================================
NOTES:
# LAST OF SEVERAL OCCURRENCES
COLUMN 17 PEAK WIND IN M.P.H.
PRELIMINARY LOCAL CLIMATOLOGICAL DATA (WS FORM: F-6) , PAGE 2
STATION: CORTEZ CO
MONTH: DECEMBER
YEAR: 2023
LATITUDE: 37 17 N
LONGITUDE: 108 38 W
[TEMPERATURE DATA] [PRECIPITATION DATA] SYMBOLS USED IN COLUMN 16
AVERAGE MONTHLY: 32.3 TOTAL FOR MONTH: 0.66 1 = FOG OR MIST
DPTR FM NORMAL: 3.7 DPTR FM NORMAL: -0.14 2 = FOG REDUCING VISIBILITY
HIGHEST: 55 ON 12, 7 GRTST 24HR 0.31 ON 13-14 TO 1/4 MILE OR LESS
LOWEST: 7 ON 29 3 = THUNDER
SNOW, ICE PELLETS, HAIL 4 = ICE PELLETS
TOTAL MONTH: M 5 = HAIL
GRTST 24HR M ON M 6 = FREEZING RAIN OR DRIZZLE
GRTST DEPTH: M ON M 7 = DUSTSTORM OR SANDSTORM:
VSBY 1/2 MILE OR LESS
8 = SMOKE OR HAZE
[NO. OF DAYS WITH] [WEATHER - DAYS WITH] 9 = BLOWING SNOW
X = TORNADO
MAX 32 OR BELOW: 0 0.01 INCH OR MORE: 7
MAX 90 OR ABOVE: 0 0.10 INCH OR MORE: 2
MIN 32 OR BELOW: 30 0.50 INCH OR MORE: 0
MIN 0 OR BELOW: 0 1.00 INCH OR MORE: 0
[HDD (BASE 65) ]
TOTAL THIS MO. 1003 CLEAR (SCALE 0-3) 21
DPTR FM NORMAL -127 PTCLDY (SCALE 4-7) 8
TOTAL FM JUL 1 2326 CLOUDY (SCALE 8-10) 2
DPTR FM NORMAL -268
[CDD (BASE 65) ]
TOTAL THIS MO. 0
DPTR FM NORMAL 0 [PRESSURE DATA]
TOTAL FM JAN 1 579 HIGHEST SLP 30.61 ON 10
DPTR FM NORMAL 90 LOWEST SLP 29.75 ON 23
[REMARKS]
#FINAL-12-23#