000
CXUS53 KPAH 010800
CF6CGI
PRELIMINARY LOCAL CLIMATOLOGICAL DATA (WS FORM: F-6)
STATION: CAPE GIRARDEAU MO
MONTH: JANUARY
YEAR: 2022
LATITUDE: 37 13 N
LONGITUDE: 89 35 W
TEMPERATURE IN F: :PCPN: SNOW: WIND :SUNSHINE: SKY :PK WND
================================================================================
1 2 3 4 5 6A 6B 7 8 9 10 11 12 13 14 15 16 17 18
12Z AVG MX 2MIN
DY MAX MIN AVG DEP HDD CDD WTR SNW DPTH SPD SPD DIR MIN PSBL S-S WX SPD DR
================================================================================
1 63 37 50 15 15 0 2.02 M M 8.6 22 330 M M 10 1 30 330
2 37 25 31 -4 34 0 T M M 16.1 23 360 M M 10 18 33 10
3 33 20 27 -8 38 0 0.00 M M 6.0 16 340 M M 3 22 350
4 36 24 30 -5 35 0 0.00 M M 11.4 23 210 M M 3 1 32 210
5 47 29 38 3 27 0 0.00 M M 10.0 18 350 M M 0 26 320
6 30 14 22 -13 43 0 0.02 M M 10.7 20 20 M M 6 1 26 10
7 22 9 16 -19 49 0 0.00 M M 5.1 14 30 M M 1 18 30
8 46 16 31 -3 34 0 0.84 M M 8.1 20 290 M M 8 13 24 160
9 49 25 37 3 28 0 0.40 M M 13.6 29 10 M M 6 1 40 340
10 42 20 31 -3 34 0 0.00 M M 5.6 13 260 M M 0 15 260
11 43 22 33 -1 32 0 0.00 M M 6.8 16 180 M M 0 22 190
12 53 28 41 7 24 0 0.00 M M 6.9 20 190 M M 0 28 180
13 57 30 44 10 21 0 0.00 M M 3.8 16 340 M M 2 21 350
14 47 28 38 4 27 0 0.04 M M 3.2 14 50 M M 4 18 16 50
15 40 32 36 2 29 0 0.49 M M 14.0 25 40 M M 10 18 34 40
16 38 26 32 -2 33 0 T M M 13.6 22 10 M M 3 1 28 10
17 46 27 37 3 28 0 0.00 M M 9.1 23 310 M M 6 32 310
18 54 24 39 5 26 0 0.00 M M 8.7 22 190 M M 2 33 180
19 47 21 34 0 31 0 0.26 M M 12.2 26 360 M M 8 148 34 350
20 25 13 19 -15 46 0 T M M 14.9 26 360 M M 1 44 360
21 29 11 20 -14 45 0 0.00 M M 6.4 13 40 M M 0 17 60
22 38 11 25 -9 40 0 0.00 M M 4.9 12 200 M M 0 1 16 240
23 51 24 38 4 27 0 0.00 M M 7.6 21 360 M M 2 28 320
24 52 26 39 4 26 0 0.00 M M 6.3 20 20 M M 3 26 20
25 36 20 28 -7 37 0 0.00 M M 13.3 23 10 M M 1 34 10
26 29 12 21 -14 44 0 0.00 M M 6.0 16 10 M M 0 21 20
27 38 19 29 -6 36 0 0.00 M M 3.8 12 210 M M 9 15 210
28 38 16 27 -8 38 0 T M M 10.4 25 340 M M 4 33 330
29 36 9 23 -12 42 0 0.00 M M 6.9 21 200 M M 0 27 190
30 50 20 35 0 30 0 0.00 M M 5.5 20 340 M M 0 26 340
31 53 23 38 2 27 0 0.00 M M 6.8 15 160 M M 0 18 22 150
================================================================================
SM 1305 661 1026 0 4.07 M 266.3 M 102
================================================================================
AV 42.1 21.3 8.6 FASTST M M 3 MAX(MPH)
MISC ----> 29 10 44 360
================================================================================
NOTES:
# LAST OF SEVERAL OCCURRENCES
COLUMN 17 PEAK WIND IN M.P.H.
PRELIMINARY LOCAL CLIMATOLOGICAL DATA (WS FORM: F-6) , PAGE 2
STATION: CAPE GIRARDEAU MO
MONTH: JANUARY
YEAR: 2022
LATITUDE: 37 13 N
LONGITUDE: 89 35 W
[TEMPERATURE DATA] [PRECIPITATION DATA] SYMBOLS USED IN COLUMN 16
AVERAGE MONTHLY: 31.7 TOTAL FOR MONTH: 4.07 1 = FOG OR MIST
DPTR FM NORMAL: -2.9 DPTR FM NORMAL: 0.56 2 = FOG REDUCING VISIBILITY
HIGHEST: 63 ON 1 GRTST 24HR 2.57 ON 31- 1 TO 1/4 MILE OR LESS
LOWEST: 9 ON 29, 7 3 = THUNDER
SNOW, ICE PELLETS, HAIL 4 = ICE PELLETS
TOTAL MONTH: M 5 = HAIL
GRTST 24HR M ON M 6 = FREEZING RAIN OR DRIZZLE
GRTST DEPTH: M ON M 7 = DUSTSTORM OR SANDSTORM:
VSBY 1/2 MILE OR LESS
8 = SMOKE OR HAZE
[NO. OF DAYS WITH] [WEATHER - DAYS WITH] 9 = BLOWING SNOW
X = TORNADO
MAX 32 OR BELOW: 5 0.01 INCH OR MORE: 7
MAX 90 OR ABOVE: 0 0.10 INCH OR MORE: 5
MIN 32 OR BELOW: 30 0.50 INCH OR MORE: 2
MIN 0 OR BELOW: 0 1.00 INCH OR MORE: 1
[HDD (BASE 65) ]
TOTAL THIS MO. 1026 CLEAR (SCALE 0-3) 18
DPTR FM NORMAL 84 PTCLDY (SCALE 4-7) 8
TOTAL FM JUL 1 2264 CLOUDY (SCALE 8-10) 5
DPTR FM NORMAL -341
[CDD (BASE 65) ]
TOTAL THIS MO. 0
DPTR FM NORMAL 0 [PRESSURE DATA]
TOTAL FM JAN 1 0 HIGHEST SLP M ON M
DPTR FM NORMAL 0 LOWEST SLP 29.74 ON 24
[REMARKS]
#FINAL-01-22#