000
CXUS54 KMRX 012014
CLMCHA
CLIMATE REPORT
NATIONAL WEATHER SERVICE MORRISTOWN, TN
414 PM EDT WED NOV 01 2023
...................................
...THE CHATTANOOGA AIRPORT CLIMATE SUMMARY FOR THE MONTH OF OCTOBER 2023...
CLIMATE NORMAL PERIOD: 1991 TO 2020
CLIMATE RECORD PERIOD: 1879 TO 2023
WEATHER OBSERVED NORMAL DEPART
VALUE DATE(S) VALUE FROM
NORMAL
................................................
TEMPERATURE (F)
HIGHEST 89 10/03
LOWEST 40 10/18
AVG. MAXIMUM 76.3 74.1 2.2
AVG. MINIMUM 51.8 51.4 0.4
MEAN 64.1 62.7 1.4
DAYS MAX >= 90 0
DAYS MAX <= 32 0
DAYS MIN <= 32 0
DAYS MIN <= 0 0
PRECIPITATION (INCHES)
RECORD
MAXIMUM 11.91 1925
MINIMUM 0.08 2016
TOTALS 0.29 3.59 -3.30
DAYS >= .01 4
DAYS >= .10 1
DAYS >= .50 0
DAYS >= 1.00 0
GREATEST
24 HR. TOTAL 0.21 10/20 TO 10/20
SNOWFALL (INCHES)
TOTALS 0.0 0.0 0.0
SINCE 7/1 0.0
SNOWDEPTH AVG. 0
DAYS >= TRACE 0
GREATEST
SNOW DEPTH 0
DEGREE DAYS
HEATING TOTAL 96 135 -39
SINCE 7/1 96 141 -45
COOLING TOTAL 74 65 9
SINCE 1/1 1944 1914 30
................................................
WEATHER CONDITIONS. NUMBER OF DAYS WITH
THUNDERSTORM 1 RAIN 0
SNOW 0 FOG 7
FOG W/VIS <= 1/4 MILE 0
- INDICATES NEGATIVE NUMBERS.
R INDICATES RECORD WAS SET OR TIED.
MM INDICATES DATA IS MISSING.
T INDICATES TRACE AMOUNT.
$$