000
CXUS51 KLWX 010915
CF6CHO
PRELIMINARY LOCAL CLIMATOLOGICAL DATA (WS FORM: F-6)
STATION: CHARLOTTESVILLE VA
MONTH: FEBRUARY
YEAR: 2024
LATITUDE: 38 7 N
LONGITUDE: 78 27 W
TEMPERATURE IN F: :PCPN: SNOW: WIND :SUNSHINE: SKY :PK WND
================================================================================
1 2 3 4 5 6A 6B 7 8 9 10 11 12 13 14 15 16 17 18
12Z AVG MX 2MIN
DY MAX MIN AVG DEP HDD CDD WTR SNW DPTH SPD SPD DIR MIN PSBL S-S WX SPD DR
================================================================================
1 59 32 46 7 19 0 0.00 M M 5.0 12 190 M M 0 18 16 200
2 55 42 49 10 16 0 0.00 M M 5.8 15 330 M M 6 24 320
3 55 33 44 5 21 0 0.00 M M 2.4 9 20 M M 2 11 30
4 56 27 42 2 23 0 0.00 M M 1.9 7 40 M M 0 11 90
5 56 29 43 3 22 0 0.00 M M 3.7 13 40 M M 0 17 50
6 49 29 39 -1 26 0 0.00 M M 5.4 15 40 M M 0 19 60
7 55 25 40 0 25 0 0.00 M M 1.7 9 60 M M 0 12 50
8 61 28 45 5 20 0 0.00 M M 5.2 14 180 M M 0 19 170
9 68 45 57 17 8 0 0.00 M M 8.2 14 190 M M 3 M M
10 64 50 57 17 8 0 T M M 7.5 15 200 M M 4 22 200
11 58 50 54 13 11 0 0.19 M M 4.4 12 40 M M 10 18 18 30
12 51 46 49 8 16 0 0.11 M M 4.0 12 60 M M 10 128 17 70
13 53 38 46 5 19 0 0.55 M M 8.1 17 40 M M 6 1 30 340
14 56 34 45 4 20 0 0.00 M M 3.8 16 310 M M 3 26 310
15 58 27 43 2 22 0 0.00 M M 6.4 21 190 M M 0 27 200
16 56 43 50 8 15 0 T M M 4.9 13 300 M M 1 25 290
17 45 27 36 -6 29 0 0.06 M M 6.6 16 330 M M 5 1 27 320
18 53 25 39 -3 26 0 0.00 M M 5.4 15 190 M M 0 27 230
19 55 27 41 -1 24 0 0.00 M M 2.3 9 210 M M 0 14 180
20 53 26 40 -2 25 0 0.00 M M 2.3 9 180 M M 0 12 200
21 53 28 41 -1 24 0 0.00 M M 2.2 9 120 M M 0 14 160
22 61 31 46 3 19 0 T M M 4.5 17 190 M M 2 24 200
23 54 42 48 5 17 0 0.11 M M 4.6 10 60 M M 5 128 14 300
24 52 34 43 0 22 0 0.28 M M 4.5 13 20 M M 6 20 20
25 50 28 39 -4 26 0 0.00 M M 5.2 16 200 M M 0 22 190
26 67 36 52 8 13 0 0.00 0.0 0 7.0 13 180 M M 2 18 170
27 59 46 53 9 12 0 0.08 0.0 0 11.5 25 190 M M 5 1 37 190
28 65 41 53 9 12 0 0.23 0.0 0 12.4 26 190 M M 7 1 36 190
29 54 32 43 -1 22 0 0.00 M M 4.7 13 320 M M 0 20 300
================================================================================
SM 1631 1001 562 0 1.61 0.0 151.6 M 77
================================================================================
AV 56.2 34.5 5.2 FASTST M M 3 MAX(MPH)
MISC ----> 26 190 37 190
================================================================================
NOTES:
# LAST OF SEVERAL OCCURRENCES
COLUMN 17 PEAK WIND IN M.P.H.
PRELIMINARY LOCAL CLIMATOLOGICAL DATA (WS FORM: F-6) , PAGE 2
STATION: CHARLOTTESVILLE VA
MONTH: FEBRUARY
YEAR: 2024
LATITUDE: 38 7 N
LONGITUDE: 78 27 W
[TEMPERATURE DATA] [PRECIPITATION DATA] SYMBOLS USED IN COLUMN 16
AVERAGE MONTHLY: 45.4 TOTAL FOR MONTH: 1.61 1 = FOG OR MIST
DPTR FM NORMAL: 4.0 DPTR FM NORMAL: -0.74 2 = FOG REDUCING VISIBILITY
HIGHEST: 68 ON 9 GRTST 24HR 0.66 ON 12-13 TO 1/4 MILE OR LESS
LOWEST: 25 ON 18, 7 3 = THUNDER
SNOW, ICE PELLETS, HAIL 4 = ICE PELLETS
TOTAL MONTH: 0.0 INCH 5 = HAIL
GRTST 24HR 0.0 6 = FREEZING RAIN OR DRIZZLE
GRTST DEPTH: 0 7 = DUSTSTORM OR SANDSTORM:
VSBY 1/2 MILE OR LESS
8 = SMOKE OR HAZE
[NO. OF DAYS WITH] [WEATHER - DAYS WITH] 9 = BLOWING SNOW
X = TORNADO
MAX 32 OR BELOW: 0 0.01 INCH OR MORE: 8
MAX 90 OR ABOVE: 0 0.10 INCH OR MORE: 6
MIN 32 OR BELOW: 15 0.50 INCH OR MORE: 1
MIN 0 OR BELOW: 0 1.00 INCH OR MORE: 0
[HDD (BASE 65) ]
TOTAL THIS MO. 562 CLEAR (SCALE 0-3) 17
DPTR FM NORMAL -101 PTCLDY (SCALE 4-7) 10
TOTAL FM JUL 1 2610 CLOUDY (SCALE 8-10) 2
DPTR FM NORMAL -374
[CDD (BASE 65) ]
TOTAL THIS MO. 0
DPTR FM NORMAL -1 [PRESSURE DATA]
TOTAL FM JAN 1 3 HIGHEST SLP 30.47 ON 29
DPTR FM NORMAL 2 LOWEST SLP 29.29 ON 13
[REMARKS]
#FINAL-02-24#