000
CXUS52 KCHS 010815
CF6CHS
PRELIMINARY LOCAL CLIMATOLOGICAL DATA (WS FORM: F-6)
STATION: NORTH CHARLESTON SC
MONTH: APRIL
YEAR: 2023
LATITUDE: 32 54 N
LONGITUDE: 80 2 W
TEMPERATURE IN F: :PCPN: SNOW: WIND :SUNSHINE: SKY :PK WND
================================================================================
1 2 3 4 5 6A 6B 7 8 9 10 11 12 13 14 15 16 17 18
12Z AVG MX 2MIN
DY MAX MIN AVG DEP HDD CDD WTR SNW DPTH SPD SPD DIR MIN PSBL S-S WX SPD DR
================================================================================
1 83 68 76 14 0 11 T 0.0 0 15.4 24 200 M M 6 37 230
2 77 57 67 5 0 2 0.00 0.0 0 7.7 15 130 M M 3 19 240
3 75 54 65 2 0 0 0.21 0.0 0 7.2 23 320 M M 6 13 26 320
4 85 60 73 10 0 8 0.00 0.0 0 4.4 12 170 M M 5 12 15 150
5 86 63 75 12 0 10 0.00 0.0 0 6.4 17 160 M M 3 18 22 160
6 86 68 77 14 0 12 0.00 0.0 0 7.8 17 170 M M 5 21 180
7 85 55 70 6 0 5 0.00 0.0 0 9.7 24 10 M M 6 32 20
8 56 47 52 -12 13 0 0.41 0.0 0 12.2 22 30 M M 10 1 30 30
9 66 45 56 -8 9 0 0.37 0.0 0 14.4 23 30 M M 8 1 30 20
10 70 45 58 -6 7 0 0.00 0.0 0 11.0 21 30 M M 4 26 40
11 75 46 61 -4 4 0 0.00 0.0 0 5.7 16 40 M M 1 20 50
12 80 44 62 -3 3 0 0.00 0.0 0 4.3 16 130 M M 1 1 20 130
13 78 51 65 0 0 0 0.11 0.0 0 9.0 21 120 M M 7 13 27 110
14 85 66 76 11 0 11 T 0.0 0 6.9 17 160 M M 6 1 22 170
15 85 64 75 9 0 10 T 0.0 0 7.9 17 210 M M 5 12 22 220
16 83 64 74 8 0 9 0.05 0.0 0 9.9 21 190 M M 7 1 26 180
17 76 58 67 1 0 2 0.00 0.0 0 10.5 22 310 M M 5 28 320
18 79 45 62 -4 3 0 0.00 0.0 0 5.6 15 160 M M 0 19 180
19 87 54 71 4 0 6 0.00 0.0 0 5.5 18 160 M M 1 23 150
20 86 54 70 3 0 5 0.00 0.0 0 4.6 14 170 M M 0 22 150
21 82 58 70 3 0 5 0.00 0.0 0 7.4 18 130 M M 3 1 24 130
22 86 62 74 7 0 9 0.70 0.0 0 9.5 22 240 M M 6 13 28 240
23 79 52 66 -2 0 1 0.00 0.0 0 6.7 16 170 M M 1 21 190
24 77 54 66 -2 0 1 0.00 0.0 0 5.1 14 20 M M 6 16 20
25 75 56 66 -2 0 1 0.00 0.0 0 10.1 22 120 M M 6 28 120
26 80 58 69 1 0 4 T 0.0 0 8.6 17 120 M M 7 22 110
27 81 62 72 3 0 7 0.11 0.0 0 9.5 17 150 M M 9 1 22 170
28 84 69 77 8 0 12 0.09 0.0 0 9.7 21 150 M M 7 1 27 140
29 86 67 77 8 0 12 0.23 0.0 0 6.1 20 190 M M 8 1 22 210
30 79 66 73 3 0 8 0.46 0.0 0 13.7 29 250 M M 6 13 41 250
================================================================================
SM 2392 1712 39 151 2.74 0.0 252.5 M 148
================================================================================
AV 79.7 57.1 8.4 FASTST M M 5 MAX(MPH)
MISC ----> 29 250 41 250
================================================================================
NOTES:
# LAST OF SEVERAL OCCURRENCES
COLUMN 17 PEAK WIND IN M.P.H.
PRELIMINARY LOCAL CLIMATOLOGICAL DATA (WS FORM: F-6) , PAGE 2
STATION: NORTH CHARLESTON SC
MONTH: APRIL
YEAR: 2023
LATITUDE: 32 54 N
LONGITUDE: 80 2 W
[TEMPERATURE DATA] [PRECIPITATION DATA] SYMBOLS USED IN COLUMN 16
AVERAGE MONTHLY: 68.4 TOTAL FOR MONTH: 2.74 1 = FOG OR MIST
DPTR FM NORMAL: 2.6 DPTR FM NORMAL: -0.55 2 = FOG REDUCING VISIBILITY
HIGHEST: 87 ON 19 GRTST 24HR 0.78 ON 8- 9 TO 1/4 MILE OR LESS
LOWEST: 44 ON 12 3 = THUNDER
SNOW, ICE PELLETS, HAIL 4 = ICE PELLETS
TOTAL MONTH: 0.0 INCH 5 = HAIL
GRTST 24HR 0.0 6 = FREEZING RAIN OR DRIZZLE
GRTST DEPTH: 0 7 = DUSTSTORM OR SANDSTORM:
VSBY 1/2 MILE OR LESS
8 = SMOKE OR HAZE
[NO. OF DAYS WITH] [WEATHER - DAYS WITH] 9 = BLOWING SNOW
X = TORNADO
MAX 32 OR BELOW: 0 0.01 INCH OR MORE: 10
MAX 90 OR ABOVE: 0 0.10 INCH OR MORE: 8
MIN 32 OR BELOW: 0 0.50 INCH OR MORE: 1
MIN 0 OR BELOW: 0 1.00 INCH OR MORE: 0
[HDD (BASE 65) ]
TOTAL THIS MO. 39 CLEAR (SCALE 0-3) 8
DPTR FM NORMAL -36 PTCLDY (SCALE 4-7) 20
TOTAL FM JUL 1 1272 CLOUDY (SCALE 8-10) 2
DPTR FM NORMAL -565
[CDD (BASE 65) ]
TOTAL THIS MO. 151
DPTR FM NORMAL 52 [PRESSURE DATA]
TOTAL FM JAN 1 300 HIGHEST SLP 30.38 ON 10
DPTR FM NORMAL 159 LOWEST SLP 29.36 ON 30
[REMARKS]
#FINAL-04-23#