000
CXUS52 KCHS 010815
CF6CHS
PRELIMINARY LOCAL CLIMATOLOGICAL DATA (WS FORM: F-6)
STATION: NORTH CHARLESTON SC
MONTH: AUGUST
YEAR: 2022
LATITUDE: 32 54 N
LONGITUDE: 80 2 W
TEMPERATURE IN F: :PCPN: SNOW: WIND :SUNSHINE: SKY :PK WND
================================================================================
1 2 3 4 5 6A 6B 7 8 9 10 11 12 13 14 15 16 17 18
12Z AVG MX 2MIN
DY MAX MIN AVG DEP HDD CDD WTR SNW DPTH SPD SPD DIR MIN PSBL S-S WX SPD DR
================================================================================
1 96 78 87 5 0 22 0.00 0.0 0 8.8 16 260 M M 3 3 22 240
2 94 79 87 5 0 22 0.00 0.0 0 8.1 15 250 M M 6 22 210
3 94 74 84 2 0 19 0.10 0.0 0 4.9 20 350 M M 5 3 26 350
4 91 74 83 1 0 18 0.01 0.0 0 7.3 16 150 M M 5 1 22 170
5 91 75 83 1 0 18 0.00 0.0 0 6.2 18 160 M M 5 3 22 150
6 90 76 83 1 0 18 0.00 0.0 0 6.4 16 130 M M 4 3 21 130
7 89 75 82 0 0 17 0.00 0.0 0 4.2 18 170 M M 5 3 22 150
8 86 75 81 -1 0 16 0.01 0.0 0 5.3 15 350 M M 5 13 20 240
9 92 74 83 1 0 18 0.00 0.0 0 8.0 17 180 M M 3 20 210
10 93 74 84 2 0 19 0.00 0.0 0 7.3 16 250 M M 5 3 19 190
11 89 70 80 -2 0 15 0.31 0.0 0 6.4 31 250 M M 8 13 50 250
12 87 72 80 -2 0 15 0.67 0.0 0 7.4 31 290 M M 8 138 38 290
13 87 68 78 -4 0 13 0.00 0.0 0 7.5 15 60 M M 5 20 30
14 88 66 77 -5 0 12 0.00 0.0 0 5.5 14 20 M M 2 8 17 20
15 89 68 79 -3 0 14 T 0.0 0 6.6 15 190 M M 4 17 190
16 88 74 81 -1 0 16 0.03 0.0 0 6.0 16 340 M M 7 20 340
17 84 69 77 -5 0 12 T 0.0 0 5.6 13 110 M M 7 16 100
18 82 69 76 -5 0 11 0.32 0.0 0 6.9 17 110 M M 8 1 20 110
19 90 73 82 1 0 17 2.14 0.0 0 5.7 15 320 M M 7 13 19 320
20 91 72 82 1 0 17 T 0.0 0 4.3 17 180 M M 6 138 19 180
21 88 75 82 1 0 17 0.06 0.0 0 5.7 18 260 M M 7 13 26 260
22 87 72 80 -1 0 15 1.27 0.0 0 5.8 21 250 M M 8 13 26 260
23 87 73 80 -1 0 15 0.04 0.0 0 4.2 12 230 M M 8 1 13 210
24 86 74 80 -1 0 15 T 0.0 0 2.3 12 90 M M 8 14 90
25 87 71 79 -2 0 14 1.77 0.0 0 3.8 26 210 M M 9 13 30 210
26 88 72 80 0 0 15 0.01 0.0 0 3.2 10 220 M M 7 1 14 220
27 90 74 82 2 0 17 0.00 0.0 0 5.4 15 140 M M 6 19 140
28 87 74 81 1 0 16 0.10 0.0 0 7.4 18 140 M M 6 13 21 120
29 78 72 75 -5 0 10 2.99 0.0 0 5.6 21 170 M M 8 13 27 170
30 87 73 80 0 0 15 0.00 0.0 0 4.7 12 200 M M 6 14 210
31 90 74 82 2 0 17 0.00 0.0 0 3.9 12 170 M M 5 1 15 170
================================================================================
SM 2746 2259 0 495 9.83 0.0 180.4 M 186
================================================================================
AV 88.6 72.9 5.8 FASTST M M 6 MAX(MPH)
MISC ----> # 31 250 50 250
================================================================================
NOTES:
# LAST OF SEVERAL OCCURRENCES
COLUMN 17 PEAK WIND IN M.P.H.
PRELIMINARY LOCAL CLIMATOLOGICAL DATA (WS FORM: F-6) , PAGE 2
STATION: NORTH CHARLESTON SC
MONTH: AUGUST
YEAR: 2022
LATITUDE: 32 54 N
LONGITUDE: 80 2 W
[TEMPERATURE DATA] [PRECIPITATION DATA] SYMBOLS USED IN COLUMN 16
AVERAGE MONTHLY: 80.7 TOTAL FOR MONTH: 9.83 1 = FOG OR MIST
DPTR FM NORMAL: -0.7 DPTR FM NORMAL: 2.86 2 = FOG REDUCING VISIBILITY
HIGHEST: 96 ON 1 GRTST 24HR 3.09 ON 28-29 TO 1/4 MILE OR LESS
LOWEST: 66 ON 14 3 = THUNDER
SNOW, ICE PELLETS, HAIL 4 = ICE PELLETS
TOTAL MONTH: 0.0 INCH 5 = HAIL
GRTST 24HR 0.0 6 = FREEZING RAIN OR DRIZZLE
GRTST DEPTH: 0 7 = DUSTSTORM OR SANDSTORM:
VSBY 1/2 MILE OR LESS
8 = SMOKE OR HAZE
[NO. OF DAYS WITH] [WEATHER - DAYS WITH] 9 = BLOWING SNOW
X = TORNADO
MAX 32 OR BELOW: 0 0.01 INCH OR MORE: 15
MAX 90 OR ABOVE: 12 0.10 INCH OR MORE: 9
MIN 32 OR BELOW: 0 0.50 INCH OR MORE: 5
MIN 0 OR BELOW: 0 1.00 INCH OR MORE: 4
[HDD (BASE 65) ]
TOTAL THIS MO. 0 CLEAR (SCALE 0-3) 3
DPTR FM NORMAL 0 PTCLDY (SCALE 4-7) 26
TOTAL FM JUL 1 0 CLOUDY (SCALE 8-10) 2
DPTR FM NORMAL 0
[CDD (BASE 65) ]
TOTAL THIS MO. 495
DPTR FM NORMAL -15 [PRESSURE DATA]
TOTAL FM JAN 1 2021 HIGHEST SLP 30.25 ON 6
DPTR FM NORMAL 128 LOWEST SLP 29.82 ON 16
[REMARKS]
#FINAL-08-22#