000
CXUS52 KCHS 040206
CF6CHS
PRELIMINARY LOCAL CLIMATOLOGICAL DATA (WS FORM: F-6)
STATION: NORTH CHARLESTON SC
MONTH: MAY
YEAR: 2021
LATITUDE: 32 54 N
LONGITUDE: 80 2 W
TEMPERATURE IN F: :PCPN: SNOW: WIND :SUNSHINE: SKY :PK WND
================================================================================
1 2 3 4 5 6A 6B 7 8 9 10 11 12 13 14 15 16 17 18
12Z AVG MX 2MIN
DY MAX MIN AVG DEP HDD CDD WTR SNW DPTH SPD SPD DIR MIN PSBL S-S WX SPD DR
================================================================================
1 75 59 67 -3 0 2 0.00 0.0 0 9.8 17 160 M M 2 8 23 60
2 80 60 70 0 0 5 0.00 0.0 0 10.7 21 150 M M 6 25 180
3 88 67 78 8 0 13 0.58 0.0 0 10.9 25 330 M M 7 13 31 330
4 87 66 77 7 0 12 0.05 0.0 0 8.1 23 200 M M 7 13 27 210
5 84 69 77 6 0 12 0.00 0.0 0 10.5 22 250 M M 7 29 250
6 79 63 71 0 0 6 0.00 0.0 0 7.0 16 150 M M 4 20 140
7 77 54 66 -5 0 1 0.00 0.0 0 10.9 24 300 M M 2 1 34 320
8 80 50 65 -7 0 0 0.00 0.0 0 8.5 18 200 M M 1 23 210
9 82 57 70 -2 0 5 0.00 0.0 0 10.6 23 190 M M 3 29 220
10 82 70 76 4 0 11 0.00 0.0 0 10.3 20 250 M M 7 3 26 220
11 87 67 77 5 0 12 0.37 0.0 0 8.6 18 120 M M 6 13 24 360
12 72 49 61 -11 4 0 0.77 0.0 0 10.5 23 40 M M 10 13 32 30
13 72 48 60 -13 5 0 T 0.0 0 8.4 16 50 M M 4 1 27 30
14 76 51 64 -9 1 0 0.00 0.0 0 8.0 20 40 M M 0 26 40
15 79 49 64 -9 1 0 0.00 0.0 0 6.2 17 10 M M 1 23 20
16 82 51 67 -6 0 2 0.00 0.0 0 4.7 14 170 M M 2 17 180
17 81 55 68 -6 0 3 0.00 0.0 0 4.9 16 180 M M 3 1 22 180
18 81 62 72 -2 0 7 0.00 0.0 0 8.6 18 130 M M 6 23 120
19 81 63 72 -2 0 7 0.00 0.0 0 9.8 21 120 M M 4 26 130
20 81 59 70 -4 0 5 0.00 0.0 0 7.5 17 140 M M 2 27 100
21 84 58 71 -3 0 6 0.00 0.0 0 8.6 20 120 M M 1 26 120
22 85 60 73 -2 0 8 0.00 0.0 0 5.4 13 170 M M 4 18 160
23 91 64 78 3 0 13 0.00 0.0 0 7.5 16 210 M M 2 20 210
24 94 66 80 5 0 15 0.00 0.0 0 7.2 17 210 M M 4 20 200
25 92 68 80 5 0 15 0.00 0.0 0 6.6 16 190 M M 5 20 180
26 90 66 78 2 0 13 0.00 0.0 0 9.4 17 190 M M 5 20 200
27 94 72 83 7 0 18 0.00 0.0 0 9.2 16 200 M M 3 19 210
28 92 70 81 5 0 16 0.02 0.0 0 10.4 20 190 M M 2 25 200
29 87 69 78 2 0 13 1.67 0.0 0 10.6 31 290 M M 6 13 41 290
30 72 60 66 -10 0 1 0.00 0.0 0 8.8 16 20 M M 7 21 40
31 78 55 67 -10 0 2 0.00 0.0 0 7.0 17 120 M M 3 22 110
================================================================================
SM 2565 1877 11 223 3.46 0.0 265.2 M 126
================================================================================
AV 82.7 60.5 8.6 FASTST M M 4 MAX(MPH)
MISC ----> 31 290 41 290
================================================================================
NOTES:
# LAST OF SEVERAL OCCURRENCES
COLUMN 17 PEAK WIND IN M.P.H.
PRELIMINARY LOCAL CLIMATOLOGICAL DATA (WS FORM: F-6) , PAGE 2
STATION: NORTH CHARLESTON SC
MONTH: MAY
YEAR: 2021
LATITUDE: 32 54 N
LONGITUDE: 80 2 W
[TEMPERATURE DATA] [PRECIPITATION DATA] SYMBOLS USED IN COLUMN 16
AVERAGE MONTHLY: 71.6 TOTAL FOR MONTH: 3.46 1 = FOG OR MIST
DPTR FM NORMAL: -1.7 DPTR FM NORMAL: 0.14 2 = FOG REDUCING VISIBILITY
HIGHEST: 94 ON 27,24 GRTST 24HR 1.67 ON 29-29 TO 1/4 MILE OR LESS
LOWEST: 48 ON 13 3 = THUNDER
SNOW, ICE PELLETS, HAIL 4 = ICE PELLETS
TOTAL MONTH: 0.0 INCH 5 = HAIL
GRTST 24HR 0.0 6 = FREEZING RAIN OR DRIZZLE
GRTST DEPTH: 0 7 = DUSTSTORM OR SANDSTORM:
VSBY 1/2 MILE OR LESS
8 = SMOKE OR HAZE
[NO. OF DAYS WITH] [WEATHER - DAYS WITH] 9 = BLOWING SNOW
X = TORNADO
MAX 32 OR BELOW: 0 0.01 INCH OR MORE: 6
MAX 90 OR ABOVE: 6 0.10 INCH OR MORE: 4
MIN 32 OR BELOW: 0 0.50 INCH OR MORE: 3
MIN 0 OR BELOW: 0 1.00 INCH OR MORE: 1
[HDD (BASE 65) ]
TOTAL THIS MO. 11 CLEAR (SCALE 0-3) 11
DPTR FM NORMAL 2 PTCLDY (SCALE 4-7) 19
TOTAL FM JUL 1 1687 CLOUDY (SCALE 8-10) 1
DPTR FM NORMAL -155
[CDD (BASE 65) ]
TOTAL THIS MO. 223
DPTR FM NORMAL -43 [PRESSURE DATA]
TOTAL FM JAN 1 395 HIGHEST SLP 30.42 ON 21
DPTR FM NORMAL -12 LOWEST SLP 29.78 ON 29
[REMARKS]
#FINAL-05-21#