252
CXUS53 KDVN 011223
CLSCID
CLIMATE REPORT
NATIONAL WEATHER SERVICE QUAD CITIES IA IL
623 AM CST MON MAR 01 2021
...................................
...THE CEDAR RAPIDS IA CLIMATE SUMMARY FOR THE SEASON, FROM
12/1/2020 TO 2/28/2021...
CLIMATE NORMAL PERIOD 1981 TO 2010
CLIMATE RECORD PERIOD 1891 TO 2021
WEATHER OBSERVED NORMAL DEPART LAST YEAR`S
VALUE DATE(S) VALUE FROM VALUE
NORMAL
..............................................................
TEMPERATURE (F)
RECORD
HIGH 76 02/22/2017
LOW -30 01/31/2019
HIGHEST 58 12/10 39 19
LOWEST -21 02/07 11 -32
AVG. MAXIMUM 27.3 31.0 -3.7
AVG. MINIMUM 11.6 13.7 -2.1
MEAN 19.5 22.4 -2.9
DAYS MAX >= 90 0
DAYS MAX <= 32 55
DAYS MIN <= 32 90
DAYS MIN <= 0 19
PRECIPITATION (INCHES)
TOTALS 4.21 3.56 0.65
DAILY AVG. 0.05 0.04 0.01
DAYS >= .01 19
DAYS >= .10 11
DAYS >= .50 2
DAYS >= 1.00 1
GREATEST
24 HR. TOTAL 1.15 12/29 TO 12/29
DEGREE DAYS
HEATING TOTAL 4043 3837 206
SINCE 7/1 5485 5283 202
COOLING TOTAL 0 0 0
SINCE 1/1 0 0 0
..............................................................
WIND (MPH)
AVERAGE WIND SPEED 10.3
HIGHEST WIND SPEED/DIRECTION 41/300 DATE 12/23
HIGHEST GUST SPEED/DIRECTION 55/190 DATE 12/23
SKY COVER
POSSIBLE SUNSHINE (PERCENT) MM
AVERAGE SKY COVER 0.51
NUMBER OF DAYS FAIR 28
NUMBER OF DAYS PC 35
NUMBER OF DAYS CLOUDY 27
AVERAGE RH (PERCENT) 80
WEATHER CONDITIONS. NUMBER OF DAYS WITH
THUNDERSTORM 1 HAIL 0
SLEET 0 FOG 64
FOG W/VIS <= 1/4 MILE 18 HAZE 43
- INDICATES NEGATIVE NUMBERS.
R INDICATES RECORD WAS SET OR TIED.
MM INDICATES DATA IS MISSING.
T INDICATES TRACE AMOUNT.
$$
NOTE: SUPPLEMENTAL CLIMATE DATA WAS USED FROM A NEARBY
CLIMATOLOGICALLY REPRESENTATIVE STATION.