000
CXUS53 KDVN 011016
CLSCID
CLIMATE REPORT
NATIONAL WEATHER SERVICE QUAD CITIES IA IL
516 AM CDT THU SEP 01 2022
...................................
...THE CEDAR RAPIDS IA CLIMATE SUMMARY FOR THE SEASON, FROM
6/1/2022 TO 8/31/2022...
CLIMATE NORMAL PERIOD 1991 TO 2020
CLIMATE RECORD PERIOD 1891 TO 2022
WEATHER OBSERVED NORMAL DEPART LAST YEAR`S
VALUE DATE(S) VALUE FROM VALUE
NORMAL
..............................................................
TEMPERATURE (F)
RECORD
HIGH 110 07/05/1911
LOW 36 06/04/1945
HIGHEST 96 06/21 84 12
LOWEST 47 06/03 55 -8
AVG. MAXIMUM 82.8 81.3 1.5
AVG. MINIMUM 61.3 60.9 0.4
MEAN 72.1 71.1 1.0
DAYS MAX >= 90 9
DAYS MAX <= 32 0
DAYS MIN <= 32 0
DAYS MIN <= 0 0
PRECIPITATION (INCHES)
TOTALS 11.37 14.04 -2.67
DAILY AVG. 0.13 0.15 -0.02
DAYS >= .01 31
DAYS >= .10 20
DAYS >= .50 8
DAYS >= 1.00 2
GREATEST
24 HR. TOTAL 3.00 06/24 TO 06/25
DEGREE DAYS
HEATING TOTAL 7 44 -37
SINCE 7/1 0 13 -13
COOLING TOTAL 683 610 73
SINCE 1/1 788 669 119
..............................................................
WIND (MPH)
AVERAGE WIND SPEED 8.1
HIGHEST WIND SPEED/DIRECTION 39/330 DATE 07/05
HIGHEST GUST SPEED/DIRECTION 54/320 DATE 07/05
54/310 07/11
SKY COVER
POSSIBLE SUNSHINE (PERCENT) MM
AVERAGE SKY COVER 0.26
NUMBER OF DAYS FAIR 64
NUMBER OF DAYS PC 20
NUMBER OF DAYS CLOUDY 7
AVERAGE RH (PERCENT) 72
WEATHER CONDITIONS. NUMBER OF DAYS WITH
THUNDERSTORM 23 HAIL 0
SLEET 0 FOG 48
FOG W/VIS <= 1/4 MILE 2 HAZE 17
- INDICATES NEGATIVE NUMBERS.
R INDICATES RECORD WAS SET OR TIED.
MM INDICATES DATA IS MISSING.
T INDICATES TRACE AMOUNT.
$$