000
CXUS55 KOHX 011210
CF6CKV
PRELIMINARY LOCAL CLIMATOLOGICAL DATA (WS FORM: F-6)
STATION: CLARKSVILLE
MONTH: FEBRUARY
YEAR: 2022
LATITUDE: 36 37 N
LONGITUDE: 87 25 W
TEMPERATURE IN F: :PCPN: SNOW: WIND :SUNSHINE: SKY :PK WND
================================================================================
1 2 3 4 5 6A 6B 7 8 9 10 11 12 13 14 15 16 17 18
12Z AVG MX 2MIN
DY MAX MIN AVG DEP HDD CDD WTR SNW DPTH SPD SPD DIR MIN PSBL S-S WX SPD DR
================================================================================
1 67 33 50 12 15 0 0.00 M M 6.8 9 150 M M 0 30 200
2 58 35 47 9 18 0 0.60 M M 9.3 17 320 M M 10 1 27 170
3 35 28 32 -6 33 0 1.28 M M 13.9 21 360 M M 10 1 26 340
4 28 21 25 -13 40 0 0.01 M M 9.2 17 320 M M 8 168 23 360
5 34 17 26 -13 39 0 0.00 M M 3.6 9 10 M M 0 14 340
6 48 19 34 -5 31 0 0.00 M M 3.0 14 220 M M 0 19 210
7 44 22 33 -6 32 0 0.00 M M 4.6 16 330 M M 0 21 310
8 59 24 42 3 23 0 0.00 M M 7.7 17 220 M M 1 23 210
9 64 36 50 11 15 0 0.00 M M 9.3 25 300 M M 2 36 270
10 59 29 44 4 21 0 0.00 M M 4.1 17 260 M M 0 25 220
11 70 33 52 12 13 0 T M M 10.1 30 250 M M 4 43 240
12 47 19 33 -7 32 0 0.00 M M 10.7 21 340 M M 6 26 340
13 42 16 29 -11 36 0 0.00 M M 5.7 15 290 M M 0 19 340
14 50 19 35 -5 30 0 0.00 M M 3.7 9 180 M M 1 13 180
15 70 26 48 7 17 0 0.00 M M 8.2 21 200 M M 0 26 200
16 70 51 61 20 4 0 0.00 M M 16.2 30 190 M M 3 39 180
17 67 32 50 9 15 0 1.08 M M 18.6 31 290 M M 9 138 51 190
18 40 25 33 -8 32 0 0.00 M M 8.5 23 320 M M 4 28 320
19 45 27 36 -6 29 0 0.00 M M 7.0 17 340 M M 0 24 350
20 65 24 45 3 20 0 0.00 M M 9.5 23 220 M M 0 32 230
21 70 43 57 15 8 0 0.19 M M 11.7 25 190 M M 8 138 39 190
22 64 58 61 19 4 0 1.07 M M 14.4 28 230 M M 10 13 44 220
23 43 31 37 -6 28 0 0.25 M M 11.4 20 350 M M 10 168 26 350
24 40 33 37 -6 28 0 1.09 M M 6.8 17 280 M M 10 168 22 300
25 37 30 34 -9 31 0 T M M 10.9 18 330 M M 10 1 24 320
26 43 28 36 -8 29 0 0.00 M M 6.8 13 50 M M 5 18 60
27 54 31 43 -1 22 0 0.00 M M 6.0 14 330 M M 5 18 330
28 62 25 44 0 21 0 0.00 M M 3.0 13 210 M M 0 17 220
================================================================================
SM 1475 815 666 0 5.57 M 240.7 M 116
================================================================================
AV 52.7 29.1 8.6 FASTST M M 4 MAX(MPH)
MISC ----> 31 290 51 190
================================================================================
NOTES:
# LAST OF SEVERAL OCCURRENCES
COLUMN 17 PEAK WIND IN M.P.H.
PRELIMINARY LOCAL CLIMATOLOGICAL DATA (WS FORM: F-6) , PAGE 2
STATION: CLARKSVILLE
MONTH: FEBRUARY
YEAR: 2022
LATITUDE: 36 37 N
LONGITUDE: 87 25 W
[TEMPERATURE DATA] [PRECIPITATION DATA] SYMBOLS USED IN COLUMN 16
AVERAGE MONTHLY: 40.9 TOTAL FOR MONTH: 5.57 1 = FOG OR MIST
DPTR FM NORMAL: 0.2 DPTR FM NORMAL: 1.70 2 = FOG REDUCING VISIBILITY
HIGHEST: 70 ON 21,16 GRTST 24HR 1.36 ON 2- 3 TO 1/4 MILE OR LESS
LOWEST: 16 ON 13 3 = THUNDER
SNOW, ICE PELLETS, HAIL 4 = ICE PELLETS
TOTAL MONTH: M 5 = HAIL
GRTST 24HR M ON M 6 = FREEZING RAIN OR DRIZZLE
GRTST DEPTH: M ON M 7 = DUSTSTORM OR SANDSTORM:
VSBY 1/2 MILE OR LESS
8 = SMOKE OR HAZE
[NO. OF DAYS WITH] [WEATHER - DAYS WITH] 9 = BLOWING SNOW
X = TORNADO
MAX 32 OR BELOW: 1 0.01 INCH OR MORE: 8
MAX 90 OR ABOVE: 0 0.10 INCH OR MORE: 7
MIN 32 OR BELOW: 20 0.50 INCH OR MORE: 5
MIN 0 OR BELOW: 0 1.00 INCH OR MORE: 4
[HDD (BASE 65) ]
TOTAL THIS MO. 666 CLEAR (SCALE 0-3) 13
DPTR FM NORMAL -16 PTCLDY (SCALE 4-7) 8
TOTAL FM JUL 1 2716 CLOUDY (SCALE 8-10) 7
DPTR FM NORMAL -367
[CDD (BASE 65) ]
TOTAL THIS MO. 0
DPTR FM NORMAL -1 [PRESSURE DATA]
TOTAL FM JAN 1 1 HIGHEST SLP 30.59 ON 26
DPTR FM NORMAL 1 LOWEST SLP 29.49 ON 17
[REMARKS]
#FINAL-02-22#