000
CXUS56 KLOX 020031 RRC
CF6CMA
PRELIMINARY LOCAL CLIMATOLOGICAL DATA (WS FORM: F-6)
STATION: CAMARILLO AIRPORT CA
MONTH: NOVEMBER
YEAR: 2021
LATITUDE: 34 12 N
LONGITUDE: 119 6 W
TEMPERATURE IN F: :PCPN: SNOW: WIND :SUNSHINE: SKY :PK WND
================================================================================
1 2 3 4 5 6A 6B 7 8 9 10 11 12 13 14 15 16 17 18
12Z AVG MX 2MIN
DY MAX MIN AVG DEP HDD CDD WTR SNW DPTH SPD SPD DIR MIN PSBL S-S WX SPD DR
================================================================================
1 65 51 58 -5 7 0 0.00 M M 3.7 13 290 M M 1 18 15 290
2 67 55 61 -2 4 0 0.00 M M 3.4 12 210 M M 7 128 17 250
3 70 52 61 -2 4 0 0.00 M M 3.5 12 260 M M 6 12 15 260
4 71 53 62 -1 3 0 0.00 M M 3.2 8 230 M M 6 128 12 210
5 68 51 60 -3 5 0 0.00 M M 4.1 10 200 M M 7 128 14 200
6 64 52 58 -5 7 0 0.00 M M 3.2 10 220 M M 6 128 16 210
7 65 50 58 -4 7 0 0.00 M M 3.2 10 80 M M 6 18 13 90
8 66 48 57 -5 8 0 0.00 M M 3.9 12 210 M M 1 18 19 240
9 65 49 57 -5 8 0 0.00 M M 3.6 12 240 M M 7 18 17 260
10 70 53 62 0 3 0 0.00 M M 3.9 10 200 M M 3 18 14 210
11 93 53 73 11 0 8 0.00 M M 9.0 25 70 M M 0 34 70
12 95 59 77 15 0 12 0.00 M M 9.6 26 50 M M 0 37 50
13 92 55 74 13 0 9 0.00 M M 3.2 13 110 M M 0 18 110
14 82 50 66 5 0 1 0.00 M M 3.4 9 220 M M 0 13 220
15 75 48 62 1 3 0 0.00 M M 3.5 9 280 M M 3 12 13 260
16 64 53 59 -2 6 0 0.00 M M 3.9 12 210 M M 5 128 15 220
17 66 48 57 -3 8 0 0.00 M M 3.3 12 230 M M 5 18 15 260
18 66 46 56 -4 9 0 0.00 M M 2.9 12 240 M M 2 18 15 230
19 65 50 58 -2 7 0 0.00 M M 3.3 13 200 M M 6 18 17 220
20 64 48 56 -4 9 0 0.00 M M 2.8 9 260 M M 3 18 13 240
21 84 47 66 6 0 1 0.00 M M 20.0 33 70 M M 0 18 43 50
22 85 57 71 12 0 6 0.00 M M 12.2 24 70 M M 0 32 80
23 75 49 62 3 3 0 0.00 M M 3.8 14 230 M M 0 18 240
24 78 41 60 1 5 0 0.00 M M 11.9 33 70 M M 0 45 70
25 77 62 70 11 0 5 0.00 M M 19.7 40 60 M M 0 59 70
26 82 45 64 6 1 0 0.00 M M 8.4 23 290 M M 0 28 290
27 74 42 58 0 7 0 0.00 M M 3.6 12 240 M M 0 17 240
28 75 40 58 0 7 0 0.00 M M 2.1 10 240 M M 0 14 240
29 75 43 59 1 6 0 0.00 M M 3.1 9 200 M M 1 12 12 200
30 68 42 55 -3 10 0 0.00 M M 2.4 9 270 M M 1 18 12 270
================================================================================
SM 2206 1492 137 42 0.00 M 167.8 M 76
================================================================================
AV 73.5 49.7 5.6 FASTST M M 3 MAX(MPH)
MISC ----> 40 60 59 70
================================================================================
NOTES:
# LAST OF SEVERAL OCCURRENCES
COLUMN 17 PEAK WIND IN M.P.H.
PRELIMINARY LOCAL CLIMATOLOGICAL DATA (WS FORM: F-6) , PAGE 2
STATION: CAMARILLO AIRPORT CA
MONTH: NOVEMBER
YEAR: 2021
LATITUDE: 34 12 N
LONGITUDE: 119 6 W
[TEMPERATURE DATA] [PRECIPITATION DATA] SYMBOLS USED IN COLUMN 16
AVERAGE MONTHLY: 61.6 TOTAL FOR MONTH: 0.00 1 = FOG OR MIST
DPTR FM NORMAL: 0.9 DPTR FM NORMAL: -0.87 2 = FOG REDUCING VISIBILITY
HIGHEST: 95 ON 12 GRTST 24HR 0.00 ON 1- 1 TO 1/4 MILE OR LESS
LOWEST: 40 ON 28 3 = THUNDER
SNOW, ICE PELLETS, HAIL 4 = ICE PELLETS
TOTAL MONTH: M 5 = HAIL
GRTST 24HR M ON M 6 = FREEZING RAIN OR DRIZZLE
GRTST DEPTH: M ON M 7 = DUSTSTORM OR SANDSTORM:
VSBY 1/2 MILE OR LESS
8 = SMOKE OR HAZE
[NO. OF DAYS WITH] [WEATHER - DAYS WITH] 9 = BLOWING SNOW
X = TORNADO
MAX 32 OR BELOW: 0 0.01 INCH OR MORE: 0
MAX 90 OR ABOVE: 3 0.10 INCH OR MORE: 0
MIN 32 OR BELOW: 0 0.50 INCH OR MORE: 0
MIN 0 OR BELOW: 0 1.00 INCH OR MORE: 0
[HDD (BASE 65) ]
TOTAL THIS MO. 137 CLEAR (SCALE 0-3) 19
DPTR FM NORMAL -18 PTCLDY (SCALE 4-7) 11
TOTAL FM JUL 1 196 CLOUDY (SCALE 8-10) 0
DPTR FM NORMAL -31
[CDD (BASE 65) ]
TOTAL THIS MO. 42
DPTR FM NORMAL 16 [PRESSURE DATA]
TOTAL FM JAN 1 889 HIGHEST SLP 30.33 ON 25
DPTR FM NORMAL 251 LOWEST SLP 29.91 ON 23
[REMARKS]
#FINAL-11-21#