000
CXUS53 KILX 012135
CLMCMI
CLIMATE REPORT
NATIONAL WEATHER SERVICE LINCOLN IL
335 PM CST MON JAN 01 2024
...................................
...THE CHAMPAIGN IL AIRPORT CLIMATE SUMMARY FOR THE MONTH OF DECEMBER 2023...
CLIMATE NORMAL PERIOD 1991 TO 2020
CLIMATE RECORD PERIOD 9999 TO 9999
WEATHER OBSERVED NORMAL DEPART LAST YEAR`S
VALUE DATE(S) VALUE FROM VALUE
NORMAL
..............................................................
TEMPERATURE (F)
RECORD
HIGH MM MM
LOW -9 12/23/2022
HIGHEST 63 12/24 MM MM 58
LOWEST 14 12/19 MM MM -9
AVG. MAXIMUM 46.4 39.1 7.3 39.0
AVG. MINIMUM 32.6 23.6 9.0 23.5
MEAN 39.5 31.3 8.2 31.3
DAYS MAX >= 90 0 0.0 0.0 0
DAYS MAX <= 32 0 9.1 -9.1 8
DAYS MIN <= 32 16 25.2 -9.2 20
DAYS MIN <= 0 0 1.1 -1.1 3
PRECIPITATION (INCHES)
RECORD
MAXIMUM 2.58 2022
MINIMUM 1.37 2020
TOTALS 3.23 2.14 1.09 2.58
DAILY AVG. 0.10 0.07 0.03 0.09
DAYS >= .01 12 9.6 2.4 8
DAYS >= .10 7 4.9 2.1 4
DAYS >= .50 2 1.3 0.7 2
DAYS >= 1.00 1 0.2 0.8 1
GREATEST
24 HR. TOTAL 1.08 11/30 TO 12/01 1.48
DEGREE DAYS
HEATING TOTAL 785 1043 -258 1037
SINCE 7/1 1733 2147 -414 MM
COOLING TOTAL 0 0 0 0
SINCE 1/1 1074 1054 20 MM
..............................................................
WIND (MPH)
AVERAGE WIND SPEED 10.6
HIGHEST WIND SPEED/DIRECTION 35/320 DATE 12/18
HIGHEST GUST SPEED/DIRECTION 47/320 DATE 12/18
AVERAGE RH (PERCENT) 78
WEATHER CONDITIONS. NUMBER OF DAYS WITH
THUNDERSTORM 0 MIXED PRECIP 3
HEAVY RAIN 1 RAIN 5
LIGHT RAIN 13 FREEZING RAIN 0
LT FREEZING RAIN 1 HAIL 0
HEAVY SNOW 0 SNOW 1
LIGHT SNOW 4 SLEET 0
FOG 18 FOG W/VIS <= 1/4 MILE 3
HAZE 3
- INDICATES NEGATIVE NUMBERS.
R INDICATES RECORD WAS SET OR TIED.
MM INDICATES DATA IS MISSING.
T INDICATES TRACE AMOUNT.
$$