000
CXUS53 KICT 020054
CF6CNU
PRELIMINARY LOCAL CLIMATOLOGICAL DATA (WS FORM: F-6)
STATION: CHANUTE KS
MONTH: DECEMBER
YEAR: 2020
LATITUDE: 37 40 N
LONGITUDE: 95 29 W
TEMPERATURE IN F: :PCPN: SNOW: WIND :SUNSHINE: SKY :PK WND
================================================================================
1 2 3 4 5 6A 6B 7 8 9 10 11 12 13 14 15 16 17 18
12Z AVG MX 2MIN
DY MAX MIN AVG DEP HDD CDD WTR SNW DPTH SPD SPD DIR MIN PSBL S-S WX SPD DR
================================================================================
1 56 25 41 2 24 0 0.00 M M 10.4 21 150 M M 0 26 160
2 56 34 45 7 20 0 0.32 M M 8.1 15 140 M M 7 1 22 110
3 42 30 36 -2 29 0 0.23 M M 5.9 14 340 M M 9 1 17 340
4 56 27 42 4 23 0 0.00 M M 6.4 13 250 M M 0 1 16 230
5 56 31 44 7 21 0 0.00 M M 6.9 14 340 M M 0 21 340
6 53 29 41 4 24 0 0.00 M M 6.7 16 360 M M 0 21 360
7 65 24 45 9 20 0 0.00 M M 4.9 13 320 M M 0 1 16 270
8 61 28 45 9 20 0 0.00 M M 6.0 14 320 M M 0 17 320
9 71 33 52 16 13 0 0.00 M M 4.5 9 200 M M 0 10 210
10 71 32 52 16 13 0 0.00 M M 6.4 13 170 M M 0 17 160
11 55 40 48 13 17 0 0.01 M M 9.6 20 180 M M 9 26 190
12 40 35 38 3 27 0 0.00 M M 10.4 21 310 M M 10 27 310
13 40 25 33 -2 32 0 0.00 M M 8.2 15 20 M M 7 22 10
14 36 22 29 -5 36 0 0.00 M M 4.5 12 130 M M 4 1 16 120
15 34 26 30 -4 35 0 T M M 7.6 12 40 M M 5 1 18 70
16 31 17 24 -10 41 0 T M M 5.3 13 300 M M 7 1 16 330
17 51 22 37 3 28 0 0.00 M M 7.0 10 180 M M 0 1 14 190
18 54 32 43 9 22 0 0.00 M M 14.4 32 180 M M 1 43 190
19 50 26 38 4 27 0 0.00 M M 4.8 12 310 M M 0 16 340
20 57 28 43 10 22 0 0.00 M M 8.2 15 300 M M 0 20 330
21 66 34 50 17 15 0 0.00 M M 6.6 15 330 M M 0 20 300
22 67 30 49 16 16 0 0.00 M M 15.6 30 180 M M 0 44 180
23 60 27 44 11 21 0 0.00 M M 21.7 33 180 M M 4 48 170
24 37 18 28 -5 37 0 0.00 M M 10.7 18 340 M M 3 28 320
25 41 11 26 -7 39 0 0.00 M M 6.5 15 190 M M 0 20 180
26 66 27 47 14 18 0 0.00 M M 8.9 20 200 M M 0 28 210
27 60 35 48 15 17 0 0.00 M M 12.1 24 320 M M 0 31 330
28 40 24 32 -1 33 0 0.00 M M 6.3 13 50 M M 3 18 60
29 52 35 44 12 21 0 0.83 M M 14.0 22 160 M M 10 1 32 170
30 42 26 34 2 31 0 0.05 M M 8.3 17 350 M M 4 23 340
31 37 22 30 -2 35 0 0.03 M M 9.3 20 50 M M 1 6 29 60
================================================================================
SM 1603 855 777 0 1.47 M 266.2 M 84
================================================================================
AV 51.7 27.6 8.6 FASTST M M 3 MAX(MPH)
MISC ----> 33 180 48 170
================================================================================
NOTES:
# LAST OF SEVERAL OCCURRENCES
COLUMN 17 PEAK WIND IN M.P.H.
PRELIMINARY LOCAL CLIMATOLOGICAL DATA (WS FORM: F-6) , PAGE 2
STATION: CHANUTE KS
MONTH: DECEMBER
YEAR: 2020
LATITUDE: 37 40 N
LONGITUDE: 95 29 W
[TEMPERATURE DATA] [PRECIPITATION DATA] SYMBOLS USED IN COLUMN 16
AVERAGE MONTHLY: 39.6 TOTAL FOR MONTH: 1.47 1 = FOG OR MIST
DPTR FM NORMAL: 4.9 DPTR FM NORMAL: -0.28 2 = FOG REDUCING VISIBILITY
HIGHEST: 71 ON 10, 9 GRTST 24HR 0.88 ON 29-30 TO 1/4 MILE OR LESS
LOWEST: 11 ON 25 3 = THUNDER
SNOW, ICE PELLETS, HAIL 4 = ICE PELLETS
TOTAL MONTH: M 5 = HAIL
GRTST 24HR M ON M 6 = FREEZING RAIN OR DRIZZLE
GRTST DEPTH: M ON M 7 = DUSTSTORM OR SANDSTORM:
VSBY 1/2 MILE OR LESS
8 = SMOKE OR HAZE
[NO. OF DAYS WITH] [WEATHER - DAYS WITH] 9 = BLOWING SNOW
X = TORNADO
MAX 32 OR BELOW: 1 0.01 INCH OR MORE: 6
MAX 90 OR ABOVE: 0 0.10 INCH OR MORE: 3
MIN 32 OR BELOW: 24 0.50 INCH OR MORE: 1
MIN 0 OR BELOW: 0 1.00 INCH OR MORE: 0
[HDD (BASE 65) ]
TOTAL THIS MO. 777 CLEAR (SCALE 0-3) 20
DPTR FM NORMAL -164 PTCLDY (SCALE 4-7) 7
TOTAL FM JUL 1 1536 CLOUDY (SCALE 8-10) 4
DPTR FM NORMAL -256
[CDD (BASE 65) ]
TOTAL THIS MO. 0
DPTR FM NORMAL 0 [PRESSURE DATA]
TOTAL FM JAN 1 1778 HIGHEST SLP 30.47 ON 28
DPTR FM NORMAL 246 LOWEST SLP 29.52 ON 23
[REMARKS]
#FINAL-12-20#