000
CXUS51 KGYX 022005
CF6CON
PRELIMINARY LOCAL CLIMATOLOGICAL DATA (WS FORM: F-6)
STATION: CONCORD NH
MONTH: OCTOBER
YEAR: 2021
LATITUDE: 43 12 N
LONGITUDE: 71 30 W
TEMPERATURE IN F: :PCPN: SNOW: WIND :SUNSHINE: SKY :PK WND
================================================================================
1 2 3 4 5 6A 6B 7 8 9 10 11 12 13 14 15 16 17 18
12Z AVG MX 2MIN
DY MAX MIN AVG DEP HDD CDD WTR SNW DPTH SPD SPD DIR MIN PSBL S-S WX SPD DR
================================================================================
1 64 36 50 -5 15 0 0.00 0.0 0 4.1 17 310 M M 4 22 320
2 68 45 57 2 8 0 T 0.0 0 1.8 7 30 M M 8 11 280
3 60 54 57 3 8 0 0.09 0.0 0 1.9 7 60 M M 10 1 10 50
4 58 52 55 1 10 0 0.52 0.0 0 4.3 10 60 M M 10 1 16 40
5 65 51 58 5 7 0 0.05 0.0 0 1.4 7 20 M M 8 11 20
6 74 50 62 9 3 0 0.00 0.0 0 0.6 7 290 M M 6 12 10 210
7 76 49 63 10 2 0 0.00 0.0 0 1.7 9 330 M M 4 12 12 340
8 74 46 60 8 5 0 0.00 0.0 0 2.9 15 110 M M 6 12 21 100
9 60 43 52 0 13 0 0.00 0.0 0 3.3 10 100 M M 6 1 14 100
10 64 47 56 5 9 0 0.00 0.0 0 1.3 9 110 M M 7 12 100
11 70 51 61 10 4 0 0.00 0.0 0 1.7 8 230 M M 5 12 11 180
12 77 51 64 13 1 0 0.00 0.0 0 0.9 7 220 M M 4 12 11 250
13 77 50 64 14 1 0 0.00 0.0 0 2.2 10 160 M M 3 12 14 140
14 78 49 64 14 1 0 0.00 0.0 0 2.1 10 340 M M 4 1 14 310
15 72 54 63 13 2 0 T 0.0 0 2.4 9 180 M M 9 1 12 180
16 77 57 67 18 0 2 0.38 0.0 0 8.5 23 180 M M 6 1 34 180
17 63 49 56 7 9 0 0.11 0.0 0 7.2 21 310 M M 6 1 29 290
18 59 41 50 2 15 0 T 0.0 0 8.5 22 330 M M 6 29 330
19 62 41 52 4 13 0 0.00 0.0 0 9.0 25 280 M M 5 35 280
20 73 37 55 7 10 0 0.00 0.0 0 2.6 17 320 M M 2 21 330
21 73 41 57 9 8 0 0.00 0.0 0 2.1 14 210 M M 2 18 20 200
22 70 45 58 11 7 0 T 0.0 0 6.5 16 250 M M 5 12 22 230
23 56 33 45 -2 20 0 0.00 0.0 0 5.2 12 270 M M 3 17 250
24 57 27 42 -4 23 0 0.00 0.0 0 4.7 20 310 M M 0 28 320
25 45 41 43 -3 22 0 0.35 0.0 0 4.5 10 20 M M 10 1 14 40
26 52 45 49 3 16 0 0.40 0.0 0 11.9 20 360 M M 10 1 30 360
27 56 48 52 7 13 0 0.02 0.0 0 12.6 24 10 M M 10 36 10
28 54 29 42 -3 23 0 0.00 0.0 0 4.4 15 40 M M 3 20 30
29 57 29 43 -2 22 0 0.00 0.0 0 2.7 12 60 M M 6 12 15 140
30 54 45 50 6 15 0 1.11 0.0 0 6.9 16 70 M M 10 1 24 60
31 65 51 58 14 7 0 1.14 0.0 0 8.1 17 230 M M 7 1 23 240
================================================================================
SM 2010 1387 312 2 4.17 0.0 138.0 M 185
================================================================================
AV 64.8 44.7 4.5 FASTST M M 6 MAX(MPH)
MISC ----> 25 280 36 10
================================================================================
NOTES:
# LAST OF SEVERAL OCCURRENCES
COLUMN 17 PEAK WIND IN M.P.H.
PRELIMINARY LOCAL CLIMATOLOGICAL DATA (WS FORM: F-6) , PAGE 2
STATION: CONCORD NH
MONTH: OCTOBER
YEAR: 2021
LATITUDE: 43 12 N
LONGITUDE: 71 30 W
[TEMPERATURE DATA] [PRECIPITATION DATA] SYMBOLS USED IN COLUMN 16
AVERAGE MONTHLY: 54.8 TOTAL FOR MONTH: 4.17 1 = FOG OR MIST
DPTR FM NORMAL: 5.5 DPTR FM NORMAL: -0.26 2 = FOG REDUCING VISIBILITY
HIGHEST: 78 ON 14 GRTST 24HR 2.21 ON 30-31 TO 1/4 MILE OR LESS
LOWEST: 27 ON 24 3 = THUNDER
SNOW, ICE PELLETS, HAIL 4 = ICE PELLETS
TOTAL MONTH: 0.0 INCH 5 = HAIL
GRTST 24HR 0.0 6 = FREEZING RAIN OR DRIZZLE
GRTST DEPTH: 0 7 = DUSTSTORM OR SANDSTORM:
VSBY 1/2 MILE OR LESS
8 = SMOKE OR HAZE
[NO. OF DAYS WITH] [WEATHER - DAYS WITH] 9 = BLOWING SNOW
X = TORNADO
MAX 32 OR BELOW: 0 0.01 INCH OR MORE: 10
MAX 90 OR ABOVE: 0 0.10 INCH OR MORE: 7
MIN 32 OR BELOW: 3 0.50 INCH OR MORE: 3
MIN 0 OR BELOW: 0 1.00 INCH OR MORE: 2
[HDD (BASE 65) ]
TOTAL THIS MO. 312 CLEAR (SCALE 0-3) 5
DPTR FM NORMAL -176 PTCLDY (SCALE 4-7) 19
TOTAL FM JUL 1 421 CLOUDY (SCALE 8-10) 7
DPTR FM NORMAL -258
[CDD (BASE 65) ]
TOTAL THIS MO. 2
DPTR FM NORMAL -1 [PRESSURE DATA]
TOTAL FM JAN 1 658 HIGHEST SLP 30.40 ON 6
DPTR FM NORMAL 130 LOWEST SLP 29.28 ON 31
[REMARKS]
#FINAL-10-21#