000
CXUS55 KPUB 011501
CF6COS
PRELIMINARY LOCAL CLIMATOLOGICAL DATA (WS FORM: F-6)
STATION: COLORADO SPRINGS CO
MONTH: SEPTEMBER
YEAR: 2023
LATITUDE: 38 49 N
LONGITUDE: 104 43 W
TEMPERATURE IN F: :PCPN: SNOW: WIND :SUNSHINE: SKY :PK WND
================================================================================
1 2 3 4 5 6A 6B 7 8 9 10 11 12 13 14 15 16 17 18
12Z AVG MX 2MIN
DY MAX MIN AVG DEP HDD CDD WTR SNW DPTH SPD SPD DIR MIN PSBL S-S WX SPD DR
================================================================================
1 96 58 77 9 0 12 0.00 0.0 0 8.2 21 150 M M 3 27 170
2 92 62 77 10 0 12 0.00 0.0 0 6.8 17 170 M M 6 27 170
3 91 64 78 11 0 13 T 0.0 0 9.3 32 200 M M 5 3 40 200
4 90 57 74 7 0 9 0.00 0.0 0 10.7 30 210 M M 1 41 190
5 81 53 67 1 0 2 0.00 0.0 0 7.8 20 150 M M 2 26 150
6 85 51 68 2 0 3 0.00 0.0 0 7.3 20 140 M M 0 25 150
7 91 56 74 8 0 9 0.00 0.0 0 7.3 21 40 M M 2 26 40
8 88 55 72 6 0 7 0.00 0.0 0 11.2 26 150 M M 1 33 160
9 89 51 70 4 0 5 0.00 0.0 0 7.8 21 100 M M 3 30 110
10 77 55 66 1 0 1 0.64 0.0 0 8.9 30 330 M M 6 13 44 330
11 64 53 59 -6 6 0 0.73 0.0 0 6.6 17 360 M M 9 13 21 360
12 65 52 59 -5 6 0 0.01 0.0 0 7.4 14 160 M M 9 12 17 130
13 71 51 61 -3 4 0 0.00 0.0 0 4.8 13 200 M M 6 16 160
14 76 48 62 -2 3 0 0.08 0.0 0 7.9 28 360 M M 5 13 37 360
15 57 46 52 -12 13 0 0.28 0.0 0 8.6 18 340 M M 9 1 24 340
16 73 43 58 -5 7 0 0.00 0.0 0 4.5 12 160 M M 1 16 180
17 80 47 64 1 1 0 0.00 0.0 0 7.2 22 140 M M 2 27 160
18 81 53 67 5 0 2 T 0.0 0 9.3 28 300 M M 6 3 39 300
19 77 53 65 3 0 0 T 0.0 0 9.3 23 300 M M 6 33 310
20 79 46 63 1 2 0 T 0.0 0 7.9 36 250 M M 5 3 47 230
21 79 50 65 4 0 0 0.00 0.0 0 9.1 25 210 M M 4 35 200
22 81 50 66 5 0 1 0.00 0.0 0 8.6 29 270 M M 2 47 240
23 73 47 60 0 5 0 0.00 0.0 0 7.7 20 150 M M 5 26 160
24 74 44 59 -1 6 0 0.00 0.0 0 4.9 15 170 M M 1 20 170
25 79 47 63 3 2 0 0.00 0.0 0 7.8 20 170 M M 1 26 160
26 84 53 69 10 0 4 0.00 0.0 0 5.6 16 130 M M 1 22 120
27 83 50 67 8 0 2 0.00 0.0 0 8.3 21 180 M M 2 27 170
28 86 51 69 11 0 4 0.00 0.0 0 7.7 17 160 M M 5 22 160
29 84 54 69 11 0 4 0.00 0.0 0 10.4 25 150 M M 3 34 160
30 84 49 67 10 0 2 0.06 0.0 0 9.2 39 230 M M 6 3 54 200
================================================================================
SM 2410 1549 55 92 1.80 0.0 238.1 M 117
================================================================================
AV 80.3 51.6 7.9 FASTST M M 4 MAX(MPH)
MISC ----> 39 230 54 200
================================================================================
NOTES:
COLUMN 7; RESTORED 0.01 INCHES ON THE 10TH THAT WAS FLAGGED AS INVALID BY ASOS
BUT WAS RECORDED BY THE AWPAG AND DETERMINED TO BE ACTUAL PRECIP.
COLUMN 17 PEAK WIND IN M.P.H.
PRELIMINARY LOCAL CLIMATOLOGICAL DATA (WS FORM: F-6) , PAGE 2
STATION: COLORADO SPRINGS CO
MONTH: SEPTEMBER
YEAR: 2023
LATITUDE: 38 49 N
LONGITUDE: 104 43 W
[TEMPERATURE DATA] [PRECIPITATION DATA] SYMBOLS USED IN COLUMN 16
AVERAGE MONTHLY: 66.0 TOTAL FOR MONTH: 1.80 1 = FOG OR MIST
DPTR FM NORMAL: 3.0 DPTR FM NORMAL: 0.45 2 = FOG REDUCING VISIBILITY
HIGHEST: 96 ON 1 GRTST 24HR 1.37 ON 10-11 TO 1/4 MILE OR LESS
LOWEST: 43 ON 16 3 = THUNDER
SNOW, ICE PELLETS, HAIL 4 = ICE PELLETS
TOTAL MONTH: 0.0 INCH 5 = HAIL
GRTST 24HR 0.0 6 = FREEZING RAIN OR DRIZZLE
GRTST DEPTH: 0 7 = DUSTSTORM OR SANDSTORM:
VSBY 1/2 MILE OR LESS
8 = SMOKE OR HAZE
[NO. OF DAYS WITH] [WEATHER - DAYS WITH] 9 = BLOWING SNOW
X = TORNADO
MAX 32 OR BELOW: 0 0.01 INCH OR MORE: 6
MAX 90 OR ABOVE: 5 0.10 INCH OR MORE: 3
MIN 32 OR BELOW: 0 0.50 INCH OR MORE: 2
MIN 0 OR BELOW: 0 1.00 INCH OR MORE: 0
[HDD (BASE 65) ]
TOTAL THIS MO. 55 CLEAR (SCALE 0-3) 15
DPTR FM NORMAL -67 PTCLDY (SCALE 4-7) 12
TOTAL FM JUL 1 60 CLOUDY (SCALE 8-10) 3
DPTR FM NORMAL -81
[CDD (BASE 65) ]
TOTAL THIS MO. 92
DPTR FM NORMAL 30 [PRESSURE DATA]
TOTAL FM JAN 1 612 HIGHEST SLP 30.28 ON 16
DPTR FM NORMAL 7 LOWEST SLP 29.51 ON 4
[REMARKS]
#FINAL-09-23#