000
CXUS54 KCRP 090234
CF6COT
PRELIMINARY LOCAL CLIMATOLOGICAL DATA (WS FORM: F-6)
STATION: COTULLA
MONTH: JULY
YEAR: 2022
LATITUDE: 28 27 N
LONGITUDE: 99 13 W
TEMPERATURE IN F: :PCPN: SNOW: WIND :SUNSHINE: SKY :PK WND
================================================================================
1 2 3 4 5 6A 6B 7 8 9 10 11 12 13 14 15 16 17 18
12Z AVG MX 2MIN
DY MAX MIN AVG DEP HDD CDD WTR SNW DPTH SPD SPD DIR MIN PSBL S-S WX SPD DR
================================================================================
1 107 78 93 7 0 28 0.00 0.0 0 8.9 29 140 M M 1 37 120
2 107 79 93 7 0 28 0.00 0.0 0 11.1 24 150 M M 1 3 31 140
3 103 82 93 7 0 28 0.00 0.0 0 12.7 26 130 M M 2 34 140
4 106 77 92 6 0 27 0.00 0.0 0 14.3 28 130 M M 3 37 140
5 107 79 93 7 0 28 0.00 0.0 0 12.5 25 130 M M 1 33 150
6 107 77 92 6 0 27 0.00 0.0 0 11.7 26 130 M M 0 34 130
7 107 78 93 7 0 28 0.00 0.0 0 10.9 24 130 M M 0 32 140
8 108 80 94 8 0 29 0.00 0.0 0 9.1 24 140 M M 1 33 140
9 109 79 94 8 0 29 0.00 0.0 0 7.9 21 140 M M 0 28 140
10 109 79 94 8 0 29 0.00 0.0 0 7.6 18 160 M M 1 28 150
11 111 82 97 11 0 32 0.00 0.0 0 8.2 22 150 M M 1 31 140
12 109 81 95 9 0 30 0.00 0.0 0 10.1 21 140 M M 1 30 140
13 108 79 94 7 0 29 0.00 0.0 0 9.3 25 130 M M 1 32 150
14 106 77 92 5 0 27 0.05 0.0 0 9.2 35 140 M M 2 3 44 140
15 100 75 88 1 0 23 T 0.0 0 7.2 24 120 M M 2 3 33 130
16 106 76 91 4 0 26 0.00 0.0 0 9.8 23 130 M M 1 33 120
17 108 74 91 4 0 26 0.00 0.0 0 11.9 24 130 M M 0 34 140
18 107 78 93 6 0 28 0.00 0.0 0 9.2 25 130 M M 0 34 130
19 110 79 95 8 0 30 0.00 0.0 0 10.3 26 130 M M 1 33 130
20 109 80 95 8 0 30 0.00 0.0 0 12.0 28 140 M M 0 36 130
21 108 80 94 7 0 29 0.00 0.0 0 12.3 30 130 M M 4 38 130
22 108 80 94 7 0 29 0.00 0.0 0 13.3 26 140 M M 2 36 140
23 106 78 92 4 0 27 0.00 0.0 0 12.3 28 130 M M 2 36 130
24 107 79 93 5 0 28 0.00 0.0 0 14.4 28 130 M M 1 38 140
25 106 78 92 4 0 27 0.00 0.0 0 13.0 25 140 M M 1 35 150
26 107 77 92 4 0 27 0.00 0.0 0 12.0 25 130 M M 1 35 130
27 104 79 92 4 0 27 0.00 0.0 0 11.7 24 140 M M 1 33 130
28 106 79 93 5 0 28 0.00 0.0 0 12.7 26 130 M M 2 36 130
29 107 79 93 5 0 28 0.00 0.0 M 13.2 30 140 M M 1 40 150
30 107 77 92 4 0 27 0.00 0.0 M 11.6 26 140 M M 0 36 150
31 105 77 91 3 0 26 0.00 0.0 0 11.5 23 140 M M 1 32 140
================================================================================
SM 3315 2432 0 865 0.05 0.0 341.9 M 35
================================================================================
AV106.9 78.5 11.0 FASTST M M 1 MAX(MPH)
MISC ----> 35 140 44 140
================================================================================
NOTES:
# LAST OF SEVERAL OCCURRENCES
COLUMN 17 PEAK WIND IN M.P.H.
PRELIMINARY LOCAL CLIMATOLOGICAL DATA (WS FORM: F-6) , PAGE 2
STATION: COTULLA
MONTH: JULY
YEAR: 2022
LATITUDE: 28 27 N
LONGITUDE: 99 13 W
[TEMPERATURE DATA] [PRECIPITATION DATA] SYMBOLS USED IN COLUMN 16
AVERAGE MONTHLY: 92.7 TOTAL FOR MONTH: 0.05 1 = FOG OR MIST
DPTR FM NORMAL: 5.7 DPTR FM NORMAL: -2.21 2 = FOG REDUCING VISIBILITY
HIGHEST: 111 ON 11 GRTST 24HR 0.05 ON 14-14 TO 1/4 MILE OR LESS
LOWEST: 74 ON 17 3 = THUNDER
SNOW, ICE PELLETS, HAIL 4 = ICE PELLETS
TOTAL MONTH: 0.0 INCH 5 = HAIL
GRTST 24HR 0.0 6 = FREEZING RAIN OR DRIZZLE
GRTST DEPTH: 0 7 = DUSTSTORM OR SANDSTORM:
VSBY 1/2 MILE OR LESS
8 = SMOKE OR HAZE
[NO. OF DAYS WITH] [WEATHER - DAYS WITH] 9 = BLOWING SNOW
X = TORNADO
MAX 32 OR BELOW: 0 0.01 INCH OR MORE: 1
MAX 90 OR ABOVE: 31 0.10 INCH OR MORE: 0
MIN 32 OR BELOW: 0 0.50 INCH OR MORE: 0
MIN 0 OR BELOW: 0 1.00 INCH OR MORE: 0
[HDD (BASE 65) ]
TOTAL THIS MO. 0 CLEAR (SCALE 0-3) 29
DPTR FM NORMAL 0 PTCLDY (SCALE 4-7) 2
TOTAL FM JUL 1 0 CLOUDY (SCALE 8-10) 0
DPTR FM NORMAL 0
[CDD (BASE 65) ]
TOTAL THIS MO. 865
DPTR FM NORMAL 185 [PRESSURE DATA]
TOTAL FM JAN 1 3005 HIGHEST SLP 30.07 ON 31
DPTR FM NORMAL 719 LOWEST SLP 29.68 ON 11
[REMARKS]
#FINAL-07-22#