000
CXUS55 KRIW 181010
CF6CPR
PRELIMINARY LOCAL CLIMATOLOGICAL DATA (WS FORM: F-6)
STATION: CASPER WY
MONTH: APRIL
YEAR: 2024
LATITUDE: 42 55 N
LONGITUDE: 106 28 W
TEMPERATURE IN F: :PCPN: SNOW: WIND :SUNSHINE: SKY :PK WND
================================================================================
1 2 3 4 5 6A 6B 7 8 9 10 11 12 13 14 15 16 17 18
12Z AVG MX 2MIN
DY MAX MIN AVG DEP HDD CDD WTR SNW DPTH SPD SPD DIR MIN PSBL S-S WX SPD DR
================================================================================
1 44 25 35 -5 30 0 T 0.2 T 6.6 17 310 M M 7 1 22 310
2 57 24 41 1 24 0 0.00 0.0 0 11.4 26 310 M M 0 34 270
3 68 33 51 11 14 0 0.00 0.0 0 10.4 22 210 M M 0 29 230
4 70 34 52 12 13 0 0.00 0.0 0 12.4 28 210 M M 0 34 220
5 72 36 54 14 11 0 T 0.0 0 12.2 37 200 M M 2 47 220
6 47 31 39 -2 26 0 0.83 4.8 1 20.2 32 240 M M 9 12 43 230
7 37 31 34 -7 31 0 T T 1 17.7 28 290 M M 9 1 37 290
8 42 25 34 -7 31 0 0.00 0.0 0 9.1 21 250 M M 7 28 250
9 52 23 38 -3 27 0 0.00 0.0 0 9.9 22 210 M M 2 29 210
10 46 24 35 -6 30 0 0.07 T 0 6.4 21 40 M M 6 18 25 40
11 61 20 41 0 24 0 0.00 0.0 0 8.6 17 260 M M 1 27 260
12 75 24 50 9 15 0 0.00 0.0 0 10.5 26 230 M M 1 37 220
13 75 37 56 14 9 0 0.00 0.0 0 12.7 25 220 M M 0 8 33 270
14 75 30 53 11 12 0 0.00 0.0 0 8.8 28 200 M M 0 37 200
15 61 33 47 5 18 0 0.05 0.0 0 11.6 29 330 M M 4 13 39 330
16 64 39 52 10 13 0 0.00 0.0 0 10.8 25 280 M M 4 38 280
17 48 25 37 -5 28 0 0.08 0.8 T 12.8 23 10 M M 10 18 29 10
================================================================================
SM 994 494 356 0 1.03 5.8 192.1 M 62
================================================================================
AV 58.5 29.1 11.3 FASTST M M 4 MAX(MPH)
MISC ----> 37 200 47 220
================================================================================
NOTES:
# LAST OF SEVERAL OCCURRENCES
COLUMN 17 PEAK WIND IN M.P.H.
PRELIMINARY LOCAL CLIMATOLOGICAL DATA (WS FORM: F-6) , PAGE 2
STATION: CASPER WY
MONTH: APRIL
YEAR: 2024
LATITUDE: 42 55 N
LONGITUDE: 106 28 W
[TEMPERATURE DATA] [PRECIPITATION DATA] SYMBOLS USED IN COLUMN 16
AVERAGE MONTHLY: 43.8 TOTAL FOR MONTH: 1.03 1 = FOG OR MIST
DPTR FM NORMAL: 2.8 DPTR FM NORMAL: 0.31 2 = FOG REDUCING VISIBILITY
HIGHEST: 75 ON 14,13 GRTST 24HR 0.83 ON 6- 6 TO 1/4 MILE OR LESS
LOWEST: 20 ON 11 3 = THUNDER
SNOW, ICE PELLETS, HAIL 4 = ICE PELLETS
TOTAL MONTH: 6.1 INCHES 5 = HAIL
GRTST 24HR 4.8 ON 6- 6 6 = FREEZING RAIN OR DRIZZLE
GRTST DEPTH: 1 ON 7, 6 7 = DUSTSTORM OR SANDSTORM:
VSBY 1/2 MILE OR LESS
8 = SMOKE OR HAZE
[NO. OF DAYS WITH] [WEATHER - DAYS WITH] 9 = BLOWING SNOW
X = TORNADO
MAX 32 OR BELOW: 0 0.01 INCH OR MORE: 4
MAX 90 OR ABOVE: 0 0.10 INCH OR MORE: 1
MIN 32 OR BELOW: 11 0.50 INCH OR MORE: 1
MIN 0 OR BELOW: 0 1.00 INCH OR MORE: 0
[HDD (BASE 65) ]
TOTAL THIS MO. 356 CLEAR (SCALE 0-3) 9
DPTR FM NORMAL -53 PTCLDY (SCALE 4-7) 5
TOTAL FM JUL 1 6204 CLOUDY (SCALE 8-10) 3
DPTR FM NORMAL -474
[CDD (BASE 65) ]
TOTAL THIS MO. 0
DPTR FM NORMAL 0 [PRESSURE DATA]
TOTAL FM JAN 1 0 HIGHEST SLP M ON M
DPTR FM NORMAL 0 LOWEST SLP 29.30 ON 5
[REMARKS]