000
CXUS54 KFWD 010730
CF6CPT
PRELIMINARY LOCAL CLIMATOLOGICAL DATA (WS FORM: F-6)
STATION: CLEBURNE
MONTH: JUNE
YEAR: 2023
LATITUDE: 32 20 N
LONGITUDE: 97 24 W
TEMPERATURE IN F: :PCPN: SNOW: WIND :SUNSHINE: SKY :PK WND
================================================================================
1 2 3 4 5 6A 6B 7 8 9 10 11 12 13 14 15 16 17 18
12Z AVG MX 2MIN
DY MAX MIN AVG DEP HDD CDD WTR SNW DPTH SPD SPD DIR MIN PSBL S-S WX SPD DR
================================================================================
1 88 68 78 1 0 13 0.00 M M 8.5 15 130 M M 0 21 130
2 90 70 80 3 0 15 0.00 M M 8.1 14 140 M M 2 29 310
3 90 66 78 1 0 13 0.00 M M 8.2 24 70 M M 0 33 40
4 88 64 76 -2 0 11 0.00 M M 5.3 10 80 M M 2 18 30
5 84 64 74 -4 0 9 0.00 M M 7.5 15 40 M M 4 21 40
6 90 66 78 0 0 13 0.71 M M 4.0 13 300 M M 1 13 25 50
7 90 66 78 0 0 13 0.00 M M 4.7 12 80 M M 1 1 17 80
8 91 70 81 2 0 16 0.00 M M 4.7 20 140 M M 1 3 26 260
9 95 68 82 3 0 17 0.00 M M 5.6 10 140 M M 1 1 15 170
10 100 72 86 7 0 21 0.00 M M 9.8 13 170 M M 0 3 28 170
11 97 68 83 4 0 18 1.37 M M 9.9 27 30 M M 2 13 43 30
12 86 68 77 -3 0 12 0.12 M M 11.3 17 20 M M 5 27 60
13 84 72 78 -2 0 13 0.00 M M 6.9 12 160 M M 7 18 13 170
14 93 75 84 4 0 19 0.00 M M 6.5 13 170 M M 4 18 17 220
15 93 75 84 4 0 19 0.00 M M 9.0 16 150 M M 2 18 24 150
16 99 72 86 6 0 21 0.00 M M 10.9 21 90 M M 4 24 90
17 95 73 84 4 0 19 0.00 M M 7.8 16 160 M M 1 1 22 160
18 95 81 88 7 0 23 0.00 M M 6.5 17 180 M M 2 23 180
19 99 77 88 7 0 23 0.00 M M 10.5 15 140 M M 1 1 24 130
20 99 79 89 8 0 24 0.00 M M 11.1 16 180 M M 2 1 21 170
21 95 79 87 6 0 22 0.00 M M 10.6 25 100 M M 1 35 100
22 91 75 83 2 0 18 0.00 M M 10.3 21 160 M M 1 32 160
23 95 75 85 3 0 20 0.00 M M 10.6 18 180 M M 3 8 28 110
24 100 77 89 7 0 24 0.00 M M 11.7 20 170 M M 0 26 170
25 100 79 90 8 0 25 0.00 M M 12.4 22 180 M M 0 8 31 180
26 102 79 91 9 0 26 0.00 M M 10.7 18 130 M M 0 25 130
27 102 77 90 8 0 25 0.00 M M 12.0 17 170 M M 0 23 170
28 102 75 89 7 0 24 0.00 M M 11.2 16 160 M M 0 22 160
29 100 79 90 8 0 25 0.00 M M 11.2 16 160 M M 0 22 140
30 99 75 87 5 0 22 0.00 M M 11.2 17 140 M M 0 25 140
================================================================================
SM 2832 2184 0 563 2.20 M 268.7 M 47
================================================================================
AV 94.4 72.8 9.0 FASTST M M 2 MAX(MPH)
MISC ----> 27 30 43 30
================================================================================
NOTES:
# LAST OF SEVERAL OCCURRENCES
COLUMN 17 PEAK WIND IN M.P.H.
PRELIMINARY LOCAL CLIMATOLOGICAL DATA (WS FORM: F-6) , PAGE 2
STATION: CLEBURNE
MONTH: JUNE
YEAR: 2023
LATITUDE: 32 20 N
LONGITUDE: 97 24 W
[TEMPERATURE DATA] [PRECIPITATION DATA] SYMBOLS USED IN COLUMN 16
AVERAGE MONTHLY: 83.6 TOTAL FOR MONTH: 2.20 1 = FOG OR MIST
DPTR FM NORMAL: 3.6 DPTR FM NORMAL: -2.07 2 = FOG REDUCING VISIBILITY
HIGHEST: 102 ON 28,27 GRTST 24HR 1.37 ON 11-11 TO 1/4 MILE OR LESS
LOWEST: 64 ON 5, 4 3 = THUNDER
SNOW, ICE PELLETS, HAIL 4 = ICE PELLETS
TOTAL MONTH: M 5 = HAIL
GRTST 24HR M ON M 6 = FREEZING RAIN OR DRIZZLE
GRTST DEPTH: M ON M 7 = DUSTSTORM OR SANDSTORM:
VSBY 1/2 MILE OR LESS
8 = SMOKE OR HAZE
[NO. OF DAYS WITH] [WEATHER - DAYS WITH] 9 = BLOWING SNOW
X = TORNADO
MAX 32 OR BELOW: 0 0.01 INCH OR MORE: 3
MAX 90 OR ABOVE: 25 0.10 INCH OR MORE: 3
MIN 32 OR BELOW: 0 0.50 INCH OR MORE: 2
MIN 0 OR BELOW: 0 1.00 INCH OR MORE: 1
[HDD (BASE 65) ]
TOTAL THIS MO. 0 CLEAR (SCALE 0-3) 25
DPTR FM NORMAL 0 PTCLDY (SCALE 4-7) 5
TOTAL FM JUL 1 1614 CLOUDY (SCALE 8-10) 0
DPTR FM NORMAL -836
[CDD (BASE 65) ]
TOTAL THIS MO. 563
DPTR FM NORMAL 113 [PRESSURE DATA]
TOTAL FM JAN 1 927 HIGHEST SLP M ON M
DPTR FM NORMAL 115 LOWEST SLP M ON M
[REMARKS]
#FINAL-06-23#