000
CXUS54 KFWD 010830
CF6CPT
PRELIMINARY LOCAL CLIMATOLOGICAL DATA (WS FORM: F-6)
STATION: CLEBURNE
MONTH: NOVEMBER
YEAR: 2022
LATITUDE: 32 20 N
LONGITUDE: 97 24 W
TEMPERATURE IN F: :PCPN: SNOW: WIND :SUNSHINE: SKY :PK WND
================================================================================
1 2 3 4 5 6A 6B 7 8 9 10 11 12 13 14 15 16 17 18
12Z AVG MX 2MIN
DY MAX MIN AVG DEP HDD CDD WTR SNW DPTH SPD SPD DIR MIN PSBL S-S WX SPD DR
================================================================================
1 75 55 65 4 0 0 0.00 M M 5.2 10 160 M M 1 16 120
2 72 57 65 4 0 0 0.00 M M 8.2 14 170 M M 6 12 20 170
3 79 66 73 12 0 8 0.00 M M 12.9 22 160 M M 7 1 28 170
4 81 48 65 5 0 0 1.41 M M 15.9 28 310 M M 7 13 37 310
5 66 43 55 -5 10 0 0.00 M M 7.2 15 160 M M 0 22 160
6 84 52 68 8 0 3 0.00 M M 9.3 14 200 M M 0 22 170
7 77 63 70 11 0 5 0.40 M M 3.5 10 110 M M 8 12 M M
8 77 66 72 13 0 7 0.00 M M 7.0 12 160 M M 6 12 16 120
9 79 66 73 15 0 8 0.00 M M 10.5 16 170 M M 3 1 24 180
10 72 64 68 10 0 3 0.00 M M 8.4 13 170 M M 8 1 21 160
11 68 37 53 -5 12 0 0.29 M M 15.2 23 20 M M 8 1 38 20
12 52 32 42 -15 23 0 0.00 M M 10.3 17 360 M M 0 21 360
13 54 32 43 -14 22 0 0.00 M M 6.3 12 120 M M 0 18 140
14 45 41 43 -13 22 0 0.24 M M 10.8 15 110 M M 8 18 23 340
15 46 32 39 -17 26 0 0.00 M M 9.8 18 310 M M 4 25 340
16 54 37 46 -10 19 0 0.00 M M 3.8 9 20 M M 5 14 330
17 59 34 47 -8 18 0 0.00 M M 4.7 8 160 M M 1 8 13 260
18 52 36 44 -11 21 0 0.00 M M 9.7 16 30 M M 5 21 30
19 41 34 38 -16 27 0 0.00 M M 9.6 15 360 M M 8 8 24 360
20 48 28 38 -16 27 0 0.00 M M 4.3 8 10 M M 4 M M
21 50 41 46 -8 19 0 0.01 M M 5.6 10 160 M M 10 14 170
22 57 45 51 -2 14 0 0.00 M M 4.2 8 130 M M 9 1 M M
23 57 50 54 1 11 0 0.18 M M 7.6 13 140 M M 10 13 18 150
24 59 54 57 5 8 0 0.74 M M 7.5 16 360 M M 9 13 23 40
25 55 50 53 1 12 0 0.02 M M 11.8 16 40 M M 10 1 24 10
26 55 46 51 -1 14 0 1.15 M M 9.2 17 250 M M 9 1 26 240
27 63 41 52 1 13 0 0.00 M M 6.0 13 360 M M 0 17 320
28 68 37 53 2 12 0 0.00 M M 8.6 16 170 M M 0 23 170
29 81 41 61 10 4 0 0.00 M M 12.1 29 340 M M 5 1 35 340
30 50 32 41 -9 24 0 0.00 M M 11.8 18 350 M M 0 8 31 350
================================================================================
SM 1876 1360 358 34 4.44 M 257.2 M 151
================================================================================
AV 62.5 45.3 8.6 FASTST M M 5 MAX(MPH)
MISC ----> 29 340 38 20
================================================================================
NOTES:
# LAST OF SEVERAL OCCURRENCES
COLUMN 17 PEAK WIND IN M.P.H.
PRELIMINARY LOCAL CLIMATOLOGICAL DATA (WS FORM: F-6) , PAGE 2
STATION: CLEBURNE
MONTH: NOVEMBER
YEAR: 2022
LATITUDE: 32 20 N
LONGITUDE: 97 24 W
[TEMPERATURE DATA] [PRECIPITATION DATA] SYMBOLS USED IN COLUMN 16
AVERAGE MONTHLY: 53.9 TOTAL FOR MONTH: 4.44 1 = FOG OR MIST
DPTR FM NORMAL: -1.9 DPTR FM NORMAL: 1.64 2 = FOG REDUCING VISIBILITY
HIGHEST: 84 ON 6 GRTST 24HR 1.41 ON 4- 4 TO 1/4 MILE OR LESS
LOWEST: 28 ON 20 3 = THUNDER
SNOW, ICE PELLETS, HAIL 4 = ICE PELLETS
TOTAL MONTH: M 5 = HAIL
GRTST 24HR M ON M 6 = FREEZING RAIN OR DRIZZLE
GRTST DEPTH: M ON M 7 = DUSTSTORM OR SANDSTORM:
VSBY 1/2 MILE OR LESS
8 = SMOKE OR HAZE
[NO. OF DAYS WITH] [WEATHER - DAYS WITH] 9 = BLOWING SNOW
X = TORNADO
MAX 32 OR BELOW: 0 0.01 INCH OR MORE: 9
MAX 90 OR ABOVE: 0 0.10 INCH OR MORE: 7
MIN 32 OR BELOW: 5 0.50 INCH OR MORE: 3
MIN 0 OR BELOW: 0 1.00 INCH OR MORE: 2
[HDD (BASE 65) ]
TOTAL THIS MO. 358 CLEAR (SCALE 0-3) 9
DPTR FM NORMAL 60 PTCLDY (SCALE 4-7) 13
TOTAL FM JUL 1 414 CLOUDY (SCALE 8-10) 8
DPTR FM NORMAL 29
[CDD (BASE 65) ]
TOTAL THIS MO. 34
DPTR FM NORMAL 12 [PRESSURE DATA]
TOTAL FM JAN 1 3188 HIGHEST SLP M ON M
DPTR FM NORMAL 693 LOWEST SLP M ON M
[REMARKS]
#FINAL-11-22#