000
CXUS54 KFWD 010830
CF6CPT
PRELIMINARY LOCAL CLIMATOLOGICAL DATA (WS FORM: F-6)
STATION: CLEBURNE
MONTH: FEBRUARY
YEAR: 2021
LATITUDE: 32 20 N
LONGITUDE: 97 24 W
TEMPERATURE IN F: :PCPN: SNOW: WIND :SUNSHINE: SKY :PK WND
================================================================================
1 2 3 4 5 6A 6B 7 8 9 10 11 12 13 14 15 16 17 18
12Z AVG MX 2MIN
DY MAX MIN AVG DEP HDD CDD WTR SNW DPTH SPD SPD DIR MIN PSBL S-S WX SPD DR
================================================================================
1 59 32 46 0 19 0 0.00 M M 6.4 13 360 M M 0 17 350
2 64 37 51 4 14 0 0.00 M M 6.5 12 130 M M 0 17 170
3 73 43 58 11 7 0 0.00 M M 14.2 22 170 M M 0 31 170
4 64 46 55 8 10 0 0.00 M M 14.1 23 320 M M 1 29 170
5 61 39 50 3 15 0 0.00 M M 7.4 10 160 M M 2 18 90
6 64 41 53 6 12 0 0.00 M M 11.7 22 330 M M 4 31 330
7 63 32 48 1 17 0 0.00 M M 10.4 17 160 M M 2 1 25 160
8 68 36 52 4 13 0 0.00 M M 13.0 17 340 M M 6 1 24 150
9 39 30 35 -13 30 0 M M M 12.1 17 350 M M 10 1 21 350
10 32 28 30 -18 35 0 0.00 M M 13.6 17 360 M M 10 1 23 360
11 28 25 27 -21 38 0 M M M 15.8 20 10 M M 9 1 23 350
12 28 23 26 -22 39 0 0.00 0.0 M 19.6 33 360 M M 10 39 360
13 32 19 26 -22 39 0 0.00 M M 15.2 20 360 M M 9 1 31 360
14 25 9 17 -31 48 0 M M M 19.4 29 360 M M 7 18 38 360
15 14 3 9 -40 56 0 0.00 M M 16.5 22 340 M M 2 8 31 340
16 19 -2 9 -40 56 0 0.00 M M 8.3 14 130 M M 4 1 20 140
17 27 19 23 -26 42 0 0.00 M M 10.5 14 340 M M 7 1 17 10
18 30 19 25 -24 40 0 0.00 M M 15.2 21 360 M M 4 28 350
19 43 12 28 -22 37 0 0.00 M M 6.6 10 140 M M 0 M M
20 57 25 41 -9 24 0 0.00 M M 12.0 18 140 M M 0 1 26 150
21 75 45 60 10 5 0 0.00 M M 15.3 23 170 M M 5 30 210
22 72 36 54 4 11 0 0.00 M M 6.9 12 180 M M 0 18 220
23 81 43 62 12 3 0 0.00 0.0 M 12.4 20 170 M M 0 30 200
24 70 48 59 9 6 0 0.00 M M 12.0 20 280 M M 0 23 290
25 54 45 50 -1 15 0 0.00 M M 10.5 16 360 M M 8 13 23 30
26 57 45 51 0 14 0 0.26 M M 5.0 10 350 M M 8 1 15 350
27 72 52 62 11 3 0 0.02 M M 9.0 18 170 M M 9 12 27 170
28 72 52 62 10 3 0 0.04 M M 12.4 21 300 M M 10 1 29 300
================================================================================
SM 1443 882 651 0 0.32 0.0 332.1 M 127
================================================================================
AV 51.5 31.5 11.9 FASTST M M 5 MAX(MPH)
MISC ----> 33 360 39 360
================================================================================
NOTES:
# LAST OF SEVERAL OCCURRENCES
COLUMN 17 PEAK WIND IN M.P.H.
PRELIMINARY LOCAL CLIMATOLOGICAL DATA (WS FORM: F-6) , PAGE 2
STATION: CLEBURNE
MONTH: FEBRUARY
YEAR: 2021
LATITUDE: 32 20 N
LONGITUDE: 97 24 W
[TEMPERATURE DATA] [PRECIPITATION DATA] SYMBOLS USED IN COLUMN 16
AVERAGE MONTHLY: 41.5 TOTAL FOR MONTH: 0.32 1 = FOG OR MIST
DPTR FM NORMAL: -7.3 DPTR FM NORMAL: -2.27 2 = FOG REDUCING VISIBILITY
HIGHEST: 81 ON 23 GRTST 24HR 0.26 ON 26-26 TO 1/4 MILE OR LESS
LOWEST: -2 ON 16 3 = THUNDER
SNOW, ICE PELLETS, HAIL 4 = ICE PELLETS
TOTAL MONTH: 0.0 INCH 5 = HAIL
GRTST 24HR 0.0 6 = FREEZING RAIN OR DRIZZLE
GRTST DEPTH: M ON M 7 = DUSTSTORM OR SANDSTORM:
VSBY 1/2 MILE OR LESS
8 = SMOKE OR HAZE
[NO. OF DAYS WITH] [WEATHER - DAYS WITH] 9 = BLOWING SNOW
X = TORNADO
MAX 32 OR BELOW: 9 0.01 INCH OR MORE: 3
MAX 90 OR ABOVE: 0 0.10 INCH OR MORE: 1
MIN 32 OR BELOW: 14 0.50 INCH OR MORE: 0
MIN 0 OR BELOW: 1 1.00 INCH OR MORE: 0
[HDD (BASE 65) ]
TOTAL THIS MO. 651 CLEAR (SCALE 0-3) 12
DPTR FM NORMAL 194 PTCLDY (SCALE 4-7) 9
TOTAL FM JUL 1 1989 CLOUDY (SCALE 8-10) 7
DPTR FM NORMAL -54
[CDD (BASE 65) ]
TOTAL THIS MO. 0
DPTR FM NORMAL -3 [PRESSURE DATA]
TOTAL FM JAN 1 0 HIGHEST SLP M ON M
DPTR FM NORMAL -1 LOWEST SLP M ON M
[REMARKS]
#FINAL-02-21#