000
CXUS54 KFWD 010730
CF6CPT
PRELIMINARY LOCAL CLIMATOLOGICAL DATA (WS FORM: F-6)
STATION: CLEBURNE
MONTH: JULY
YEAR: 2020
LATITUDE: 32 20 N
LONGITUDE: 97 24 W
TEMPERATURE IN F: :PCPN: SNOW: WIND :SUNSHINE: SKY :PK WND
================================================================================
1 2 3 4 5 6A 6B 7 8 9 10 11 12 13 14 15 16 17 18
12Z AVG MX 2MIN
DY MAX MIN AVG DEP HDD CDD WTR SNW DPTH SPD SPD DIR MIN PSBL S-S WX SPD DR
================================================================================
1 93 77 85 3 0 20 0.00 0.0 0 12.3 18 180 M M 2 1 23 180
2 95 77 86 3 0 21 0.00 0.0 0 7.6 12 230 M M 1 13 23 230
3 99 73 86 3 0 21 0.00 0.0 0 5.7 10 150 M M 0 M M
4 99 70 85 2 0 20 0.00 0.0 0 5.9 9 220 M M 1 15 170
5 93 77 85 2 0 20 0.00 0.0 0 5.6 12 30 M M 2 3 14 110
6 90 72 81 -2 0 16 0.00 0.0 0 4.6 14 310 M M 3 3 M M
7 86 73 80 -3 0 15 0.08 0.0 0 5.8 10 180 M M 4 13 13 160
8 93 73 83 0 0 18 0.00 0.0 0 9.6 17 130 M M 2 17 170
9 95 77 86 3 0 21 0.00 0.0 0 11.8 16 190 M M 1 24 190
10 93 75 84 1 0 19 0.00 0.0 0 9.4 12 80 M M 0 17 120
11 97 77 87 4 0 22 0.00 0.0 0 8.6 13 130 M M 0 17 180
12 99 77 88 4 0 23 0.00 0.0 0 8.8 22 80 M M 0 36 80
13 102 77 90 6 0 25 0.00 0.0 0 11.0 15 170 M M 0 21 180
14 102 75 89 5 0 24 0.00 0.0 0 13.0 17 140 M M 1 25 160
15 97 77 87 3 0 22 0.00 0.0 0 12.4 17 180 M M 1 25 180
16 99 77 88 4 0 23 0.00 0.0 0 9.5 14 130 M M 0 21 130
17 97 75 86 2 0 21 0.00 0.0 0 9.4 16 110 M M 0 21 130
18 93 75 84 0 0 19 0.00 0.0 0 10.4 17 130 M M 1 22 150
19 95 75 85 1 0 20 0.00 0.0 0 8.7 15 140 M M 0 18 140
20 97 75 86 2 0 21 0.00 0.0 0 8.7 15 130 M M 0 24 130
21 93 75 84 0 0 19 0.00 0.0 0 8.8 14 140 M M 4 15 110
22 97 75 86 2 0 21 0.00 0.0 0 8.8 15 110 M M 2 21 110
23 97 75 86 2 0 21 0.00 0.0 0 9.4 16 100 M M 1 17 110
24 97 77 87 3 0 22 0.00 0.0 0 9.2 17 100 M M 1 24 100
25 91 75 83 -1 0 18 0.00 0.0 0 10.0 15 100 M M 6 20 100
26 95 75 85 1 0 20 0.00 0.0 0 7.2 12 140 M M 4 18 90
27 95 73 84 0 0 19 0.00 0.0 0 7.9 16 120 M M 4 14 130
28 86 77 82 -2 0 17 0.00 0.0 0 6.6 14 260 M M 3 18 270
29 97 77 87 2 0 22 0.00 0.0 0 11.1 18 170 M M 1 8 23 180
30 100 75 88 3 0 23 0.00 0.0 0 12.6 18 170 M M 1 25 200
31 93 73 83 -2 0 18 0.00 0.0 0 9.3 15 350 M M 2 23 350
================================================================================
SM 2955 2331 0 631 0.08 0.0 279.7 M 48
================================================================================
AV 95.3 75.2 9.0 FASTST M M 2 MAX(MPH)
MISC ----> # 22 80 # 36 80
================================================================================
NOTES:
# LAST OF SEVERAL OCCURRENCES
COLUMN 17 PEAK WIND IN M.P.H.
PRELIMINARY LOCAL CLIMATOLOGICAL DATA (WS FORM: F-6) , PAGE 2
STATION: CLEBURNE
MONTH: JULY
YEAR: 2020
LATITUDE: 32 20 N
LONGITUDE: 97 24 W
[TEMPERATURE DATA] [PRECIPITATION DATA] SYMBOLS USED IN COLUMN 16
AVERAGE MONTHLY: 85.3 TOTAL FOR MONTH: 0.08 1 = FOG OR MIST
DPTR FM NORMAL: 1.6 DPTR FM NORMAL: -2.02 2 = FOG REDUCING VISIBILITY
HIGHEST: 102 ON 14,13 GRTST 24HR 0.08 ON 7- 7 TO 1/4 MILE OR LESS
LOWEST: 70 ON 4 3 = THUNDER
SNOW, ICE PELLETS, HAIL 4 = ICE PELLETS
TOTAL MONTH: 0.0 INCH 5 = HAIL
GRTST 24HR 0.0 6 = FREEZING RAIN OR DRIZZLE
GRTST DEPTH: 0 7 = DUSTSTORM OR SANDSTORM:
VSBY 1/2 MILE OR LESS
8 = SMOKE OR HAZE
[NO. OF DAYS WITH] [WEATHER - DAYS WITH] 9 = BLOWING SNOW
X = TORNADO
MAX 32 OR BELOW: 0 0.01 INCH OR MORE: 1
MAX 90 OR ABOVE: 29 0.10 INCH OR MORE: 0
MIN 32 OR BELOW: 0 0.50 INCH OR MORE: 0
MIN 0 OR BELOW: 0 1.00 INCH OR MORE: 0
[HDD (BASE 65) ]
TOTAL THIS MO. 0 CLEAR (SCALE 0-3) 26
DPTR FM NORMAL 0 PTCLDY (SCALE 4-7) 5
TOTAL FM JUL 1 0 CLOUDY (SCALE 8-10) 0
DPTR FM NORMAL 0
[CDD (BASE 65) ]
TOTAL THIS MO. 631
DPTR FM NORMAL 51 [PRESSURE DATA]
TOTAL FM JAN 1 1543 HIGHEST SLP M ON M
DPTR FM NORMAL 151 LOWEST SLP M ON M
[REMARKS]
#FINAL-07-20#