000
CXUS56 KLOX 011255
CF6CQT
PRELIMINARY LOCAL CLIMATOLOGICAL DATA (WS FORM: F-6)
STATION: DOWNTOWN LOS ANGELES (USC) CA
MONTH: DECEMBER
YEAR: 2021
LATITUDE: 34 1 N
LONGITUDE: 118 17 W
TEMPERATURE IN F: :PCPN: SNOW: WIND :SUNSHINE: SKY :PK WND
================================================================================
1 2 3 4 5 6A 6B 7 8 9 10 11 12 13 14 15 16 17 18
12Z AVG MX 2MIN
DY MAX MIN AVG DEP HDD CDD WTR SNW DPTH SPD SPD DIR MIN PSBL S-S WX SPD DR
================================================================================
1 73 49 61 2 4 0 0.00 M M 0.1 6 260 M M 4 128 8 260
2 63 51 57 -2 8 0 0.00 M M 0.8 8 260 M M 7 128 12 270
3 63 53 58 -1 7 0 0.00 M M 0.7 8 270 M M 7 18 12 270
4 64 54 59 0 6 0 0.00 M M 1.0 7 260 M M 5 18 11 270
5 65 51 58 0 7 0 0.00 M M 0.9 6 120 M M 5 18 8 130
6 67 47 57 -1 8 0 0.00 M M 0.3 6 100 M M 2 18 9 270
7 64 54 59 1 6 0 0.01 M M 1.7 7 90 M M 7 18 10 80
8 66 50 58 0 7 0 0.00 M M 0.9 8 260 M M 2 18 14 270
9 59 52 56 -2 9 0 0.12 M M 2.0 9 340 M M 7 18 16 260
10 62 46 54 -4 11 0 0.00 M M 0.9 8 90 M M 0 12 330
11 67 47 57 -1 8 0 0.00 M M 1.6 7 100 M M 0 10 270
12 64 43 54 -4 11 0 0.00 M M 0.6 7 260 M M 0 11 260
13 59 47 53 -5 12 0 0.03 M M 3.4 9 90 M M 8 1 14 100
14 58 43 51 -7 14 0 2.16 M M 3.6 15 270 M M 7 12 26 270
15 57 39 48 -9 17 0 0.00 M M 1.1 7 270 M M 0 11 270
16 58 40 49 -8 16 0 0.03 M M 1.3 6 90 M M 4 18 9 110
17 66 45 56 -1 9 0 0.00 M M 0.3 6 270 M M 1 18 11 270
18 69 42 56 -1 9 0 0.00 M M 0.8 6 260 M M 0 9 260
19 65 42 54 -3 11 0 0.00 M M 1.1 7 260 M M 0 1 12 260
20 66 41 54 -3 11 0 0.00 M M 0.0 5 140 M M 0 18 7 270
21 69 50 60 3 5 0 0.00 M M 0.3 5 260 M M 0 8 8 270
22 64 47 56 -1 9 0 0.00 M M 0.1 6 260 M M 2 8 270
23 58 52 55 -2 10 0 1.66 M M 5.0 14 100 M M 10 18 21 80
24 61 52 57 -1 8 0 0.29 M M 2.3 10 260 M M 7 1 18 280
25 56 50 53 -5 12 0 0.54 M M 1.6 7 130 M M 10 18 12 270
26 59 44 52 -6 13 0 0.07 M M 0.3 7 260 M M 2 1 13 260
27 55 42 49 -9 16 0 0.24 M M 1.4 8 260 M M 5 18 16 280
28 55 42 49 -9 16 0 0.00 M M 1.1 8 80 M M 2 1 13 270
29 53 46 50 -8 15 0 1.74 M M 4.4 10 60 M M 9 1 16 80
30 55 51 53 -5 12 0 2.57 M M 5.0 14 90 M M 10 1 23 80
31 59 45 52 -6 13 0 0.00 M M 0.8 7 260 M M 2 1 13 270
================================================================================
SM 1919 1457 320 0 9.46 M 45.4 M 125
================================================================================
AV 61.9 47.0 1.5 FASTST M M 4 MAX(MPH)
MISC ----> 15 270 26 270
================================================================================
NOTES:
# LAST OF SEVERAL OCCURRENCES
COLUMN 17 PEAK WIND IN M.P.H.
PRELIMINARY LOCAL CLIMATOLOGICAL DATA (WS FORM: F-6) , PAGE 2
STATION: DOWNTOWN LOS ANGELES (USC) CA
MONTH: DECEMBER
YEAR: 2021
LATITUDE: 34 1 N
LONGITUDE: 118 17 W
[TEMPERATURE DATA] [PRECIPITATION DATA] SYMBOLS USED IN COLUMN 16
AVERAGE MONTHLY: 54.5 TOTAL FOR MONTH: 9.46 1 = FOG OR MIST
DPTR FM NORMAL: -3.3 DPTR FM NORMAL: 6.98 2 = FOG REDUCING VISIBILITY
HIGHEST: 73 ON 1 GRTST 24HR 4.00 ON 29-30 TO 1/4 MILE OR LESS
LOWEST: 39 ON 15 3 = THUNDER
SNOW, ICE PELLETS, HAIL 4 = ICE PELLETS
TOTAL MONTH: M 5 = HAIL
GRTST 24HR M ON M 6 = FREEZING RAIN OR DRIZZLE
GRTST DEPTH: M ON M 7 = DUSTSTORM OR SANDSTORM:
VSBY 1/2 MILE OR LESS
8 = SMOKE OR HAZE
[NO. OF DAYS WITH] [WEATHER - DAYS WITH] 9 = BLOWING SNOW
X = TORNADO
MAX 32 OR BELOW: 0 0.01 INCH OR MORE: 12
MAX 90 OR ABOVE: 0 0.10 INCH OR MORE: 8
MIN 32 OR BELOW: 0 0.50 INCH OR MORE: 5
MIN 0 OR BELOW: 0 1.00 INCH OR MORE: 4
[HDD (BASE 65) ]
TOTAL THIS MO. 320 CLEAR (SCALE 0-3) 15
DPTR FM NORMAL 93 PTCLDY (SCALE 4-7) 12
TOTAL FM JUL 1 420 CLOUDY (SCALE 8-10) 4
DPTR FM NORMAL 73
[CDD (BASE 65) ]
TOTAL THIS MO. 0
DPTR FM NORMAL -4 [PRESSURE DATA]
TOTAL FM JAN 1 1275 HIGHEST SLP M ON M
DPTR FM NORMAL -23 LOWEST SLP 29.68 ON 31
[REMARKS]
#FINAL-12-21#