000
CXUS54 KFWD 010830
CF6CRS
PRELIMINARY LOCAL CLIMATOLOGICAL DATA (WS FORM: F-6)
STATION: CORSICANA
MONTH: JANUARY
YEAR: 2022
LATITUDE: 32 1 N
LONGITUDE: 96 24 W
TEMPERATURE IN F: :PCPN: SNOW: WIND :SUNSHINE: SKY :PK WND
================================================================================
1 2 3 4 5 6A 6B 7 8 9 10 11 12 13 14 15 16 17 18
12Z AVG MX 2MIN
DY MAX MIN AVG DEP HDD CDD WTR SNW DPTH SPD SPD DIR MIN PSBL S-S WX SPD DR
================================================================================
1 78 31 55 7 10 0 0.00 M M 17.0 28 360 M M 7 42 10
2 41 20 31 -17 34 0 T M M 15.6 26 320 M M 3 37 310
3 53 22 38 -10 27 0 0.00 M M 5.7 12 150 M M 0 14 150
4 63 30 47 -1 18 0 0.00 M M 11.6 26 210 M M 0 36 190
5 63 44 54 6 11 0 0.00 M M 6.7 13 140 M M 3 12 19 50
6 46 30 38 -10 27 0 0.00 M M 12.3 24 350 M M 0 33 350
7 50 23 37 -11 28 0 0.00 M M 7.5 16 160 M M 4 20 160
8 66 47 57 9 8 0 0.05 M M 8.9 16 210 M M 10 1 23 210
9 66 46 56 8 9 0 T M M 14.7 24 210 M M 9 18 33 210
10 57 34 46 -2 19 0 0.00 M M 8.8 17 360 M M 0 25 10
11 55 31 43 -5 22 0 T M M 4.1 13 220 M M 3 8 15 220
12 63 41 52 4 13 0 0.00 M M 6.9 16 230 M M 4 23 220
13 76 36 56 8 9 0 0.00 M M 6.2 15 320 M M 0 23 310
14 77 39 58 10 7 0 0.00 M M 10.1 21 210 M M 0 38 220
15 63 32 48 0 17 0 0.00 M M 22.2 36 310 M M 5 48 310
16 55 26 41 -7 24 0 0.00 M M 7.6 21 330 M M 1 29 320
17 65 30 48 0 17 0 0.00 M M 6.4 13 150 M M 0 18 140
18 74 40 57 9 8 0 0.00 M M 15.2 31 200 M M 0 42 190
19 77 38 58 10 7 0 T M M 18.3 29 350 M M 7 42 350
20 38 27 33 -15 32 0 0.00 M M 15.4 26 350 M M 9 37 340
21 46 21 34 -14 31 0 0.00 M M 7.3 13 360 M M 0 18 360
22 52 24 38 -10 27 0 0.00 M M 4.0 10 70 M M 0 14 60
23 66 27 47 -1 18 0 0.00 M M 6.9 16 300 M M 0 22 300
24 54 45 50 2 15 0 0.32 M M 5.8 12 230 M M 9 1 16 210
25 53 41 47 -1 18 0 0.00 M M 6.0 15 360 M M 7 128 19 360
26 51 33 42 -7 23 0 0.00 M M 5.4 13 60 M M 1 20 60
27 57 36 47 -2 18 0 T M M 5.8 13 360 M M 5 17 350
28 57 35 46 -3 19 0 0.00 M M 10.4 22 330 M M 0 8 30 340
29 68 27 48 -1 17 0 0.00 M M 9.1 17 250 M M 0 25 240
30 70 36 53 4 12 0 0.00 M M 10.1 17 210 M M 0 23 220
31 61 45 53 4 12 0 T M M 7.1 17 160 M M 6 22 160
================================================================================
SM 1861 1037 557 0 0.37 M 299.1 M 93
================================================================================
AV 60.0 33.5 9.6 FASTST M M 3 MAX(MPH)
MISC ----> 36 310 48 310
================================================================================
NOTES:
# LAST OF SEVERAL OCCURRENCES
COLUMN 17 PEAK WIND IN M.P.H.
PRELIMINARY LOCAL CLIMATOLOGICAL DATA (WS FORM: F-6) , PAGE 2
STATION: CORSICANA
MONTH: JANUARY
YEAR: 2022
LATITUDE: 32 1 N
LONGITUDE: 96 24 W
[TEMPERATURE DATA] [PRECIPITATION DATA] SYMBOLS USED IN COLUMN 16
AVERAGE MONTHLY: 46.7 TOTAL FOR MONTH: 0.37 1 = FOG OR MIST
DPTR FM NORMAL: -1.3 DPTR FM NORMAL: -2.39 2 = FOG REDUCING VISIBILITY
HIGHEST: 78 ON 1 GRTST 24HR 0.32 ON 24-24 TO 1/4 MILE OR LESS
LOWEST: 20 ON 2 3 = THUNDER
SNOW, ICE PELLETS, HAIL 4 = ICE PELLETS
TOTAL MONTH: M 5 = HAIL
GRTST 24HR M ON M 6 = FREEZING RAIN OR DRIZZLE
GRTST DEPTH: M ON M 7 = DUSTSTORM OR SANDSTORM:
VSBY 1/2 MILE OR LESS
8 = SMOKE OR HAZE
[NO. OF DAYS WITH] [WEATHER - DAYS WITH] 9 = BLOWING SNOW
X = TORNADO
MAX 32 OR BELOW: 0 0.01 INCH OR MORE: 2
MAX 90 OR ABOVE: 0 0.10 INCH OR MORE: 1
MIN 32 OR BELOW: 15 0.50 INCH OR MORE: 0
MIN 0 OR BELOW: 0 1.00 INCH OR MORE: 0
[HDD (BASE 65) ]
TOTAL THIS MO. 557 CLEAR (SCALE 0-3) 18
DPTR FM NORMAL 26 PTCLDY (SCALE 4-7) 9
TOTAL FM JUL 1 944 CLOUDY (SCALE 8-10) 4
DPTR FM NORMAL -393
[CDD (BASE 65) ]
TOTAL THIS MO. 0
DPTR FM NORMAL -4 [PRESSURE DATA]
TOTAL FM JAN 1 0 HIGHEST SLP 30.71 ON 10
DPTR FM NORMAL -4 LOWEST SLP 29.61 ON 1
[REMARKS]
#FINAL-01-22#