297
CXUS54 KFWD 010730
CF6CRS
PRELIMINARY LOCAL CLIMATOLOGICAL DATA (WS FORM: F-6)
STATION: CORSICANA
MONTH: OCTOBER
YEAR: 2020
LATITUDE: 32 1 N
LONGITUDE: 96 24 W
TEMPERATURE IN F: :PCPN: SNOW: WIND :SUNSHINE: SKY :PK WND
================================================================================
1 2 3 4 5 6A 6B 7 8 9 10 11 12 13 14 15 16 17 18
12Z AVG MX 2MIN
DY MAX MIN AVG DEP HDD CDD WTR SNW DPTH SPD SPD DIR MIN PSBL S-S WX SPD DR
================================================================================
1 83 53 68 -4 0 3 0.00 0.0 0 6.3 14 30 M M 0 22 30
2 78 53 66 -6 0 1 0.00 0.0 0 5.4 12 80 M M 0 8 16 100
3 83 55 69 -3 0 4 0.00 0.0 0 9.0 16 160 M M 0 23 150
4 79 60 70 -2 0 5 0.00 0.0 0 6.2 15 50 M M 2 24 360
5 80 55 68 -3 0 3 0.00 0.0 0 6.1 12 120 M M 0 15 120
6 85 59 72 1 0 7 0.00 0.0 0 6.0 10 150 M M 0 15 130
7 86 59 73 2 0 8 0.00 0.0 0 3.9 9 100 M M 0 13 100
8 86 64 75 5 0 10 0.00 0.0 0 4.7 12 110 M M 2 18 17 70
9 83 68 76 6 0 11 0.00 0.0 0 7.1 13 30 M M 7 1 19 50
10 88 66 77 7 0 12 0.00 0.0 0 4.7 12 220 M M 3 1 16 210
11 95 68 82 12 0 17 0.00 0.0 0 9.7 18 180 M M 0 24 190
12 84 60 72 3 0 7 0.00 0.0 0 9.9 20 360 M M 2 8 29 10
13 84 51 68 -1 0 3 0.00 0.0 0 4.5 9 170 M M 0 18 14 180
14 90 57 74 5 0 9 0.00 0.0 0 10.6 17 180 M M 0 25 180
15 85 65 75 7 0 10 T 0.0 0 12.6 22 30 M M 7 8 35 10
16 73 54 64 -4 1 0 0.00 0.0 0 8.4 18 70 M M 3 28 50
17 81 52 67 -1 0 2 0.00 0.0 0 12.3 23 180 M M 7 8 34 170
18 88 71 80 12 0 15 0.00 0.0 0 13.4 22 170 M M 5 30 170
19 80 63 72 5 0 7 0.00 0.0 0 6.3 10 360 M M 5 8 16 10
20 88 68 78 11 0 13 0.00 0.0 0 9.4 18 160 M M 5 1 23 160
21 86 68 77 10 0 12 0.00 0.0 0 7.7 15 160 M M 4 1 22 150
22 87 66 77 11 0 12 0.00 0.0 0 8.1 17 150 M M 2 1 26 170
23 74 51 63 -3 2 0 0.54 0.0 0 10.7 26 330 M M 8 13 34 340
24 64 47 56 -10 9 0 0.00 0.0 0 6.5 16 360 M M 5 24 350
25 67 56 62 -3 3 0 T 0.0 0 8.7 14 110 M M 10 18 18 120
26 61 43 52 -13 13 0 0.14 0.0 0 11.6 20 360 M M 10 1 27 10
27 45 41 43 -22 22 0 0.01 M 0 10.5 18 340 M M 9 1 25 340
28 48 38 43 -21 22 0 0.69 M 0 10.9 21 290 M M 8 1 27 310
29 58 38 48 -16 17 0 0.00 0.0 0 11.5 28 300 M M 4 38 300
30 67 41 54 -10 11 0 0.00 0.0 0 4.2 10 70 M M 0 15 70
31 72 45 59 -4 6 0 0.00 0.0 0 7.0 13 170 M M 0 17 180
================================================================================
SM 2408 1735 106 171 1.38 0.0 253.9 M 108
================================================================================
AV 77.7 56.0 8.2 FASTST M M 3 MAX(MPH)
MISC ----> # 28 300 # 38 300
================================================================================
NOTES:
# LAST OF SEVERAL OCCURRENCES
COLUMN 17 PEAK WIND IN M.P.H.
PRELIMINARY LOCAL CLIMATOLOGICAL DATA (WS FORM: F-6) , PAGE 2
STATION: CORSICANA
MONTH: OCTOBER
YEAR: 2020
LATITUDE: 32 1 N
LONGITUDE: 96 24 W
[TEMPERATURE DATA] [PRECIPITATION DATA] SYMBOLS USED IN COLUMN 16
AVERAGE MONTHLY: 66.8 TOTAL FOR MONTH: 1.38 1 = FOG OR MIST
DPTR FM NORMAL: -1.2 DPTR FM NORMAL: -3.20 2 = FOG REDUCING VISIBILITY
HIGHEST: 95 ON 11 GRTST 24HR 0.69 ON 28-28 TO 1/4 MILE OR LESS
LOWEST: 38 ON 29,28 3 = THUNDER
SNOW, ICE PELLETS, HAIL 4 = ICE PELLETS
TOTAL MONTH: 0.0 INCH 5 = HAIL
GRTST 24HR 0.0 6 = FREEZING RAIN OR DRIZZLE
GRTST DEPTH: 0 7 = DUSTSTORM OR SANDSTORM:
VSBY 1/2 MILE OR LESS
8 = SMOKE OR HAZE
[NO. OF DAYS WITH] [WEATHER - DAYS WITH] 9 = BLOWING SNOW
X = TORNADO
MAX 32 OR BELOW: 0 0.01 INCH OR MORE: 4
MAX 90 OR ABOVE: 2 0.10 INCH OR MORE: 3
MIN 32 OR BELOW: 0 0.50 INCH OR MORE: 2
MIN 0 OR BELOW: 0 1.00 INCH OR MORE: 0
[HDD (BASE 65) ]
TOTAL THIS MO. 106 CLEAR (SCALE 0-3) 16
DPTR FM NORMAL 48 PTCLDY (SCALE 4-7) 12
TOTAL FM JUL 1 106 CLOUDY (SCALE 8-10) 3
DPTR FM NORMAL 45
[CDD (BASE 65) ]
TOTAL THIS MO. 171
DPTR FM NORMAL 20 [PRESSURE DATA]
TOTAL FM JAN 1 2826 HIGHEST SLP M ON M
DPTR FM NORMAL 240 LOWEST SLP 29.67 ON M
[REMARKS]
#FINAL-10-20#