000
CXUS52 KFFC 011010
CF6CSG
PRELIMINARY LOCAL CLIMATOLOGICAL DATA (WS FORM: F-6)
STATION: COLUMBUS
MONTH: SEPTEMBER
YEAR: 2021
LATITUDE: 32 31 N
LONGITUDE: 84 56 W
TEMPERATURE IN F: :PCPN: SNOW: WIND :SUNSHINE: SKY :PK WND
================================================================================
1 2 3 4 5 6A 6B 7 8 9 10 11 12 13 14 15 16 17 18
12Z AVG MX 2MIN
DY MAX MIN AVG DEP HDD CDD WTR SNW DPTH SPD SPD DIR MIN PSBL S-S WX SPD DR
================================================================================
1 91 72 82 1 0 17 0.14 0.0 M 7.7 16 320 M M 3 13 25 320
2 90 71 81 0 0 16 0.00 0.0 M 3.7 10 30 M M 3 14 20
3 87 68 78 -2 0 13 0.00 0.0 M 7.0 13 110 M M 2 21 110
4 86 62 74 -6 0 9 0.00 0.0 M 2.5 12 40 M M 0 16 80
5 89 61 75 -5 0 10 0.00 0.0 M 2.1 9 220 M M 2 15 260
6 91 71 81 1 0 16 0.00 0.0 M 4.2 13 50 M M 5 20 250
7 92 72 82 2 0 17 0.00 0.0 M 4.0 13 220 M M 3 3 18 210
8 85 73 79 -1 0 14 0.16 0.0 M 5.2 21 220 M M 3 13 27 220
9 86 69 78 -1 0 13 0.10 0.0 M 6.4 15 330 M M 4 1 25 340
10 85 64 75 -4 0 10 0.00 0.0 M 5.7 15 90 M M 1 20 90
11 87 67 77 -2 0 12 0.00 0.0 0 6.0 16 110 M M 4 21 110
12 89 68 79 0 0 14 0.00 0.0 M 3.5 10 170 M M 4 19 190
13 90 66 78 0 0 13 0.00 0.0 M 1.2 7 80 M M 1 12 250
14 89 70 80 2 0 15 0.00 0.0 M 3.3 14 310 M M 1 16 310
15 77 69 73 -5 0 8 1.73 0.0 M 4.1 14 160 M M 8 1 18 160
16 79 70 75 -3 0 10 0.28 0.0 M 7.2 13 100 M M 9 1 19 110
17 85 72 79 1 0 14 0.00 0.0 M 5.0 9 150 M M 9 1 31 90
18 85 71 78 1 0 13 1.63 0.0 M 3.8 15 90 M M 7 13 17 90
19 81 71 76 -1 0 11 0.85 0.0 M 4.8 21 160 M M 6 13 27 170
20 86 73 80 3 0 15 0.08 0.0 M 4.7 10 90 M M 9 1 14 80
21 90 73 82 6 0 17 1.18 0.0 M 3.5 22 10 M M 7 1 41 360
22 83 62 73 -3 0 8 0.03 0.0 M 7.4 22 310 M M 4 12 34 310
23 77 55 66 -10 0 1 0.00 0.0 M 6.7 16 20 M M 0 23 30
24 80 51 66 -10 0 1 0.00 0.0 M 3.1 10 180 M M 0 14 80
25 82 55 69 -6 0 4 0.00 0.0 M 1.7 10 20 M M 0 19 30
26 84 57 71 -4 0 6 0.00 0.0 M 1.2 9 20 M M 0 13 30
27 86 58 72 -2 0 7 0.00 0.0 M 1.6 9 140 M M 1 13 140
28 88 61 75 1 0 10 0.00 0.0 M 0.8 12 250 M M 1 17 260
29 88 63 76 2 0 11 0.00 0.0 M 1.5 9 30 M M 1 14 50
30 85 65 75 1 0 10 0.00 0.0 M 0.9 8 150 M M 1 11 140
================================================================================
SM 2573 1980 0 335 6.18 0.0 120.5 M 99
================================================================================
AV 85.8 66.0 4.0 FASTST M M 3 MAX(MPH)
MISC ----> # 22 10 41 360
================================================================================
NOTES:
# LAST OF SEVERAL OCCURRENCES
COLUMN 17 PEAK WIND IN M.P.H.
PRELIMINARY LOCAL CLIMATOLOGICAL DATA (WS FORM: F-6) , PAGE 2
STATION: COLUMBUS
MONTH: SEPTEMBER
YEAR: 2021
LATITUDE: 32 31 N
LONGITUDE: 84 56 W
[TEMPERATURE DATA] [PRECIPITATION DATA] SYMBOLS USED IN COLUMN 16
AVERAGE MONTHLY: 75.9 TOTAL FOR MONTH: 6.18 1 = FOG OR MIST
DPTR FM NORMAL: -1.7 DPTR FM NORMAL: 2.84 2 = FOG REDUCING VISIBILITY
HIGHEST: 92 ON 7 GRTST 24HR 1.75 ON 15-16 TO 1/4 MILE OR LESS
LOWEST: 51 ON 24 3 = THUNDER
SNOW, ICE PELLETS, HAIL 4 = ICE PELLETS
TOTAL MONTH: 0.0 INCH 5 = HAIL
GRTST 24HR 0.0 6 = FREEZING RAIN OR DRIZZLE
GRTST DEPTH: 0 7 = DUSTSTORM OR SANDSTORM:
VSBY 1/2 MILE OR LESS
8 = SMOKE OR HAZE
[NO. OF DAYS WITH] [WEATHER - DAYS WITH] 9 = BLOWING SNOW
X = TORNADO
MAX 32 OR BELOW: 0 0.01 INCH OR MORE: 10
MAX 90 OR ABOVE: 6 0.10 INCH OR MORE: 8
MIN 32 OR BELOW: 0 0.50 INCH OR MORE: 4
MIN 0 OR BELOW: 0 1.00 INCH OR MORE: 3
[HDD (BASE 65) ]
TOTAL THIS MO. 0 CLEAR (SCALE 0-3) 16
DPTR FM NORMAL -1 PTCLDY (SCALE 4-7) 11
TOTAL FM JUL 1 0 CLOUDY (SCALE 8-10) 3
DPTR FM NORMAL 0
[CDD (BASE 65) ]
TOTAL THIS MO. 335
DPTR FM NORMAL -44 [PRESSURE DATA]
TOTAL FM JAN 1 2088 HIGHEST SLP 30.28 ON 12
DPTR FM NORMAL -279 LOWEST SLP 29.73 ON 1
[REMARKS]
#FINAL-09-21#