000
CXUS54 KOUN 010810
CF6CSM
PRELIMINARY LOCAL CLIMATOLOGICAL DATA (WS FORM: F-6)
STATION: CLINTON
MONTH: MARCH
YEAR: 2023
LATITUDE: 35 20 N
LONGITUDE: 99 12 W
TEMPERATURE IN F: :PCPN: SNOW: WIND :SUNSHINE: SKY :PK WND
================================================================================
1 2 3 4 5 6A 6B 7 8 9 10 11 12 13 14 15 16 17 18
12Z AVG MX 2MIN
DY MAX MIN AVG DEP HDD CDD WTR SNW DPTH SPD SPD DIR MIN PSBL S-S WX SPD DR
================================================================================
1 57 37 47 2 18 0 0.00 M M 13.5 26 30 M M 0 32 350
2 57 31 44 -2 21 0 0.00 M M 13.2 28 10 M M 2 32 20
3 62 33 48 2 17 0 0.00 M M 12.8 24 320 M M 2 32 320
4 61 35 48 2 17 0 0.00 M M 12.7 26 10 M M 0 32 360
5 76 35 56 9 9 0 0.00 M M 16.1 29 190 M M 0 33 190
6 68 39 54 7 11 0 0.00 M M 11.5 21 10 M M 0 25 190
7 51 38 45 -2 20 0 0.00 M M 15.0 23 30 M M 5 26 30
8 55 33 44 -4 21 0 0.00 M M 12.3 21 360 M M 3 27 360
9 60 34 47 -1 18 0 0.01 M M 9.5 24 360 M M 6 12 27 360
10 57 27 42 -6 23 0 T M M 11.3 21 160 M M 0 12 25 160
11 81 44 63 14 2 0 T M M 19.4 33 20 M M 2 12 40 20
12 54 31 43 -6 22 0 T M M 12.3 25 20 M M 5 30 20
13 40 28 34 -15 31 0 0.00 M M 7.9 18 40 M M 6 20 40
14 51 27 39 -11 26 0 0.22 M M 10.8 22 170 M M 3 16 26 170
15 67 41 54 4 11 0 0.00 M M 24.5 36 160 M M 2 44 170
16 61 34 48 -2 17 0 0.27 M M 22.2 41 350 M M 7 13 51 350
17 52 25 39 -12 26 0 0.00 M M 10.7 24 360 M M 1 30 350
18 50 24 37 -14 28 0 0.00 M M 11.9 21 340 M M 1 31 330
19 50 17 34 -17 31 0 0.00 M M 11.0 22 170 M M 0 27 170
20 58 34 46 -6 19 0 0.00 0.0 0 23.9 37 180 M M 1 45 180
21 77 45 61 9 4 0 T 0.0 0 20.8 32 190 M M 2 39 190
22 79 54 67 15 0 2 0.00 0.0 0 16.7 24 170 M M 0 30 180
23 67 45 56 3 9 0 0.00 0.0 0 14.9 23 10 M M 1 1 26 10
24 70 36 53 0 12 0 0.00 M M 11.3 26 260 M M 4 33 250
25 68 32 50 -3 15 0 0.00 M M 9.2 22 260 M M 0 1 28 280
26 60 31 46 -7 19 0 0.00 M M 12.8 23 20 M M 0 27 10
27 58 28 43 -11 22 0 0.00 0.0 M 10.1 29 360 M M 0 1 35 360
28 54 31 43 -11 22 0 0.00 0.0 M 12.5 24 350 M M 0 30 340
29 66 29 48 -6 17 0 0.00 0.0 M 15.3 25 160 M M 0 34 190
30 64 48 56 2 9 0 0.01 M M 23.2 36 170 M M 6 1 43 170
31 73 47 60 5 5 0 0.00 M M 19.2 41 270 M M 2 18 54 270
================================================================================
SM 1904 1073 522 2 0.51 0.0 448.5 M 61
================================================================================
AV 61.4 34.6 14.5 FASTST M M 2 MAX(MPH)
MISC ----> # 41 350 54 270
================================================================================
NOTES:
# LAST OF SEVERAL OCCURRENCES
COLUMN 17 PEAK WIND IN M.P.H.
PRELIMINARY LOCAL CLIMATOLOGICAL DATA (WS FORM: F-6) , PAGE 2
STATION: CLINTON
MONTH: MARCH
YEAR: 2023
LATITUDE: 35 20 N
LONGITUDE: 99 12 W
[TEMPERATURE DATA] [PRECIPITATION DATA] SYMBOLS USED IN COLUMN 16
AVERAGE MONTHLY: 48.0 TOTAL FOR MONTH: 0.51 1 = FOG OR MIST
DPTR FM NORMAL: -2.2 DPTR FM NORMAL: -0.89 2 = FOG REDUCING VISIBILITY
HIGHEST: 81 ON 11 GRTST 24HR 0.27 ON 16-16 TO 1/4 MILE OR LESS
LOWEST: 17 ON 19 3 = THUNDER
SNOW, ICE PELLETS, HAIL 4 = ICE PELLETS
TOTAL MONTH: 0.0 INCH 5 = HAIL
GRTST 24HR 0.0 6 = FREEZING RAIN OR DRIZZLE
GRTST DEPTH: 0 7 = DUSTSTORM OR SANDSTORM:
VSBY 1/2 MILE OR LESS
8 = SMOKE OR HAZE
[NO. OF DAYS WITH] [WEATHER - DAYS WITH] 9 = BLOWING SNOW
X = TORNADO
MAX 32 OR BELOW: 0 0.01 INCH OR MORE: 4
MAX 90 OR ABOVE: 0 0.10 INCH OR MORE: 2
MIN 32 OR BELOW: 13 0.50 INCH OR MORE: 0
MIN 0 OR BELOW: 0 1.00 INCH OR MORE: 0
[HDD (BASE 65) ]
TOTAL THIS MO. 522 CLEAR (SCALE 0-3) 22
DPTR FM NORMAL 59 PTCLDY (SCALE 4-7) 9
TOTAL FM JUL 1 3433 CLOUDY (SCALE 8-10) 0
DPTR FM NORMAL -17
[CDD (BASE 65) ]
TOTAL THIS MO. 2
DPTR FM NORMAL -4 [PRESSURE DATA]
TOTAL FM JAN 1 2 HIGHEST SLP M ON M
DPTR FM NORMAL -4 LOWEST SLP 29.51 ON 11
[REMARKS]
#FINAL-03-23#