000
CXUS56 KTFX 011210
CF6CTB
PRELIMINARY LOCAL CLIMATOLOGICAL DATA (WS FORM: F-6)
STATION: CUT BANK MT
MONTH: NOVEMBER
YEAR: 2021
LATITUDE: 48 37 N
LONGITUDE: 112 23 W
TEMPERATURE IN F: :PCPN: SNOW: WIND :SUNSHINE: SKY :PK WND
================================================================================
1 2 3 4 5 6A 6B 7 8 9 10 11 12 13 14 15 16 17 18
12Z AVG MX 2MIN
DY MAX MIN AVG DEP HDD CDD WTR SNW DPTH SPD SPD DIR MIN PSBL S-S WX SPD DR
================================================================================
1 34 0 17 -18 48 0 0.00 M 1 5.6 17 150 M M 2 12 21 150
2 46 10 28 -7 37 0 0.00 M T 10.2 29 250 M M 0 42 240
3 60 39 50 15 15 0 0.00 M 0 18.4 31 250 M M 1 38 240
4 67 43 55 21 10 0 0.00 M 0 14.8 38 260 M M 1 51 250
5 54 38 46 12 19 0 0.00 M 0 24.9 45 240 M M 0 54 240
6 49 31 40 6 25 0 0.00 M 0 15.5 32 250 M M 4 40 250
7 40 29 35 2 30 0 0.00 M 0 24.2 44 250 M M 0 56 260
8 44 22 33 0 32 0 0.00 M 0 19.0 32 240 M M 0 43 250
9 47 17 32 -1 33 0 0.00 M 0 14.4 36 240 M M 1 49 240
10 41 24 33 1 32 0 0.00 M 0 25.8 47 250 M M 0 60 250
11 40 20 30 -2 35 0 0.00 M 0 8.6 23 270 M M 3 31 270
12 55 22 39 7 26 0 0.00 M 0 13.9 30 260 M M 1 39 260
13 47 35 41 10 24 0 0.00 M 0 23.2 35 260 M M 2 44 260
14 59 36 48 17 17 0 0.00 M 0 27.1 52 250 M M 3 71 260
15 63 39 51 20 14 0 0.04 M 0 34.5 63 240 M M 1 1 81 240
16 39 16 28 -2 37 0 0.00 M 0 29.7 66 240 M M 3 87 240
17 35 9 22 -8 43 0 0.00 M 0 6.8 16 260 M M 0 21 270
18 41 15 28 -2 37 0 0.00 M 0 14.6 38 250 M M 3 49 260
19 43 22 33 3 32 0 0.00 M 0 5.8 16 270 M M 5 19 270
20 41 17 29 0 36 0 0.00 M 0 22.8 47 260 M M 1 61 260
21 48 14 31 2 34 0 0.00 M 0 20.2 44 250 M M 2 52 250
22 53 35 44 15 21 0 0.00 M 0 24.7 45 240 M M 0 57 240
23 43 22 33 5 32 0 0.01 M 0 17.9 31 350 M M 7 18 39 20
24 34 14 24 -4 41 0 0.03 M 1 12.9 36 240 M M 5 12 47 240
25 48 34 41 13 24 0 0.00 M T 32.0 47 260 M M 1 63 260
26 48 32 40 13 25 0 0.00 M 0 28.9 58 250 M M 0 72 250
27 50 25 38 11 27 0 0.00 M 0 13.8 37 240 M M 0 46 240
28 57 42 50 23 15 0 0.00 M 0 35.9 56 250 M M 0 73 250
29 50 35 43 17 22 0 0.00 M 0 23.0 40 260 M M 0 51 250
30 51 40 46 20 19 0 0.00 M 0 32.0 54 250 M M 1 68 250
================================================================================
SM 1427 777 842 0 0.08 M 601.1 M 47
================================================================================
AV 47.6 25.9 20.0 FASTST M M 2 MAX(MPH)
MISC ----> 66 240 87 240
================================================================================
NOTES:
# LAST OF SEVERAL OCCURRENCES
COLUMN 17 PEAK WIND IN M.P.H.
PRELIMINARY LOCAL CLIMATOLOGICAL DATA (WS FORM: F-6) , PAGE 2
STATION: CUT BANK MT
MONTH: NOVEMBER
YEAR: 2021
LATITUDE: 48 37 N
LONGITUDE: 112 23 W
[TEMPERATURE DATA] [PRECIPITATION DATA] SYMBOLS USED IN COLUMN 16
AVERAGE MONTHLY: 36.7 TOTAL FOR MONTH: 0.08 1 = FOG OR MIST
DPTR FM NORMAL: 6.1 DPTR FM NORMAL: -0.34 2 = FOG REDUCING VISIBILITY
HIGHEST: 67 ON 4 GRTST 24HR 0.04 ON 15-15 TO 1/4 MILE OR LESS
LOWEST: 0 ON 1 3 = THUNDER
SNOW, ICE PELLETS, HAIL 4 = ICE PELLETS
TOTAL MONTH: M 5 = HAIL
GRTST 24HR M ON M 6 = FREEZING RAIN OR DRIZZLE
GRTST DEPTH: 1 ON 24, 1 7 = DUSTSTORM OR SANDSTORM:
VSBY 1/2 MILE OR LESS
8 = SMOKE OR HAZE
[NO. OF DAYS WITH] [WEATHER - DAYS WITH] 9 = BLOWING SNOW
X = TORNADO
MAX 32 OR BELOW: 0 0.01 INCH OR MORE: 3
MAX 90 OR ABOVE: 0 0.10 INCH OR MORE: 0
MIN 32 OR BELOW: 19 0.50 INCH OR MORE: 0
MIN 0 OR BELOW: 1 1.00 INCH OR MORE: 0
[HDD (BASE 65) ]
TOTAL THIS MO. 842 CLEAR (SCALE 0-3) 25
DPTR FM NORMAL -190 PTCLDY (SCALE 4-7) 5
TOTAL FM JUL 1 1872 CLOUDY (SCALE 8-10) 0
DPTR FM NORMAL -378
[CDD (BASE 65) ]
TOTAL THIS MO. 0
DPTR FM NORMAL 0 [PRESSURE DATA]
TOTAL FM JAN 1 365 HIGHEST SLP 30.51 ON 1
DPTR FM NORMAL 202 LOWEST SLP 29.15 ON 15
[REMARKS]
#FINAL-11-21#