000
CXUS52 KCAE 011500
CF6CUB
PRELIMINARY LOCAL CLIMATOLOGICAL DATA (WS FORM: F-6)
STATION: HAMILTON - OWENS AIRPORT SC
MONTH: FEBRUARY
YEAR: 2024
LATITUDE: 33 58 N
LONGITUDE: 80 59 W
TEMPERATURE IN F: :PCPN: SNOW: WIND :SUNSHINE: SKY :PK WND
================================================================================
1 2 3 4 5 6A 6B 7 8 9 10 11 12 13 14 15 16 17 18
12Z AVG MX 2MIN
DY MAX MIN AVG DEP HDD CDD WTR SNW DPTH SPD SPD DIR MIN PSBL S-S WX SPD DR
================================================================================
1 62 32 47 -1 18 0 0.00 M M 1.2 12 260 M M 1 12 16 260
2 69 35 52 4 13 0 0.00 M M 1.8 7 40 M M 0 18 12 30
3 59 39 49 1 16 0 0.00 M M 3.7 10 70 M M 0 18 70
4 53 35 44 -4 21 0 0.00 M M 6.0 14 60 M M 1 26 70
5 61 43 52 3 13 0 0.03 M M 5.8 13 30 M M 7 25 40
6 57 36 47 -2 18 0 0.00 M M 4.7 14 60 M M 0 26 10
7 58 32 45 -4 20 0 0.00 M M 1.7 9 40 M M 0 19 70
8 58 29 44 -5 21 0 0.00 M M 1.0 7 170 M M 0 10 140
9 68 42 55 6 10 0 0.00 M M 1.4 12 210 M M 0 16 200
10 71 47 59 10 6 0 0.00 M M 2.9 14 220 M M 5 1 21 200
11 67 56 62 12 3 0 0.24 M M 5.0 17 170 M M 8 1 24 170
12 63 57 60 10 5 0 1.84 M M 4.7 13 160 M M 10 1 21 140
13 62 40 51 1 14 0 0.00 M M 10.0 28 250 M M 1 41 250
14 65 34 50 0 15 0 0.00 M M 1.2 10 230 M M 0 15 230
15 70 37 54 4 11 0 0.00 M M 4.3 18 220 M M 0 26 250
16 66 43 55 5 10 0 0.00 M M 1.9 8 260 M M 0 12 250
17 59 46 53 2 12 0 0.00 M M 5.0 10 250 M M 3 18 330
18 49 36 43 -8 22 0 0.00 M M 1.9 8 60 M M 0 12 70
19 58 32 45 -6 20 0 0.00 M M 1.7 9 150 M M 0 13 40
20 62 30 46 -5 19 0 0.00 M M 1.2 8 10 M M 0 8 14 20
21 63 33 48 -4 17 0 0.00 M M 1.6 9 260 M M 0 8 14 260
22 69 35 52 0 13 0 0.00 M M 5.8 16 170 M M 1 18 23 170
23 71 45 58 6 7 0 0.27 M M 7.0 22 270 M M 6 138 35 270
24 66 39 53 1 12 0 0.00 M M 6.6 25 270 M M 2 1 43 300
25 59 32 46 -6 19 0 0.00 M M 1.9 9 70 M M 0 16 10
26 73 36 55 2 10 0 0.00 M M 5.5 15 190 M M 0 25 190
27 68 49 59 6 6 0 0.03 M M 5.6 13 180 M M 4 1 22 180
28 75 53 64 11 1 0 0.30 M M 10.4 28 300 M M 6 13 45 310
29 54 41 48 -5 17 0 0.00 M M 2.3 10 40 M M 1 17 40
================================================================================
SM 1835 1144 389 0 2.71 M 113.8 M 56
================================================================================
AV 63.3 39.4 3.9 FASTST M M 2 MAX(MPH)
MISC ----> # 28 250 45 310
================================================================================
NOTES:
# LAST OF SEVERAL OCCURRENCES
COLUMN 17 PEAK WIND IN M.P.H.
PRELIMINARY LOCAL CLIMATOLOGICAL DATA (WS FORM: F-6) , PAGE 2
STATION: HAMILTON - OWENS AIRPORT SC
MONTH: FEBRUARY
YEAR: 2024
LATITUDE: 33 58 N
LONGITUDE: 80 59 W
[TEMPERATURE DATA] [PRECIPITATION DATA] SYMBOLS USED IN COLUMN 16
AVERAGE MONTHLY: 51.4 TOTAL FOR MONTH: 2.71 1 = FOG OR MIST
DPTR FM NORMAL: 1.1 DPTR FM NORMAL: -0.56 2 = FOG REDUCING VISIBILITY
HIGHEST: 75 ON 28 GRTST 24HR 2.07 ON 11-12 TO 1/4 MILE OR LESS
LOWEST: 29 ON 8 3 = THUNDER
SNOW, ICE PELLETS, HAIL 4 = ICE PELLETS
TOTAL MONTH: M 5 = HAIL
GRTST 24HR M ON M 6 = FREEZING RAIN OR DRIZZLE
GRTST DEPTH: M ON M 7 = DUSTSTORM OR SANDSTORM:
VSBY 1/2 MILE OR LESS
8 = SMOKE OR HAZE
[NO. OF DAYS WITH] [WEATHER - DAYS WITH] 9 = BLOWING SNOW
X = TORNADO
MAX 32 OR BELOW: 0 0.01 INCH OR MORE: 6
MAX 90 OR ABOVE: 0 0.10 INCH OR MORE: 4
MIN 32 OR BELOW: 6 0.50 INCH OR MORE: 1
MIN 0 OR BELOW: 0 1.00 INCH OR MORE: 1
[HDD (BASE 65) ]
TOTAL THIS MO. 389 CLEAR (SCALE 0-3) 21
DPTR FM NORMAL -27 PTCLDY (SCALE 4-7) 7
TOTAL FM JUL 1 1704 CLOUDY (SCALE 8-10) 1
DPTR FM NORMAL -165
[CDD (BASE 65) ]
TOTAL THIS MO. 0
DPTR FM NORMAL -5 [PRESSURE DATA]
TOTAL FM JAN 1 9 HIGHEST SLP 30.47 ON 29
DPTR FM NORMAL 1 LOWEST SLP 29.51 ON 13
[REMARKS]
#FINAL-02-24#