000
CXUS55 KCAE 011500
CF6CUB
PRELIMINARY LOCAL CLIMATOLOGICAL DATA (WS FORM: F-6)
STATION: HAMILTON - OWENS AIRPORT SC
MONTH: JANUARY
YEAR: 2021
LATITUDE: 33 58 N
LONGITUDE: 80 59 W
TEMPERATURE IN F: :PCPN: SNOW: WIND :SUNSHINE: SKY :PK WND
================================================================================
1 2 3 4 5 6A 6B 7 8 9 10 11 12 13 14 15 16 17 18
12Z AVG MX 2MIN
DY MAX MIN AVG DEP HDD CDD WTR SNW DPTH SPD SPD DIR MIN PSBL S-S WX SPD DR
================================================================================
1 61 54 58 12 7 0 1.47 M M 2.6 13 310 M M 10 12 20 300
2 62 50 56 11 9 0 0.65 M M 1.1 9 290 M M 9 1 13 290
3 61 45 53 8 12 0 0.44 M M 7.0 16 270 M M 4 1 20 270
4 57 42 50 5 15 0 0.00 M M 1.1 8 310 M M 2 1 11 290
5 61 38 50 5 15 0 0.04 M M 3.4 13 300 M M 3 1 18 310
6 52 33 43 -2 22 0 0.00 M M 1.2 10 30 M M 0 1 15 10
7 53 31 42 -3 23 0 0.52 M M 3.5 13 70 M M 3 1 20 60
8 43 38 41 -4 24 0 0.20 M M 4.0 10 60 M M 10 1 20 70
9 52 36 44 -1 21 0 0.00 M M 3.6 10 270 M M 5 1 14 280
10 52 29 41 -4 24 0 0.00 M M 0.9 7 160 M M 0 18 10 170
11 51 32 42 -4 23 0 0.19 M M 1.5 8 60 M M 5 18 12 40
12 53 39 46 0 19 0 0.44 M M 2.3 8 300 M M 7 1 11 340
13 43 33 38 -8 27 0 0.00 M M 2.4 7 170 M M 7 12 11 270
14 59 33 46 0 19 0 0.00 M M 2.9 10 210 M M 3 12 15 230
15 51 34 43 -3 22 0 0.20 M M 1.9 12 150 M M 4 12 15 150
16 49 31 40 -6 25 0 0.00 M M 8.2 26 260 M M 3 12 34 250
17 51 27 39 -7 26 0 0.00 M M 3.9 20 270 M M 0 26 270
18 56 32 44 -2 21 0 0.00 M M 5.5 21 260 M M 0 8 31 240
19 63 30 47 1 18 0 0.00 M M 3.4 15 260 M M 1 18 20 250
20 62 43 53 7 12 0 0.00 M M 5.4 15 270 M M 2 23 290
21 57 44 51 5 14 0 0.02 M M 6.5 18 240 M M 7 18 26 240
22 57 39 48 2 17 0 0.00 M M 1.0 7 200 M M 1 18 10 280
23 59 32 46 0 19 0 0.00 M M 1.8 9 70 M M 0 1 14 50
24 57 35 46 0 19 0 0.00 M M 2.3 9 160 M M 7 12 120
25 62 52 57 11 8 0 0.00 M M 1.6 9 160 M M 8 18 12 150
26 72 53 63 16 2 0 0.31 M M 5.0 14 300 M M 5 13 19 300
27 63 54 59 12 6 0 0.10 M M 4.1 15 260 M M 9 1 21 260
28 57 37 47 0 18 0 T M M 6.9 22 310 M M 3 34 280
29 50 29 40 -7 25 0 0.00 M M 1.4 8 270 M M 0 8 11 260
30 49 28 39 -8 26 0 0.00 M M 1.9 9 160 M M 4 1 14 150
31 50 43 47 0 18 0 0.69 M M 2.6 8 130 M M 10 1 14 150
================================================================================
SM 1725 1176 556 0 5.27 M 100.9 M 132
================================================================================
AV 55.6 37.9 3.3 FASTST M M 4 MAX(MPH)
MISC ----> 26 260 # 34 250
================================================================================
NOTES:
# LAST OF SEVERAL OCCURRENCES
COLUMN 17 PEAK WIND IN M.P.H.
PRELIMINARY LOCAL CLIMATOLOGICAL DATA (WS FORM: F-6) , PAGE 2
STATION: HAMILTON - OWENS AIRPORT SC
MONTH: JANUARY
YEAR: 2021
LATITUDE: 33 58 N
LONGITUDE: 80 59 W
[TEMPERATURE DATA] [PRECIPITATION DATA] SYMBOLS USED IN COLUMN 16
AVERAGE MONTHLY: 46.8 TOTAL FOR MONTH: 5.27 1 = FOG OR MIST
DPTR FM NORMAL: 0.9 DPTR FM NORMAL: 1.64 2 = FOG REDUCING VISIBILITY
HIGHEST: 72 ON 26 GRTST 24HR 1.74 ON 1- 2 TO 1/4 MILE OR LESS
LOWEST: 27 ON 17 3 = THUNDER
SNOW, ICE PELLETS, HAIL 4 = ICE PELLETS
TOTAL MONTH: M 5 = HAIL
GRTST 24HR M ON M 6 = FREEZING RAIN OR DRIZZLE
GRTST DEPTH: M ON M 7 = DUSTSTORM OR SANDSTORM:
VSBY 1/2 MILE OR LESS
8 = SMOKE OR HAZE
[NO. OF DAYS WITH] [WEATHER - DAYS WITH] 9 = BLOWING SNOW
X = TORNADO
MAX 32 OR BELOW: 0 0.01 INCH OR MORE: 13
MAX 90 OR ABOVE: 0 0.10 INCH OR MORE: 11
MIN 32 OR BELOW: 10 0.50 INCH OR MORE: 4
MIN 0 OR BELOW: 0 1.00 INCH OR MORE: 1
[HDD (BASE 65) ]
TOTAL THIS MO. 556 CLEAR (SCALE 0-3) 13
DPTR FM NORMAL -36 PTCLDY (SCALE 4-7) 13
TOTAL FM JUL 1 1281 CLOUDY (SCALE 8-10) 5
DPTR FM NORMAL -214
[CDD (BASE 65) ]
TOTAL THIS MO. 0
DPTR FM NORMAL -1 [PRESSURE DATA]
TOTAL FM JAN 1 0 HIGHEST SLP 30.42 ON 29
DPTR FM NORMAL -1 LOWEST SLP 29.71 ON 16
[REMARKS]
#FINAL-01-21#