000
CXUS55 KCAE 011423
CF6CUB
PRELIMINARY LOCAL CLIMATOLOGICAL DATA (WS FORM: F-6)
STATION: HAMILTON - OWENS AIRPORT SC
MONTH: AUGUST
YEAR: 2020
LATITUDE: 33 58 N
LONGITUDE: 80 59 W
TEMPERATURE IN F: :PCPN: SNOW: WIND :SUNSHINE: SKY :PK WND
================================================================================
1 2 3 4 5 6A 6B 7 8 9 10 11 12 13 14 15 16 17 18
12Z AVG MX 2MIN
DY MAX MIN AVG DEP HDD CDD WTR SNW DPTH SPD SPD DIR MIN PSBL S-S WX SPD DR
================================================================================
1 93 77 85 3 0 20 0.00 M M 4.1 13 160 M M 1 17 200
2 95 77 86 4 0 21 0.00 0.0 0 2.7 13 160 M M 0 13 17 160
3 88 73 81 -1 0 16 0.68 M M 2.9 15 310 M M 4 138 21 320
4 91 69 80 -2 0 15 0.00 M M 2.9 9 160 M M 4 1 13 220
5 87 76 82 0 0 17 0.00 M M 2.1 12 160 M M 3 17 160
6 92 78 85 3 0 20 0.04 M M 2.0 13 150 M M 6 3 19 160
7 91 73 82 0 0 17 0.39 M M 2.0 24 200 M M 2 138 38 170
8 91 72 82 0 0 17 0.00 M M 2.6 10 170 M M 3 12 190
9 94 74 84 2 0 19 T M M 2.9 12 320 M M 1 3 17 300
10 94 73 84 2 0 19 0.00 M M 3.5 13 200 M M 1 3 18 190
11 94 72 83 1 0 18 0.00 M M 2.5 8 290 M M 4 13 290
12 90 75 83 1 0 18 T M M 1.7 12 240 M M 1 13 16 180
13 92 74 83 1 0 18 0.00 M M 2.3 14 230 M M 2 3 19 230
14 90 74 82 0 0 17 0.00 M M 3.6 12 180 M M 4 1 15 170
15 86 75 81 0 0 16 0.09 M M 3.6 13 180 M M 5 13 18 200
16 85 72 79 -2 0 14 0.00 M M 2.4 8 310 M M 6 14 320
17 91 69 80 -1 0 15 0.32 M M 2.9 10 200 M M 3 13 14 170
18 87 72 80 -1 0 15 0.03 M M 0.8 14 160 M M 4 13 16 160
19 89 71 80 -1 0 15 0.78 M M 1.8 12 320 M M 4 1238 18 10
20 89 70 80 -1 0 15 0.05 M M 2.0 8 70 M M 2 13 12 70
21 88 74 81 0 0 16 0.05 M M 2.3 12 170 M M 2 1 16 170
22 84 72 78 -3 0 13 0.00 M M 3.0 10 160 M M 2 13 150
23 84 73 79 -1 0 14 0.03 M M 2.1 10 190 M M 2 1 14 160
24 89 73 81 1 0 16 1.39 M M 1.0 9 120 M M 7 13 18 130
25 89 74 82 2 0 17 0.03 M M 1.8 9 260 M M 5 1 14 280
26 94 76 85 5 0 20 0.02 M M 2.9 12 280 M M 1 3 16 270
27 93 73 83 3 0 18 0.00 M M 3.2 10 200 M M 0 15 220
28 92 77 85 5 0 20 T M M 2.0 18 100 M M 0 19 150
29 91 79 85 5 0 20 0.00 M M 8.4 20 260 M M M 26 270
30 93 76 85 5 0 20 0.00 M M 2.7 7 150 M M M 11 100
31 93 76 85 6 0 20 0.00 M M 3.7 13 160 M M M 16 200
================================================================================
SM 2799 2289 0 536 3.90 0.0 84.4 M 79
================================================================================
AV 90.3 73.8 2.7 FASTST M M 3 MAX(MPH)
MISC ----> # 24 200 # 38 170
================================================================================
NOTES:
# LAST OF SEVERAL OCCURRENCES
COLUMN 17 PEAK WIND IN M.P.H.
PRELIMINARY LOCAL CLIMATOLOGICAL DATA (WS FORM: F-6) , PAGE 2
STATION: HAMILTON - OWENS AIRPORT SC
MONTH: AUGUST
YEAR: 2020
LATITUDE: 33 58 N
LONGITUDE: 80 59 W
[TEMPERATURE DATA] [PRECIPITATION DATA] SYMBOLS USED IN COLUMN 16
AVERAGE MONTHLY: 82.1 TOTAL FOR MONTH: 3.90 1 = FOG OR MIST
DPTR FM NORMAL: 0.9 DPTR FM NORMAL: -1.04 2 = FOG REDUCING VISIBILITY
HIGHEST: 95 ON 2 GRTST 24HR 1.39 ON 24-24 TO 1/4 MILE OR LESS
LOWEST: 69 ON 17, 4 3 = THUNDER
SNOW, ICE PELLETS, HAIL 4 = ICE PELLETS
TOTAL MONTH: 0.0 INCH 5 = HAIL
GRTST 24HR 0.0 6 = FREEZING RAIN OR DRIZZLE
GRTST DEPTH: 0 7 = DUSTSTORM OR SANDSTORM:
VSBY 1/2 MILE OR LESS
8 = SMOKE OR HAZE
[NO. OF DAYS WITH] [WEATHER - DAYS WITH] 9 = BLOWING SNOW
X = TORNADO
MAX 32 OR BELOW: 0 0.01 INCH OR MORE: 13
MAX 90 OR ABOVE: 19 0.10 INCH OR MORE: 5
MIN 32 OR BELOW: 0 0.50 INCH OR MORE: 3
MIN 0 OR BELOW: 0 1.00 INCH OR MORE: 1
[HDD (BASE 65) ]
TOTAL THIS MO. 0 CLEAR (SCALE 0-3) 16
DPTR FM NORMAL 0 PTCLDY (SCALE 4-7) 12
TOTAL FM JUL 1 0 CLOUDY (SCALE 8-10) 0
DPTR FM NORMAL 0
[CDD (BASE 65) ]
TOTAL THIS MO. 536
DPTR FM NORMAL 34 [PRESSURE DATA]
TOTAL FM JAN 1 1953 HIGHEST SLP 30.15 ON 24
DPTR FM NORMAL 135 LOWEST SLP 29.74 ON 29
[REMARKS]
#FINAL-08-20#