000
CXUS52 KCAE 011500
CF6CUB
PRELIMINARY LOCAL CLIMATOLOGICAL DATA (WS FORM: F-6)
STATION: HAMILTON - OWENS AIRPORT SC
MONTH: NOVEMBER
YEAR: 2023
LATITUDE: 33 58 N
LONGITUDE: 80 59 W
TEMPERATURE IN F: :PCPN: SNOW: WIND :SUNSHINE: SKY :PK WND
================================================================================
1 2 3 4 5 6A 6B 7 8 9 10 11 12 13 14 15 16 17 18
12Z AVG MX 2MIN
DY MAX MIN AVG DEP HDD CDD WTR SNW DPTH SPD SPD DIR MIN PSBL S-S WX SPD DR
================================================================================
1 55 35 45 -15 20 0 0.00 M M 3.9 13 330 M M 1 25 320
2 58 31 45 -14 20 0 0.00 M M 2.3 8 70 M M 0 14 50
3 67 32 50 -9 15 0 0.00 M M 0.9 8 360 M M 0 13 300
4 74 35 55 -4 10 0 0.00 M M 1.2 7 30 M M 0 14 10
5 77 37 57 -1 8 0 0.00 M M 1.1 8 300 M M 0 1 13 40
6 76 42 59 1 6 0 0.00 M M 0.8 8 190 M M 0 12 190
7 81 44 63 5 2 0 0.00 M M 2.0 10 270 M M 0 1 14 250
8 83 49 66 9 0 1 0.00 M M 0.9 8 180 M M 0 1 13 270
9 83 51 67 10 0 2 0.00 M M 3.2 13 200 M M 0 1 20 180
10 78 54 66 9 0 1 T M M 4.4 15 280 M M 3 1 23 270
11 57 48 53 -3 12 0 0.47 M M 3.8 8 30 M M 10 1 16 60
12 60 46 53 -3 12 0 0.19 M M 3.4 10 20 M M 6 1 18 40
13 67 42 55 -1 10 0 0.00 M M 1.4 8 60 M M 0 14 70
14 68 43 56 0 9 0 0.00 M M 1.5 12 50 M M 0 22 60
15 61 48 55 0 10 0 0.00 M M 2.5 8 30 M M 3 16 50
16 73 53 63 8 2 0 0.00 M M 2.8 9 60 M M 5 14 70
17 77 59 68 13 0 3 0.00 M M 2.1 8 50 M M 6 14 60
18 79 58 69 14 0 4 0.00 M M 2.1 9 330 M M 3 16 50
19 68 51 60 6 5 0 0.00 M M 2.9 9 70 M M 5 16 60
20 67 52 60 6 5 0 0.00 M M 4.0 9 70 M M 7 19 60
21 68 52 60 6 5 0 1.09 M M 4.3 13 180 M M 10 18 21 170
22 69 50 60 6 5 0 1.51 M M 6.9 22 270 M M 6 1 31 280
23 61 39 50 -3 15 0 0.00 M M 0.7 7 260 M M 0 1 10 60
24 64 47 56 3 9 0 T M M 1.6 8 320 M M 3 12 300
25 58 43 51 -2 14 0 0.00 M M 3.7 10 70 M M 3 20 70
26 48 35 42 -11 23 0 0.11 M M 1.8 9 290 M M 4 1 14 40
27 58 39 49 -3 16 0 0.03 M M 5.2 13 260 M M 4 1 23 290
28 55 33 44 -8 21 0 0.00 M M 3.5 15 300 M M 0 18 22 280
29 53 28 41 -11 24 0 0.00 M M 1.4 7 260 M M 0 18 11 270
30 60 29 45 -7 20 0 0.00 M M 1.1 9 210 M M 0 1 13 180
================================================================================
SM 2003 1305 298 11 3.40 M 77.4 M 79
================================================================================
AV 66.8 43.5 2.6 FASTST M M 3 MAX(MPH)
MISC ----> 22 270 31 280
================================================================================
NOTES:
# LAST OF SEVERAL OCCURRENCES
COLUMN 17 PEAK WIND IN M.P.H.
PRELIMINARY LOCAL CLIMATOLOGICAL DATA (WS FORM: F-6) , PAGE 2
STATION: HAMILTON - OWENS AIRPORT SC
MONTH: NOVEMBER
YEAR: 2023
LATITUDE: 33 58 N
LONGITUDE: 80 59 W
[TEMPERATURE DATA] [PRECIPITATION DATA] SYMBOLS USED IN COLUMN 16
AVERAGE MONTHLY: 55.1 TOTAL FOR MONTH: 3.40 1 = FOG OR MIST
DPTR FM NORMAL: -0.3 DPTR FM NORMAL: 0.62 2 = FOG REDUCING VISIBILITY
HIGHEST: 83 ON 9, 8 GRTST 24HR 2.25 ON 21-22 TO 1/4 MILE OR LESS
LOWEST: 28 ON 29 3 = THUNDER
SNOW, ICE PELLETS, HAIL 4 = ICE PELLETS
TOTAL MONTH: M 5 = HAIL
GRTST 24HR M ON M 6 = FREEZING RAIN OR DRIZZLE
GRTST DEPTH: M ON M 7 = DUSTSTORM OR SANDSTORM:
VSBY 1/2 MILE OR LESS
8 = SMOKE OR HAZE
[NO. OF DAYS WITH] [WEATHER - DAYS WITH] 9 = BLOWING SNOW
X = TORNADO
MAX 32 OR BELOW: 0 0.01 INCH OR MORE: 6
MAX 90 OR ABOVE: 0 0.10 INCH OR MORE: 5
MIN 32 OR BELOW: 4 0.50 INCH OR MORE: 2
MIN 0 OR BELOW: 0 1.00 INCH OR MORE: 2
[HDD (BASE 65) ]
TOTAL THIS MO. 298 CLEAR (SCALE 0-3) 17
DPTR FM NORMAL -2 PTCLDY (SCALE 4-7) 11
TOTAL FM JUL 1 372 CLOUDY (SCALE 8-10) 2
DPTR FM NORMAL -8
[CDD (BASE 65) ]
TOTAL THIS MO. 11
DPTR FM NORMAL -3 [PRESSURE DATA]
TOTAL FM JAN 1 2151 HIGHEST SLP 30.55 ON 2
DPTR FM NORMAL -263 LOWEST SLP 29.75 ON 22
[REMARKS]
#FINAL-11-23#