000
CXUS51 KILN 010542
CF6CVG
PRELIMINARY LOCAL CLIMATOLOGICAL DATA (WS FORM: F-6)
STATION: CINCINNATI OH
MONTH: NOVEMBER
YEAR: 2021
LATITUDE: 39 2 N
LONGITUDE: 84 40 W
TEMPERATURE IN F: :PCPN: SNOW: WIND :SUNSHINE: SKY :PK WND
================================================================================
1 2 3 4 5 6A 6B 7 8 9 10 11 12 13 14 15 16 17 18
12Z AVG MX 2MIN
DY MAX MIN AVG DEP HDD CDD WTR SNW DPTH SPD SPD DIR MIN PSBL S-S WX SPD DR
================================================================================
1 55 37 46 -4 19 0 0.00 0.0 0 7.0 14 320 M M 5 17 300
2 49 32 41 -9 24 0 0.00 0.0 0 7.1 16 320 M M 6 20 320
3 50 27 39 -10 26 0 0.00 0.0 0 2.0 8 190 M M 4 11 30
4 51 30 41 -8 24 0 0.00 0.0 0 3.3 12 310 M M 2 18 14 320
5 53 31 42 -6 23 0 0.00 0.0 0 3.9 13 90 M M 0 18 17 90
6 58 29 44 -4 21 0 0.00 0.0 0 2.0 9 120 M M 0 18 13 120
7 62 31 47 -1 18 0 0.00 0.0 0 2.2 7 220 M M 1 18 9 290
8 68 35 52 5 13 0 0.00 0.0 0 7.3 14 190 M M 1 18 190
9 66 39 53 6 12 0 0.00 0.0 0 7.0 14 190 M M 7 18 200
10 68 46 57 11 8 0 0.00 0.0 0 6.1 14 150 M M 7 1 16 150
11 66 43 55 9 10 0 0.73 0.0 0 11.2 30 190 M M 8 1 37 190
12 52 36 44 -2 21 0 0.05 0.0 0 12.2 24 220 M M 5 1 33 230
13 40 34 37 -8 28 0 0.01 T 0 8.9 18 280 M M 10 23 290
14 40 33 37 -8 28 0 0.23 0.1 0 11.9 29 310 M M 10 18 34 290
15 42 28 35 -9 30 0 T T 0 8.4 20 280 M M 8 23 270
16 57 34 46 2 19 0 0.00 0.0 0 6.4 14 190 M M 7 18 190
17 68 56 62 18 3 0 0.00 0.0 0 15.0 24 210 M M 9 35 210
18 64 32 48 5 17 0 0.35 0.0 0 13.8 24 310 M M 7 1 32 310
19 42 25 34 -9 31 0 0.00 0.0 0 5.9 13 20 M M 4 16 30
20 52 30 41 -2 24 0 0.00 0.0 0 8.1 18 220 M M 9 24 230
21 45 39 42 0 23 0 0.41 0.0 0 6.9 14 260 M M 9 1 19 210
22 44 24 34 -8 31 0 T 0.0 0 9.5 24 320 M M 3 1 29 300
23 42 19 31 -11 34 0 0.00 0.0 0 5.4 9 190 M M 1 11 280
24 55 28 42 1 23 0 0.00 0.0 0 10.9 21 170 M M 6 24 170
25 52 36 44 3 21 0 0.15 0.0 0 13.1 25 290 M M 10 18 32 290
26 36 28 32 -9 33 0 0.00 0.0 0 9.5 22 290 M M 9 28 310
27 47 29 38 -2 27 0 0.00 0.0 0 7.9 20 190 M M 8 23 200
28 46 29 38 -2 27 0 0.00 0.0 0 11.9 30 280 M M 3 8 37 280
29 44 22 33 -7 32 0 0.00 0.0 0 7.3 16 180 M M 5 20 180
30 54 35 45 5 20 0 0.00 0.0 0 7.8 15 270 M M 4 21 210
================================================================================
SM 1568 977 670 0 1.93 0.1 239.9 M 168
================================================================================
AV 52.3 32.6 8.0 FASTST M M 6 MAX(MPH)
MISC ----> # 30 190 # 37 190
================================================================================
NOTES:
# LAST OF SEVERAL OCCURRENCES
COLUMN 17 PEAK WIND IN M.P.H.
PRELIMINARY LOCAL CLIMATOLOGICAL DATA (WS FORM: F-6) , PAGE 2
STATION: CINCINNATI OH
MONTH: NOVEMBER
YEAR: 2021
LATITUDE: 39 2 N
LONGITUDE: 84 40 W
[TEMPERATURE DATA] [PRECIPITATION DATA] SYMBOLS USED IN COLUMN 16
AVERAGE MONTHLY: 42.4 TOTAL FOR MONTH: 1.93 1 = FOG OR MIST
DPTR FM NORMAL: -2.0 DPTR FM NORMAL: -1.30 2 = FOG REDUCING VISIBILITY
HIGHEST: 68 ON 17,10 GRTST 24HR 0.73 ON 11-11 TO 1/4 MILE OR LESS
LOWEST: 19 ON 23 3 = THUNDER
SNOW, ICE PELLETS, HAIL 4 = ICE PELLETS
TOTAL MONTH: 0.1 INCH 5 = HAIL
GRTST 24HR 0.1 ON 14-14 6 = FREEZING RAIN OR DRIZZLE
GRTST DEPTH: 0 7 = DUSTSTORM OR SANDSTORM:
VSBY 1/2 MILE OR LESS
8 = SMOKE OR HAZE
[NO. OF DAYS WITH] [WEATHER - DAYS WITH] 9 = BLOWING SNOW
X = TORNADO
MAX 32 OR BELOW: 0 0.01 INCH OR MORE: 7
MAX 90 OR ABOVE: 0 0.10 INCH OR MORE: 5
MIN 32 OR BELOW: 17 0.50 INCH OR MORE: 1
MIN 0 OR BELOW: 0 1.00 INCH OR MORE: 0
[HDD (BASE 65) ]
TOTAL THIS MO. 670 CLEAR (SCALE 0-3) 8
DPTR FM NORMAL 53 PTCLDY (SCALE 4-7) 13
TOTAL FM JUL 1 855 CLOUDY (SCALE 8-10) 9
DPTR FM NORMAL -115
[CDD (BASE 65) ]
TOTAL THIS MO. 0
DPTR FM NORMAL -1 [PRESSURE DATA]
TOTAL FM JAN 1 1355 HIGHEST SLP 30.58 ON 19
DPTR FM NORMAL 194 LOWEST SLP 29.73 ON 11
[REMARKS]
#FINAL-11-21#