000
CXUS51 KRNK 011503
CF6DAN
PRELIMINARY LOCAL CLIMATOLOGICAL DATA (WS FORM: F-6)
STATION: DANVILLE VA
MONTH: JUNE
YEAR: 2023
LATITUDE: 36 34 N
LONGITUDE: 79 20 W
TEMPERATURE IN F: :PCPN: SNOW: WIND :SUNSHINE: SKY :PK WND
================================================================================
1 2 3 4 5 6A 6B 7 8 9 10 11 12 13 14 15 16 17 18
12Z AVG MX 2MIN
DY MAX MIN AVG DEP HDD CDD WTR SNW DPTH SPD SPD DIR MIN PSBL S-S WX SPD DR
================================================================================
1 78 54 66 -4 0 1 0.00 0.0 0 4.6 15 40 M M 4 18 30
2 85 58 72 1 0 7 0.00 0.0 0 5.5 18 40 M M 0 23 40
3 88 56 72 1 0 7 0.04 0.0 0 4.1 15 30 M M 2 3 20 50
4 68 60 64 -7 1 0 0.00 0.0 0 5.1 13 50 M M 9 18 70
5 80 55 68 -3 0 3 0.00 0.0 0 2.3 8 240 M M 3 1 11 200
6 84 57 71 -1 0 6 0.00 0.0 0 3.9 12 330 M M 1 1 15 330
7 70 57 64 -8 1 0 0.04 0.0 0 6.2 17 250 M M 6 1 20 240
8 78 51 65 -7 0 0 0.00 0.0 0 4.6 12 340 M M 2 18 10
9 79 47 63 -9 2 0 0.00 0.0 0 3.1 12 10 M M 1 15 10
10 83 51 67 -6 0 2 0.00 0.0 0 4.4 16 280 M M 0 20 240
11 85 54 70 -3 0 5 0.01 0.0 0 3.9 18 240 M M 4 27 230
12 81 58 70 -3 0 5 0.35 0.0 0 5.8 18 260 M M 7 13 24 270
13 80 54 67 -7 0 2 0.00 0.0 0 5.0 17 240 M M 3 21 250
14 83 50 67 -7 0 2 0.90 0.0 0 8.4 25 240 M M 2 13 32 230
15 83 61 72 -2 0 7 0.04 0.0 0 1.4 16 40 M M 5 123 20 40
16 86 62 74 0 0 9 0.21 0.0 0 5.9 31 260 M M 1 13 38 250
17 82 55 69 -5 0 4 0.00 0.0 0 4.9 13 340 M M 0 17 340
18 84 55 70 -5 0 5 0.00 0.0 0 2.3 9 50 M M 0 12 50
19 81 63 72 -3 0 7 0.74 0.0 0 2.8 16 270 M M 8 13 21 280
20 77 65 71 -4 0 6 1.29 0.0 0 8.5 24 50 M M 10 13 32 40
21 68 61 65 -10 0 0 0.22 0.0 0 12.0 25 40 M M 10 1 38 40
22 69 61 65 -11 0 0 1.87 0.0 0 7.0 14 40 M M 10 1 18 60
23 80 64 72 -4 0 7 0.08 0.0 0 1.9 8 290 M M 8 1 12 140
24 84 66 75 -1 0 10 0.10 0.0 0 4.3 17 330 M M 5 1 21 340
25 87 64 76 0 0 11 0.00 0.0 0 3.9 13 250 M M 1 16 240
26 88 67 78 2 0 13 0.00 0.0 0 5.3 20 230 M M 2 26 230
27 84 63 74 -2 0 9 0.00 0.0 0 6.1 16 330 M M 3 21 340
28 84 61 73 -4 0 8 0.00 0.0 0 4.4 13 350 M M 1 18 17 350
29 84 62 73 -4 0 8 0.00 0.0 0 1.7 8 50 M M 1 18 10 50
30 87 65 76 -1 0 11 T 0.0 0 1.9 7 140 M M 4 18 11 130
================================================================================
SM 2430 1757 4 155 5.89 0.0 141.2 M 113
================================================================================
AV 81.0 58.6 4.7 FASTST M M 4 MAX(MPH)
MISC ----> 31 260 # 38 250
================================================================================
NOTES:
# LAST OF SEVERAL OCCURRENCES
COLUMN 17 PEAK WIND IN M.P.H.
PRELIMINARY LOCAL CLIMATOLOGICAL DATA (WS FORM: F-6) , PAGE 2
STATION: DANVILLE VA
MONTH: JUNE
YEAR: 2023
LATITUDE: 36 34 N
LONGITUDE: 79 20 W
[TEMPERATURE DATA] [PRECIPITATION DATA] SYMBOLS USED IN COLUMN 16
AVERAGE MONTHLY: 69.8 TOTAL FOR MONTH: 5.89 1 = FOG OR MIST
DPTR FM NORMAL: -4.1 DPTR FM NORMAL: 1.91 2 = FOG REDUCING VISIBILITY
HIGHEST: 88 ON 26, 3 GRTST 24HR 1.95 ON 21-22 TO 1/4 MILE OR LESS
LOWEST: 47 ON 9 3 = THUNDER
SNOW, ICE PELLETS, HAIL 4 = ICE PELLETS
TOTAL MONTH: 0.0 INCH 5 = HAIL
GRTST 24HR 0.0 6 = FREEZING RAIN OR DRIZZLE
GRTST DEPTH: 0 7 = DUSTSTORM OR SANDSTORM:
VSBY 1/2 MILE OR LESS
8 = SMOKE OR HAZE
[NO. OF DAYS WITH] [WEATHER - DAYS WITH] 9 = BLOWING SNOW
X = TORNADO
MAX 32 OR BELOW: 0 0.01 INCH OR MORE: 13
MAX 90 OR ABOVE: 0 0.10 INCH OR MORE: 8
MIN 32 OR BELOW: 0 0.50 INCH OR MORE: 4
MIN 0 OR BELOW: 0 1.00 INCH OR MORE: 2
[HDD (BASE 65) ]
TOTAL THIS MO. 4 CLEAR (SCALE 0-3) 16
DPTR FM NORMAL 0 PTCLDY (SCALE 4-7) 10
TOTAL FM JUL 1 3333 CLOUDY (SCALE 8-10) 4
DPTR FM NORMAL -470
[CDD (BASE 65) ]
TOTAL THIS MO. 155
DPTR FM NORMAL -118 [PRESSURE DATA]
TOTAL FM JAN 1 248 HIGHEST SLP 30.10 ON 1
DPTR FM NORMAL -168 LOWEST SLP 29.61 ON 16
[REMARKS]
#FINAL-06-23#