000
CXUS51 KRNK 011830
CF6DAN
PRELIMINARY LOCAL CLIMATOLOGICAL DATA (WS FORM: F-6)
STATION: DANVILLE VA
MONTH: OCTOBER
YEAR: 2021
LATITUDE: 36 34 N
LONGITUDE: 79 20 W
TEMPERATURE IN F: :PCPN: SNOW: WIND :SUNSHINE: SKY :PK WND
================================================================================
1 2 3 4 5 6A 6B 7 8 9 10 11 12 13 14 15 16 17 18
12Z AVG MX 2MIN
DY MAX MIN AVG DEP HDD CDD WTR SNW DPTH SPD SPD DIR MIN PSBL S-S WX SPD DR
================================================================================
1 79 54 67 2 0 2 0.00 0.0 0 3.2 9 50 M M 1 1 12 40
2 84 53 69 5 0 4 T 0.0 0 3.6 15 240 M M 2 1 19 240
3 85 60 73 9 0 8 T 0.0 0 5.1 14 220 M M 2 1 19 230
4 82 66 74 11 0 9 0.38 0.0 0 2.3 13 230 M M 7 13 15 220
5 83 64 74 11 0 9 0.02 0.0 0 1.3 7 170 M M 7 12 11 150
6 81 67 74 11 0 9 0.00 0.0 0 5.2 10 60 M M 6 12 16 50
7 73 66 70 8 0 5 0.01 0.0 0 6.0 14 40 M M 10 17 40
8 73 66 70 8 0 5 T 0.0 0 4.7 9 40 M M 10 11 50
9 71 63 67 6 0 2 0.04 0.0 0 8.2 14 30 M M 10 1 19 30
10 75 62 69 8 0 4 0.00 0.0 0 9.2 16 50 M M 6 21 20
11 72 59 66 5 0 1 0.00 0.0 0 5.3 15 40 M M 9 20 30
12 77 56 67 7 0 2 0.00 0.0 0 1.8 9 60 M M 6 1 12 60
13 82 54 68 8 0 3 0.00 0.0 0 1.5 8 320 M M 2 12 11 320
14 82 54 68 8 0 3 0.00 0.0 0 2.0 10 40 M M 1 12 14 10
15 86 57 72 13 0 7 0.00 0.0 0 2.1 10 250 M M 0 1 14 180
16 82 46 64 5 1 0 T 0.0 0 6.2 23 320 M M 3 1 32 330
17 67 40 54 -4 11 0 0.00 0.0 0 6.6 17 340 M M 0 24 360
18 73 40 57 -1 8 0 0.00 0.0 0 6.6 15 280 M M 0 20 280
19 75 39 57 -1 8 0 0.00 0.0 0 3.8 13 240 M M 0 17 240
20 78 42 60 3 5 0 0.00 0.0 0 3.4 12 310 M M 0 15 360
21 80 42 61 4 4 0 0.00 0.0 0 5.2 16 230 M M 1 20 220
22 74 51 63 7 2 0 0.05 0.0 0 5.1 14 340 M M 7 1 18 350
23 71 47 59 3 6 0 0.00 0.0 0 3.5 10 240 M M 4 14 260
24 78 48 63 7 2 0 0.00 0.0 0 2.6 12 220 M M 2 18 240
25 80 56 68 13 0 3 0.25 0.0 0 4.7 17 270 M M 5 13 23 270
26 68 44 56 1 9 0 0.00 0.0 0 10.7 23 320 M M 1 32 320
27 71 45 58 4 7 0 0.00 0.0 0 6.6 17 320 M M 0 21 320
28 72 44 58 4 7 0 0.18 0.0 0 3.9 10 80 M M 4 1 20 100
29 71 55 63 9 2 0 0.09 0.0 0 6.2 15 230 M M 9 1 22 230
30 61 51 56 3 9 0 0.00 0.0 0 5.1 12 230 M M 9 15 240
31 71 45 58 5 7 0 0.00 0.0 0 6.9 17 320 M M 2 1 23 320
================================================================================
SM 2357 1636 88 76 1.02 0.0 148.6 M 126
================================================================================
AV 76.0 52.8 4.8 FASTST M M 4 MAX(MPH)
MISC ----> # 23 320 # 32 330
================================================================================
NOTES:
# LAST OF SEVERAL OCCURRENCES
COLUMN 17 PEAK WIND IN M.P.H.
PRELIMINARY LOCAL CLIMATOLOGICAL DATA (WS FORM: F-6) , PAGE 2
STATION: DANVILLE VA
MONTH: OCTOBER
YEAR: 2021
LATITUDE: 36 34 N
LONGITUDE: 79 20 W
[TEMPERATURE DATA] [PRECIPITATION DATA] SYMBOLS USED IN COLUMN 16
AVERAGE MONTHLY: 64.4 TOTAL FOR MONTH: 1.02 1 = FOG OR MIST
DPTR FM NORMAL: 5.6 DPTR FM NORMAL: -2.28 2 = FOG REDUCING VISIBILITY
HIGHEST: 86 ON 15 GRTST 24HR 0.38 ON 3- 4 TO 1/4 MILE OR LESS
LOWEST: 39 ON 19 3 = THUNDER
SNOW, ICE PELLETS, HAIL 4 = ICE PELLETS
TOTAL MONTH: 0.0 INCH 5 = HAIL
GRTST 24HR 0.0 6 = FREEZING RAIN OR DRIZZLE
GRTST DEPTH: 0 7 = DUSTSTORM OR SANDSTORM:
VSBY 1/2 MILE OR LESS
8 = SMOKE OR HAZE
[NO. OF DAYS WITH] [WEATHER - DAYS WITH] 9 = BLOWING SNOW
X = TORNADO
MAX 32 OR BELOW: 0 0.01 INCH OR MORE: 8
MAX 90 OR ABOVE: 0 0.10 INCH OR MORE: 3
MIN 32 OR BELOW: 0 0.50 INCH OR MORE: 0
MIN 0 OR BELOW: 0 1.00 INCH OR MORE: 0
[HDD (BASE 65) ]
TOTAL THIS MO. 88 CLEAR (SCALE 0-3) 16
DPTR FM NORMAL -136 PTCLDY (SCALE 4-7) 9
TOTAL FM JUL 1 100 CLOUDY (SCALE 8-10) 6
DPTR FM NORMAL -154
[CDD (BASE 65) ]
TOTAL THIS MO. 76
DPTR FM NORMAL 46 [PRESSURE DATA]
TOTAL FM JAN 1 1603 HIGHEST SLP 30.29 ON 6
DPTR FM NORMAL 222 LOWEST SLP 29.42 ON 29
[REMARKS]
#FINAL-10-21#