000
CXUS51 KILN 011706
CLMDAY
CLIMATE REPORT
NATIONAL WEATHER SERVICE WILMINGTON OH
106 PM EDT FRI SEP 01 2023
...................................
...THE DAYTON OH CLIMATE SUMMARY FOR THE MONTH OF AUGUST 2023...
CLIMATE NORMAL PERIOD: 1991 TO 2020
CLIMATE RECORD PERIOD: 1869 TO 2023
WEATHER OBSERVED NORMAL DEPART LAST YEAR`S
VALUE DATE(S) VALUE FROM VALUE DATE(S)
NORMAL
................................................................
TEMPERATURE (F)
RECORD
HIGH 103 08/05/1918
LOW 40 08/03/1965
08/28/1910
08/28/1894
HIGHEST 91 08/21 83 8 93 08/03
08/29
LOWEST 52 08/29 63 -11 56 08/13
08/31
AVG. MAXIMUM 82.6 84.6 -2.0 84.5
AVG. MINIMUM 63.6 64.3 -0.7 64.9
MEAN 73.1 74.5 -1.4 74.7
DAYS MAX >= 90 3 4.2 -1.2 5
DAYS MAX <= 32 0 0.0 0.0 0
DAYS MIN <= 32 0 0.0 0.0 0
DAYS MIN <= 0 0 0.0 0.0 0
PRECIPITATION (INCHES)
TOTALS 4.47 2.96 1.51 1.59
DAILY AVG. 0.14 0.10 0.04 0.05
DAYS >= .01 7 8.1 -1.1 9
DAYS >= .10 5 5.1 -0.1 5
DAYS >= .50 4 2.0 2.0 1
DAYS >= 1.00 2 0.8 1.2 0
GREATEST
24 HR. TOTAL 1.53 08/07 TO 08/07 0.53 08/29 TO 08/30
SNOWFALL (INCHES)
TOTALS 0.0 0.0 0.0 0.0
SINCE 7/1 0.0 0.0 0.0 0.0
DAYS >= TRACE 0 0.0 0.0 0
DAYS >= 1.0 0 0.0 0.0 0
GREATEST
24 HR TOTAL 0.0 MM 0.0
DEGREE DAYS
HEATING TOTAL 3 3 0 0
SINCE 7/1 3 0 3 0
COOLING TOTAL 261 296 -35 306
SINCE 1/1 841 990 -149 1065
................................................................
WIND (MPH)
AVERAGE WIND SPEED 7.8
RESULTANT WIND SPEED/DIRECTION 2/270
HIGHEST WIND SPEED/DIRECTION 38/060 DATE 08/24
HIGHEST GUST SPEED/DIRECTION 48/060 DATE 08/24
SKY COVER
AVERAGE SKY COVER 0.50
AVERAGE RH (PERCENT) 69
WEATHER CONDITIONS. NUMBER OF DAYS WITH
THUNDERSTORM 5 MIXED PRECIP 0
HEAVY RAIN 3 RAIN 5
LIGHT RAIN 11 FREEZING RAIN 0
LT FREEZING RAIN 0 HAIL 0
HEAVY SNOW 0 SNOW 0
LIGHT SNOW 0 SLEET 0
FOG 13 FOG W/VIS <= 1/4 MILE 0
HAZE 4
- INDICATES NEGATIVE NUMBERS.
R INDICATES RECORD WAS SET OR TIED.
MM INDICATES DATA IS MISSING.
T INDICATES TRACE AMOUNT.
$$