000
CXUS54 KSHV 011300
CF6DEQ
PRELIMINARY LOCAL CLIMATOLOGICAL DATA (WS FORM: F-6)
STATION: DE QUEEN
MONTH: OCTOBER
YEAR: 2023
LATITUDE: 34 2 N
LONGITUDE: 94 24 W
TEMPERATURE IN F: :PCPN: SNOW: WIND :SUNSHINE: SKY :PK WND
================================================================================
1 2 3 4 5 6A 6B 7 8 9 10 11 12 13 14 15 16 17 18
12Z AVG MX 2MIN
DY MAX MIN AVG DEP HDD CDD WTR SNW DPTH SPD SPD DIR MIN PSBL S-S WX SPD DR
================================================================================
1 90 62 76 6 0 11 0.00 0.0 0 2.7 12 100 M M 0 1 16 110
2 88 61 75 6 0 10 0.00 0.0 0 2.4 12 160 M M 3 1 17 100
3 87 60 74 5 0 9 0.00 0.0 0 2.8 13 180 M M 1 1 19 120
4 74 66 70 2 0 5 3.32 0.0 0 4.8 13 100 M M 10 13 17 90
5 82 63 73 5 0 8 0.32 0.0 0 3.9 22 100 M M 7 12 34 80
6 83 56 70 2 0 5 0.00 0.0 0 2.3 10 10 M M 1 1 17 20
7 M M M M M M 0.00 0.0 0 3.2 12 60 M M 0 16 60
8 73 M M M M M 0.00 0.0 0 2.0 10 240 M M 0 14 250
9 81 49 65 -1 0 0 0.00 0.0 0 2.6 9 260 M M 0 1 14 230
10 83 54 69 3 0 4 0.00 0.0 0 2.5 9 190 M M 1 12 14 190
11 76 57 67 1 0 2 0.00 0.0 0 4.6 16 190 M M 1 1 26 170
12 67 M M M M M 0.00 0.0 0 7.1 14 110 M M 5 20 130
13 78 51 65 0 0 0 0.04 0.0 0 3.6 15 270 M M 6 1 20 280
14 67 48 58 -6 7 0 0.00 0.0 0 7.0 15 310 M M 3 25 330
15 M M M M M M 0.00 0.0 0 2.7 8 320 M M 1 13 310
16 68 M M M M M 0.00 0.0 0 3.8 14 320 M M 0 1 19 340
17 72 38 55 -8 10 0 0.00 0.0 0 1.1 9 220 M M 2 12 14 210
18 76 42 59 -4 6 0 0.00 0.0 0 2.7 13 180 M M 0 18 20 220
19 81 48 65 3 0 0 0.00 0.0 0 2.6 16 270 M M 1 12 21 260
20 88 45 67 5 0 2 0.00 0.0 0 1.7 12 320 M M 0 1 19 310
21 81 46 64 2 1 0 0.00 0.0 0 0.5 8 250 M M 1 1 11 280
22 78 53 66 5 0 1 0.00 0.0 0 4.0 15 80 M M 1 12 22 90
23 76 60 68 7 0 3 0.04 0.0 0 3.1 9 110 M M 3 12 13 80
24 80 60 70 10 0 5 0.00 0.0 0 5.6 15 190 M M 3 23 170
25 80 63 72 12 0 7 0.00 0.0 0 5.7 15 160 M M 6 22 160
26 74 67 71 11 0 6 0.73 0.0 0 4.4 14 160 M M 10 1 21 190
27 80 68 74 15 0 9 T 0.0 0 2.9 8 190 M M 9 1 13 190
28 73 69 71 12 0 6 0.36 0.0 0 1.9 13 240 M M 10 1 18 250
29 70 43 57 -2 8 0 0.68 0.0 0 5.5 14 250 M M 10 123 18 320
30 53 35 44 -14 21 0 0.30 0.0 0 5.7 14 40 M M 4 1 22 350
31 61 29 45 -13 20 0 0.00 0.0 0 3.3 15 320 M M 1 12 23 350
================================================================================
SM 2220 1393 73 93 5.79 0.0 108.7 M 100
================================================================================
AV 76.6 53.6 3.5 FASTST M M 3 MAX(MPH)
MISC ----> 22 100 34 80
================================================================================
NOTES:
# LAST OF SEVERAL OCCURRENCES
COLUMN 17 PEAK WIND IN M.P.H.
PRELIMINARY LOCAL CLIMATOLOGICAL DATA (WS FORM: F-6) , PAGE 2
STATION: DE QUEEN
MONTH: OCTOBER
YEAR: 2023
LATITUDE: 34 2 N
LONGITUDE: 94 24 W
[TEMPERATURE DATA] [PRECIPITATION DATA] SYMBOLS USED IN COLUMN 16
AVERAGE MONTHLY: 65.1 TOTAL FOR MONTH: 5.79 1 = FOG OR MIST
DPTR FM NORMAL: 1.4 DPTR FM NORMAL: 1.97 2 = FOG REDUCING VISIBILITY
HIGHEST: 90 ON 1 GRTST 24HR 3.64 ON 4- 5 TO 1/4 MILE OR LESS
LOWEST: 29 ON 31 3 = THUNDER
SNOW, ICE PELLETS, HAIL 4 = ICE PELLETS
TOTAL MONTH: 0.0 INCH 5 = HAIL
GRTST 24HR 0.0 6 = FREEZING RAIN OR DRIZZLE
GRTST DEPTH: 0 7 = DUSTSTORM OR SANDSTORM:
VSBY 1/2 MILE OR LESS
8 = SMOKE OR HAZE
[NO. OF DAYS WITH] [WEATHER - DAYS WITH] 9 = BLOWING SNOW
X = TORNADO
MAX 32 OR BELOW: 0 0.01 INCH OR MORE: 8
MAX 90 OR ABOVE: 1 0.10 INCH OR MORE: 6
MIN 32 OR BELOW: 1 0.50 INCH OR MORE: 3
MIN 0 OR BELOW: 0 1.00 INCH OR MORE: 1
[HDD (BASE 65) ]
TOTAL THIS MO. 73 CLEAR (SCALE 0-3) 21
DPTR FM NORMAL -52 PTCLDY (SCALE 4-7) 5
TOTAL FM JUL 1 73 CLOUDY (SCALE 8-10) 5
DPTR FM NORMAL -58
[CDD (BASE 65) ]
TOTAL THIS MO. 93
DPTR FM NORMAL 10 [PRESSURE DATA]
TOTAL FM JAN 1 2332 HIGHEST SLP 30.45 ON 31
DPTR FM NORMAL 216 LOWEST SLP 29.69 ON 11
[REMARKS]
#FINAL-10-23#