000
CXUS53 KIWX 010908
CF6DFI
PRELIMINARY LOCAL CLIMATOLOGICAL DATA (WS FORM: F-6)
STATION: DEFIANCE MEMORIAL
MONTH: SEPTEMBER
YEAR: 2020
LATITUDE: 41 20 N
LONGITUDE: 84 26 W
TEMPERATURE IN F: :PCPN: SNOW: WIND :SUNSHINE: SKY :PK WND
================================================================================
1 2 3 4 5 6A 6B 7 8 9 10 11 12 13 14 15 16 17 18
12Z AVG MX 2MIN
DY MAX MIN AVG DEP HDD CDD WTR SNW DPTH SPD SPD DIR MIN PSBL S-S WX SPD DR
================================================================================
1 85 65 75 7 0 10 T 0.0 0 5.3 14 210 M M 2 1 23 210
2 84 63 74 6 0 9 0.02 0.0 0 4.8 14 290 M M 5 1 23 230
3 88 62 75 7 0 10 0.00 0.0 0 7.7 20 320 M M 2 1 29 210
4 78 51 65 -3 0 0 0.00 0.0 0 5.2 18 310 M M 0 29 290
5 85 49 67 0 0 2 0.00 0.0 0 8.3 23 210 M M 3 37 220
6 81 49 65 -2 0 0 0.05 M 0 6.3 20 200 M M 2 8 29 200
7 79 70 75 8 0 10 0.01 0.0 0 9.0 23 220 M M 7 3 35 220
8 87 64 76 10 0 11 0.29 0.0 0 8.9 20 360 M M 7 13 29 310
9 81 60 71 5 0 6 0.00 0.0 0 6.7 12 360 M M 7 12 15 10
10 71 63 67 1 0 2 0.00 0.0 0 6.9 13 30 M M 10 18 17 40
11 73 58 66 1 0 1 0.00 0.0 0 8.4 15 50 M M 6 21 60
12 78 54 66 1 0 1 0.00 0.0 0 2.5 10 190 M M 1 14 220
13 79 58 69 4 0 4 0.35 0.0 0 6.3 21 300 M M 4 1 28 300
14 72 52 62 -2 3 0 0.00 0.0 0 4.4 10 20 M M 0 15 10
15 74 46 60 -4 5 0 0.00 0.0 0 2.5 12 170 M M 1 1 16 170
16 79 48 64 0 1 0 0.00 0.0 0 3.4 13 210 M M 0 18 200
17 73 55 64 1 1 0 0.00 0.0 0 8.4 16 30 M M 7 23 40
18 66 44 55 -8 10 0 0.00 0.0 0 9.4 20 10 M M 0 29 20
19 69 38 54 -8 11 0 0.00 0.0 0 4.4 13 100 M M 0 19 110
20 72 39 56 -6 9 0 0.00 0.0 0 5.1 15 110 M M 0 1 22 70
21 75 40 58 -3 7 0 0.00 0.0 0 2.6 10 170 M M 0 16 140
22 79 42 61 0 4 0 0.00 0.0 0 1.5 8 300 M M 0 13 230
23 81 47 64 4 1 0 0.00 0.0 0 2.9 13 310 M M 0 1 19 250
24 81 52 67 7 0 2 0.00 0.0 0 2.6 12 210 M M 0 1 18 220
25 83 49 66 6 0 1 0.00 0.0 0 3.1 16 180 M M 0 1 24 130
26 81 55 68 9 0 3 0.00 0.0 0 9.9 21 200 M M 0 31 210
27 83 62 73 14 0 8 0.00 0.0 0 8.5 17 210 M M 4 28 200
28 68 49 59 1 6 0 0.14 M M 5.2 16 300 M M 7 1 25 300
29 65 45 55 -3 10 0 0.00 0.0 0 4.7 13 230 M M 2 20 230
30 66 45 56 -2 9 0 0.01 M 0 11.2 25 220 M M 3 44 230
================================================================================
SM 2316 1574 77 80 0.87 0.0 176.1 M 80
================================================================================
AV 77.2 52.5 5.9 FASTST M M 3 MAX(MPH)
MISC ----> # 25 220 # 44 230
================================================================================
NOTES:
# LAST OF SEVERAL OCCURRENCES
COLUMN 17 PEAK WIND IN M.P.H.
PRELIMINARY LOCAL CLIMATOLOGICAL DATA (WS FORM: F-6) , PAGE 2
STATION: DEFIANCE MEMORIAL
MONTH: SEPTEMBER
YEAR: 2020
LATITUDE: 41 20 N
LONGITUDE: 84 26 W
[TEMPERATURE DATA] [PRECIPITATION DATA] SYMBOLS USED IN COLUMN 16
AVERAGE MONTHLY: 64.8 TOTAL FOR MONTH: 0.87 1 = FOG OR MIST
DPTR FM NORMAL: 1.4 DPTR FM NORMAL: -1.69 2 = FOG REDUCING VISIBILITY
HIGHEST: 88 ON 3 GRTST 24HR 0.35 ON 13-13 TO 1/4 MILE OR LESS
LOWEST: 38 ON 19 3 = THUNDER
SNOW, ICE PELLETS, HAIL 4 = ICE PELLETS
TOTAL MONTH: 0.0 INCH 5 = HAIL
GRTST 24HR 0.0 6 = FREEZING RAIN OR DRIZZLE
GRTST DEPTH: 0 7 = DUSTSTORM OR SANDSTORM:
VSBY 1/2 MILE OR LESS
8 = SMOKE OR HAZE
[NO. OF DAYS WITH] [WEATHER - DAYS WITH] 9 = BLOWING SNOW
X = TORNADO
MAX 32 OR BELOW: 0 0.01 INCH OR MORE: 7
MAX 90 OR ABOVE: 0 0.10 INCH OR MORE: 3
MIN 32 OR BELOW: 0 0.50 INCH OR MORE: 0
MIN 0 OR BELOW: 0 1.00 INCH OR MORE: 0
[HDD (BASE 65) ]
TOTAL THIS MO. 77 CLEAR (SCALE 0-3) 19
DPTR FM NORMAL -35 PTCLDY (SCALE 4-7) 10
TOTAL FM JUL 1 78 CLOUDY (SCALE 8-10) 1
DPTR FM NORMAL -45
[CDD (BASE 65) ]
TOTAL THIS MO. 80
DPTR FM NORMAL 15 [PRESSURE DATA]
TOTAL FM JAN 1 1046 HIGHEST SLP 30.50 ON 20
DPTR FM NORMAL 357 LOWEST SLP 29.58 ON 30
[REMARKS]
#FINAL-09-20#